{"id":6093,"date":"2025-01-05T22:49:21","date_gmt":"2025-01-05T21:49:21","guid":{"rendered":"https:\/\/www.feuerwehr-aigen.at\/?page_id=6093"},"modified":"2025-04-04T08:25:01","modified_gmt":"2025-04-04T07:25:01","slug":"einsaetze-2025","status":"publish","type":"page","link":"https:\/\/www.feuerwehr-aigen.at\/?page_id=6093","title":{"rendered":"Eins\u00e4tze 2025"},"content":{"rendered":"<section class=\"av_textblock_section \"  itemscope=\"itemscope\" itemtype=\"https:\/\/schema.org\/CreativeWork\" ><div class='avia_textblock  '   itemprop=\"text\" ><table style=\"width: 81.5419%; height: 82px;\">\n<tbody>\n<tr style=\"height: 24px;\">\n<td style=\"width: 20.4467%; height: 24px;\"><strong>\u00a0Alarmierung<\/strong><\/td>\n<td style=\"width: 32.4742%; height: 24px;\"><strong>\u00a0Einsatzbeschreibung 2025<\/strong><\/td>\n<td style=\"width: 12.0275%; height: 24px;\"><strong>\u00a0Mann<\/strong><\/td>\n<td style=\"width: 18.7285%; height: 24px;\"><strong>\u00a0Fahrzeuge<\/strong><\/td>\n<td style=\"width: 64.445%; height: 24px;\"><strong>\u00a0Bericht<\/strong><\/td>\n<\/tr>\n<tr>\n<td style=\"width: 20.4467%;\">04.04.2025<br \/>\n08:00 &#8211; 09:00<\/td>\n<td style=\"width: 32.4742%;\">T01 &#8211; Technischer Einsatz<br \/>\nVersickerungsversuch OT Ketten<\/td>\n<td style=\"width: 12.0275%;\">2<\/td>\n<td style=\"width: 18.7285%;\">HLF2<\/td>\n<td style=\"width: 64.445%;\"><\/td>\n<\/tr>\n<tr>\n<td style=\"width: 20.4467%;\">07.03.2025<br \/>\n08:30 &#8211; 12:30<\/td>\n<td style=\"width: 32.4742%;\">B01 &#8211; Brandsicherheitswache<br \/>\nJ\u00e4gertagung Tag 2<\/td>\n<td style=\"width: 12.0275%;\">2<\/td>\n<td style=\"width: 18.7285%;\">MTF-A<\/td>\n<td style=\"width: 64.445%;\"><\/td>\n<\/tr>\n<tr>\n<td style=\"width: 20.4467%;\">07.03.2025<br \/>\n07:15 &#8211; 09:15<\/td>\n<td style=\"width: 32.4742%;\">T01 &#8211; Parkplatzeinweisen<br \/>\nJ\u00e4gertagung Tag 2<\/td>\n<td style=\"width: 12.0275%;\">10<\/td>\n<td style=\"width: 18.7285%;\">MTF-A<\/td>\n<td style=\"width: 64.445%;\"><\/td>\n<\/tr>\n<tr>\n<td style=\"width: 20.4467%;\">06.03.2025<br \/>\n07:15 &#8211; 10:15<\/td>\n<td style=\"width: 32.4742%;\">T01 &#8211; Parkplatzeinweisen<br \/>\nJ\u00e4gertagung Tag 1<\/td>\n<td style=\"width: 12.0275%;\">9<\/td>\n<td style=\"width: 18.7285%;\">MTF-A<br \/>\nLKW-A<\/td>\n<td style=\"width: 64.445%;\"><\/td>\n<\/tr>\n<tr>\n<td style=\"width: 20.4467%;\">06.03.2025<br \/>\n09:30 &#8211; 17:30<\/td>\n<td style=\"width: 32.4742%;\">B01 &#8211; Brandsicherheitswache<br \/>\nJ\u00e4gertagung Tag 1<\/td>\n<td style=\"width: 12.0275%;\">2<\/td>\n<td style=\"width: 18.7285%;\">MTF-A<\/td>\n<td style=\"width: 64.445%;\"><\/td>\n<\/tr>\n<tr>\n<td style=\"width: 20.4467%;\">22.02.2025<br \/>\n14:01 &#8211; 16:01<\/td>\n<td style=\"width: 32.4742%;\">T01 &#8211; technische Hilfeleistung<br \/>\ngef\u00e4hrliche Baumteile \u00fcber Stra\u00dfe<\/td>\n<td style=\"width: 12.0275%;\">8<\/td>\n<td style=\"width: 18.7285%;\">HLF 2<\/td>\n<td style=\"width: 64.445%;\"><\/td>\n<\/tr>\n<tr>\n<td style=\"width: 20.4467%;\">04.01.2025<br \/>\n15:53 &#8211; 16:30<\/td>\n<td style=\"width: 32.4742%;\">T04 &#8211; Pumparbeiten<br \/>\nSallaberg\/Kulm<\/td>\n<td style=\"width: 12.0275%;\">9<\/td>\n<td style=\"width: 18.7285%;\">HLF 2<br \/>\nKLF-A<\/td>\n<td style=\"width: 64.445%;\"><\/td>\n<\/tr>\n<tr style=\"height: 10px;\">\n<td style=\"width: 20.4467%; height: 10px;\">04.01.2025<br \/>\n15:00 &#8211; 20:00<\/td>\n<td style=\"width: 32.4742%; height: 10px;\">B01 &#8211; Brandsicherheitswache<br \/>\nNeujahrskonzert PS Halle<\/td>\n<td style=\"width: 12.0275%; height: 10px;\">3<\/td>\n<td style=\"width: 18.7285%; height: 10px;\">HLF 2<\/td>\n<td style=\"width: 64.445%; height: 10px;\"><\/td>\n<\/tr>\n<\/tbody>\n<\/table>\n<\/div><\/section>\n","protected":false},"excerpt":{"rendered":"","protected":false},"author":1,"featured_media":0,"parent":6086,"menu_order":0,"comment_status":"closed","ping_status":"closed","template":"","meta":{"footnotes":""},"class_list":["post-6093","page","type-page","status-publish","hentry"],"jetpack_sharing_enabled":true,"_links":{"self":[{"href":"https:\/\/www.feuerwehr-aigen.at\/index.php?rest_route=\/wp\/v2\/pages\/6093","targetHints":{"allow":["GET"]}}],"collection":[{"href":"https:\/\/www.feuerwehr-aigen.at\/index.php?rest_route=\/wp\/v2\/pages"}],"about":[{"href":"https:\/\/www.feuerwehr-aigen.at\/index.php?rest_route=\/wp\/v2\/types\/page"}],"author":[{"embeddable":true,"href":"https:\/\/www.feuerwehr-aigen.at\/index.php?rest_route=\/wp\/v2\/users\/1"}],"replies":[{"embeddable":true,"href":"https:\/\/www.feuerwehr-aigen.at\/index.php?rest_route=%2Fwp%2Fv2%2Fcomments&post=6093"}],"version-history":[{"count":10,"href":"https:\/\/www.feuerwehr-aigen.at\/index.php?rest_route=\/wp\/v2\/pages\/6093\/revisions"}],"predecessor-version":[{"id":6237,"href":"https:\/\/www.feuerwehr-aigen.at\/index.php?rest_route=\/wp\/v2\/pages\/6093\/revisions\/6237"}],"up":[{"embeddable":true,"href":"https:\/\/www.feuerwehr-aigen.at\/index.php?rest_route=\/wp\/v2\/pages\/6086"}],"wp:attachment":[{"href":"https:\/\/www.feuerwehr-aigen.at\/index.php?rest_route=%2Fwp%2Fv2%2Fmedia&parent=6093"}],"curies":[{"name":"wp","href":"https:\/\/api.w.org\/{rel}","templated":true}]}}

Einsätze 2025

<section class="av_textblock_section "  itemscope="itemscope" itemtype="https://schema.org/CreativeWork" ><div class='avia_textblock  '   itemprop="text" ><table style="width: 81.5419%; height: 82px;">
<tbody>
<tr style="height: 24px;">
<td style="width: 20.4467%; height: 24px;"><strong> Alarmierung</strong></td>
<td style="width: 32.4742%; height: 24px;"><strong> Einsatzbeschreibung 2025</strong></td>
<td style="width: 12.0275%; height: 24px;"><strong> Mann</strong></td>
<td style="width: 18.7285%; height: 24px;"><strong> Fahrzeuge</strong></td>
<td style="width: 64.445%; height: 24px;"><strong> Bericht</strong></td>
</tr>
<tr>
<td style="width: 20.4467%;">04.04.2025<br />
08:00 &#8211; 09:00</td>
<td style="width: 32.4742%;">T01 &#8211; Technischer Einsatz<br />
Versickerungsversuch OT Ketten</td>
<td style="width: 12.0275%;">2</td>
<td style="width: 18.7285%;">HLF2</td>
<td style="width: 64.445%;"></td>
</tr>
<tr>
<td style="width: 20.4467%;">07.03.2025<br />
08:30 &#8211; 12:30</td>
<td style="width: 32.4742%;">B01 &#8211; Brandsicherheitswache<br />
Jägertagung Tag 2</td>
<td style="width: 12.0275%;">2</td>
<td style="width: 18.7285%;">MTF-A</td>
<td style="width: 64.445%;"></td>
</tr>
<tr>
<td style="width: 20.4467%;">07.03.2025<br />
07:15 &#8211; 09:15</td>
<td style="width: 32.4742%;">T01 &#8211; Parkplatzeinweisen<br />
Jägertagung Tag 2</td>
<td style="width: 12.0275%;">10</td>
<td style="width: 18.7285%;">MTF-A</td>
<td style="width: 64.445%;"></td>
</tr>
<tr>
<td style="width: 20.4467%;">06.03.2025<br />
07:15 &#8211; 10:15</td>
<td style="width: 32.4742%;">T01 &#8211; Parkplatzeinweisen<br />
Jägertagung Tag 1</td>
<td style="width: 12.0275%;">9</td>
<td style="width: 18.7285%;">MTF-A<br />
LKW-A</td>
<td style="width: 64.445%;"></td>
</tr>
<tr>
<td style="width: 20.4467%;">06.03.2025<br />
09:30 &#8211; 17:30</td>
<td style="width: 32.4742%;">B01 &#8211; Brandsicherheitswache<br />
Jägertagung Tag 1</td>
<td style="width: 12.0275%;">2</td>
<td style="width: 18.7285%;">MTF-A</td>
<td style="width: 64.445%;"></td>
</tr>
<tr>
<td style="width: 20.4467%;">22.02.2025<br />
14:01 &#8211; 16:01</td>
<td style="width: 32.4742%;">T01 &#8211; technische Hilfeleistung<br />
gefährliche Baumteile über Straße</td>
<td style="width: 12.0275%;">8</td>
<td style="width: 18.7285%;">HLF 2</td>
<td style="width: 64.445%;"></td>
</tr>
<tr>
<td style="width: 20.4467%;">04.01.2025<br />
15:53 &#8211; 16:30</td>
<td style="width: 32.4742%;">T04 &#8211; Pumparbeiten<br />
Sallaberg/Kulm</td>
<td style="width: 12.0275%;">9</td>
<td style="width: 18.7285%;">HLF 2<br />
KLF-A</td>
<td style="width: 64.445%;"></td>
</tr>
<tr style="height: 10px;">
<td style="width: 20.4467%; height: 10px;">04.01.2025<br />
15:00 &#8211; 20:00</td>
<td style="width: 32.4742%; height: 10px;">B01 &#8211; Brandsicherheitswache<br />
Neujahrskonzert PS Halle</td>
<td style="width: 12.0275%; height: 10px;">3</td>
<td style="width: 18.7285%; height: 10px;">HLF 2</td>
<td style="width: 64.445%; height: 10px;"></td>
</tr>
</tbody>
</table>
</div></section>
