{"id":600,"date":"2014-06-29T09:33:00","date_gmt":"2014-06-29T09:33:00","guid":{"rendered":"http:\/\/feuerwehr-aigen.d2solution.net\/index.php\/15082015-waldbrand-woerschachwald\/"},"modified":"2016-11-02T23:28:05","modified_gmt":"2016-11-02T23:28:05","slug":"15082015-waldbrand-woerschachwald","status":"publish","type":"page","link":"https:\/\/www.feuerwehr-aigen.at\/?page_id=600","title":{"rendered":"15.08.2015 &#8211; Waldbrand W\u00f6rschachwald"},"content":{"rendered":"<p><span style=\"color: #333333; font-family: helvetica;\"><strong><span style=\"color: #800000;\"><a href=\"http:\/\/www.feuerwehr-aigen.at\/wp-content\/uploads\/2014\/06\/Einsaetze_waldbrand woerschachwald_2015_01.jpg\"><img loading=\"lazy\" decoding=\"async\" class=\"alignleft wp-image-599 size-medium\" title=\"Waldbrand W\u00f6rschachwald\" src=\"http:\/\/www.feuerwehr-aigen.at\/wp-content\/uploads\/2014\/06\/Einsaetze_waldbrand woerschachwald_2015_01-300x169.jpg\" alt=\"Waldbrand W\u00f6rschachwald\" width=\"300\" height=\"169\" align=\"left\" border=\"0\" hspace=\"2\" vspace=\"1\" srcset=\"https:\/\/www.feuerwehr-aigen.at\/wp-content\/uploads\/2014\/06\/Einsaetze_waldbrand%20woerschachwald_2015_01-300x169.jpg 300w, https:\/\/www.feuerwehr-aigen.at\/wp-content\/uploads\/2014\/06\/Einsaetze_waldbrand%20woerschachwald_2015_01-768x432.jpg 768w, https:\/\/www.feuerwehr-aigen.at\/wp-content\/uploads\/2014\/06\/Einsaetze_waldbrand%20woerschachwald_2015_01.jpg 800w\" sizes=\"auto, (max-width: 300px) 100vw, 300px\" \/><\/a><\/span><\/strong><\/span><strong>Waldbrand Waldbrand W\u00f6rschachwald<\/strong><\/p>\n<p>15.08.2015 Waldbrandalarm um 06.00 Uhr f\u00fcr die FF Aigen\/E. am Gwendlingstein, W\u00f6rschachwald &#8211; Tauplitz.<\/p>\n<p>Die Flugdienststaffel Nord der FF Aigen\/E. wurde am 14.08 um 23:06 Uhr von der EL W\u00f6rschachwald vorab Informiert das nach einem Gewitter im Bereich Gwendlingstein ein Blitz in einen Baum eingeschlagen hat.<\/p>\n<p>Unverz\u00fcglich wurde die Alarmierung in Gang gesetzt. Da Aufgrund der Dunkelheit und Sicherheit der Mannschaft keine weiteren L\u00f6schversuche durchf\u00fchrbar waren, wurde f\u00fcr den 15.08.2015 um 07:00 Uhr mit den L\u00f6scharbeiten begonnen.<\/p>\n<p>Nach einem kurzen Erkundungsflug mit den Hubschraber AB 212 aus H\u00f6rsching wurde ein glosender Baum, auf einem unzug\u00e4nglichen steilen Grat, der zum Teil bis auf den Stock abgebrannt war, festgestellt.<br \/>\nDa es ein sehr steiles Gel\u00e4nde war, wurde mit der \u00f6rtlichen EL besprochen L\u00f6schwasserabw\u00fcrfe durch den Hubschrauber durchzuf\u00fchren.<\/p>\n<p>Nach rund 2,5 Std. konnte Brand aus gegeben werden.<\/p>\n<p>Im Einsatz waren:<br \/>\nFF &#8211; W\u00f6rschachwald (EL)<br \/>\nFF &#8211; Klachau<br \/>\nmit 22 Mann<br \/>\nFlugdienststaffel Nord\/FF Aigen\/E. &#8211; 5 Mann<br \/>\nHubschrauber Bundesheer AB 212 &#8211; 3 Mann<br \/>\nLFKDTStv. Gerhard P\u00f6tsch<br \/>\n<span style=\"color: #333333; font-family: helvetica;\"><br \/>\n<\/span><\/p>\n","protected":false},"excerpt":{"rendered":"<p>Waldbrand Waldbrand W\u00f6rschachwald 15.08.2015 Waldbrandalarm um 06.00 Uhr f\u00fcr die FF Aigen\/E. am Gwendlingstein, W\u00f6rschachwald &#8211; Tauplitz. Die Flugdienststaffel Nord der FF Aigen\/E. wurde am 14.08 um 23:06 Uhr von der EL W\u00f6rschachwald vorab Informiert das nach einem Gewitter im Bereich Gwendlingstein ein Blitz in einen Baum eingeschlagen hat. Unverz\u00fcglich wurde die Alarmierung in Gang [&hellip;]<\/p>\n","protected":false},"author":1,"featured_media":0,"parent":0,"menu_order":4,"comment_status":"closed","ping_status":"closed","template":"","meta":{"footnotes":""},"class_list":["post-600","page","type-page","status-publish","hentry"],"jetpack_sharing_enabled":true,"_links":{"self":[{"href":"https:\/\/www.feuerwehr-aigen.at\/index.php?rest_route=\/wp\/v2\/pages\/600","targetHints":{"allow":["GET"]}}],"collection":[{"href":"https:\/\/www.feuerwehr-aigen.at\/index.php?rest_route=\/wp\/v2\/pages"}],"about":[{"href":"https:\/\/www.feuerwehr-aigen.at\/index.php?rest_route=\/wp\/v2\/types\/page"}],"author":[{"embeddable":true,"href":"https:\/\/www.feuerwehr-aigen.at\/index.php?rest_route=\/wp\/v2\/users\/1"}],"replies":[{"embeddable":true,"href":"https:\/\/www.feuerwehr-aigen.at\/index.php?rest_route=%2Fwp%2Fv2%2Fcomments&post=600"}],"version-history":[{"count":3,"href":"https:\/\/www.feuerwehr-aigen.at\/index.php?rest_route=\/wp\/v2\/pages\/600\/revisions"}],"predecessor-version":[{"id":943,"href":"https:\/\/www.feuerwehr-aigen.at\/index.php?rest_route=\/wp\/v2\/pages\/600\/revisions\/943"}],"wp:attachment":[{"href":"https:\/\/www.feuerwehr-aigen.at\/index.php?rest_route=%2Fwp%2Fv2%2Fmedia&parent=600"}],"curies":[{"name":"wp","href":"https:\/\/api.w.org\/{rel}","templated":true}]}}