{"id":584,"date":"2014-02-03T16:21:25","date_gmt":"2014-02-03T16:21:25","guid":{"rendered":"http:\/\/feuerwehr-aigen.d2solution.net\/index.php\/08-februar-2015-114-wehrversammlung\/"},"modified":"2017-09-11T21:45:21","modified_gmt":"2017-09-11T20:45:21","slug":"08-februar-2015-114-wehrversammlung","status":"publish","type":"page","link":"https:\/\/www.feuerwehr-aigen.at\/?page_id=584","title":{"rendered":"08.02.2015 &#8211; 114. Wehrversammlung"},"content":{"rendered":"<p><strong>114. Wehrversammlung der Freiwilligen Feuerwehr Aigen im Ennstal<\/strong><\/p>\n<p><a title=\"114. Wehrversammlung\" href=\"galerie\/sonstige\/jhv_2015\/\" target=\"_blank\"><img loading=\"lazy\" decoding=\"async\" class=\"alignleft\" title=\"114. Wehrversammlung\" src=\"http:\/\/feuerwehr-aigen.at\/wp-content\/uploads\/2014\/02\/sonstiges_jhv_2015_02.jpg\" alt=\"114. Wehrversammlung\" width=\"200\" height=\"133\" align=\"left\" border=\"0\" hspace=\"5\" \/><\/a>Am Sonntag den 08.02.2014 hielt die FF Aigen\/E ihre diesj\u00e4hrige Wehrversammlung im GH Dornbusch ab.<\/p>\n<p>In seinen Begr\u00fc\u00dfungsworten konnte HBI Manfred Tiefenbacher den Abschnittskommandanten ABI Helmut Sam, B\u00fcrgermeister Raimund Hager und die Ehrendienstgrade auf das allerherzlichste Begr\u00fc\u00dfen.<\/p>\n<p>Nach dem Gedenken an verstorbene Kameraden erfolge die Verlesung des letzten Sitzungsprotokolls.<\/p>\n<p>Im Anschluss erfolgte der Bericht des Feuerwehrkommandanten. 2014 war ein sehr umfangreiches und erfolgreiches Jahr mit 50 Eins\u00e4tzen, 18 Brandsicherheitswachen, 10 Fehlausr\u00fcckungen und 141 sonstigen T\u00e4tigkeiten.<br \/>\nWeiteres berichtete er \u00fcber die Teilnahme an Bewerben, 12 Kursbesuchen und \u00fcber 1198 ehrenamtlich geleistete Stunden.<br \/>\nDie FF Aigen\/E hat derzeit einen Mitgliederstand von 82 Kameraden\/Innen.<\/p>\n<p>In den Berichten Der Ortsbeauftragten wurden die T\u00e4tigkeiten des\u00a0 vergangenen Jahres dargelegt.<\/p>\n<p>Es wurden 6 Atemschutz\u00fcbungen durchgef\u00fchrt sowie der Brandcontainer mit 3 Trupps besucht.<br \/>\nDie FF Aigen verf\u00fcgt derzeit \u00fcber 26 Atemschutzger\u00e4tetr\u00e4ger.<\/p>\n<p>Im Bereich Funkwesen wurde das gesamte System von analog auf digital umgestellt sowie R\u00fcsthaus und die Fahrzeuge in Eigenregie daf\u00fcr umgebaut.<br \/>\nNach 16 Jahren \u00fcbergibt OBI Dietmar Wundersamer das durch seine H\u00e4nde gepr\u00e4gte Funkwesen an OFM Alexander Th\u00f6ringer, wird ihm jedoch bei seiner Anfangst\u00e4tigkeit tatkr\u00e4ftig unterst\u00fctzen.<\/p>\n<p>Auch f\u00fcr die Jugend war es ein umfangreiches Jahr mit der Teilnahme an den Bereichs- sowie Landesjugendleistungsbewerben. Hierf\u00fcr wurden durch 9 Jugendmitglieder548 Stunden aufgebracht.<br \/>\nEin Zeltlager am Klobeiner See war der H\u00f6hepunkt des Jugendjahres.<\/p>\n<p>Der Flugdienstbeauftragte berichtete \u00fcber einen Einsatz und 5 Ausr\u00fcckungen f\u00fcr Schulungen und \u00dcbungen im vergangenen Jahr.<\/p>\n<p>Abschlie\u00dfend folgte der Bericht des \u00dcbungsleiters.<br \/>\nIm Jahr 2014 wurden 24 Gesamt\u00fcbungen mit 920 geleistete Stunden f\u00fcr die Aus- und Weiterbildung durchgef\u00fchrt.<\/p>\n<p>In den Worten des Kassiers konnten sich alle \u00fcber eine gute Gesch\u00e4ftsgebarung \u00fcberzeugen.<\/p>\n<p>Bef\u00f6rdert wurden Seggl Christian und Binder Noah zum Jungfeuerwehrmann mit einem Streifen.<br \/>\nZum OFM Tiefenbacher Alexander und Th\u00f6ringer Alexander.<br \/>\nZum HFM Th\u00f6ringer Michael und Hubner Michael.<br \/>\nZum OLM d.V. Reiter Martin und zum OBM Kerschhaggl Gerald<\/p>\n<p>7 Neuzug\u00e4nge konnte die FF Aigen\/E ebenfalls verbuchen.<\/p>\n<p>ABI Helmut Sam \u00fcberbrachte die Gru\u00dfworte des Bereichsfeuerwehrverbandes Liezen.<br \/>\nIn der Steiermark wurden im vergangen Jahr 48 000 Eins\u00e4tze durchgef\u00fchrt und 1072 Menschen in Zwangslagen gerettet.<br \/>\nEr dankte den Verantwortungstr\u00e4gern und den Einzelnen f\u00fcr die aufgebrachten Stunden sowie deren Kameradschaft.<\/p>\n<p>B\u00fcrgermeister Raimund Hager \u00fcberbrachte die Gr\u00fc\u00dfe der Gemeinde und erl\u00e4utert in seinen Worten wie wichtig eine gute Zusammenarbeit ist.<br \/>\nEr sch\u00e4tzt auch dass alle Gemeindearbeiter aktiv im Feuerwehrwesen t\u00e4tig sind und auch bei diversen Eins\u00e4tzen jederzeit bereit stehen.<br \/>\nAbschlie\u00dfend w\u00fcnscht er der Feuerwehr ein Unfallfreies Jahr mit wenigen Eins\u00e4tzen.<\/p>\n<p>In den Schlussworten des Kommandanten konnte man die gute Zusammenarbeit innerhalb der Feuerwehr sowie die sehr gute Kameradschaft heraush\u00f6ren.<\/p>\n<p>Nach zwei Stunden wurde die 114. Wehrversammlung geschlossen und nahm in einer gem\u00fctlichen Runde ihren Ausklang.<\/p>\n<p>BM Gerald Kerschhaggl, Pressebeauftragter FF Aigen\/E<\/p>\n<p><a title=\"114. Wehrversammlung\" href=\"http:\/\/www.feuerwehr-aigen.at\/?portfolio=08-02-2015-jhv\">zur Bildergalerie \u00bb<\/a><\/p>\n","protected":false},"excerpt":{"rendered":"<p>114. Wehrversammlung der Freiwilligen Feuerwehr Aigen im Ennstal Am Sonntag den 08.02.2014 hielt die FF Aigen\/E ihre diesj\u00e4hrige Wehrversammlung im GH Dornbusch ab. In seinen Begr\u00fc\u00dfungsworten konnte HBI Manfred Tiefenbacher den Abschnittskommandanten ABI Helmut Sam, B\u00fcrgermeister Raimund Hager und die Ehrendienstgrade auf das allerherzlichste Begr\u00fc\u00dfen. Nach dem Gedenken an verstorbene Kameraden erfolge die Verlesung des [&hellip;]<\/p>\n","protected":false},"author":1,"featured_media":0,"parent":0,"menu_order":7,"comment_status":"closed","ping_status":"closed","template":"","meta":{"footnotes":""},"class_list":["post-584","page","type-page","status-publish","hentry"],"jetpack_sharing_enabled":true,"_links":{"self":[{"href":"https:\/\/www.feuerwehr-aigen.at\/index.php?rest_route=\/wp\/v2\/pages\/584","targetHints":{"allow":["GET"]}}],"collection":[{"href":"https:\/\/www.feuerwehr-aigen.at\/index.php?rest_route=\/wp\/v2\/pages"}],"about":[{"href":"https:\/\/www.feuerwehr-aigen.at\/index.php?rest_route=\/wp\/v2\/types\/page"}],"author":[{"embeddable":true,"href":"https:\/\/www.feuerwehr-aigen.at\/index.php?rest_route=\/wp\/v2\/users\/1"}],"replies":[{"embeddable":true,"href":"https:\/\/www.feuerwehr-aigen.at\/index.php?rest_route=%2Fwp%2Fv2%2Fcomments&post=584"}],"version-history":[{"count":5,"href":"https:\/\/www.feuerwehr-aigen.at\/index.php?rest_route=\/wp\/v2\/pages\/584\/revisions"}],"predecessor-version":[{"id":2862,"href":"https:\/\/www.feuerwehr-aigen.at\/index.php?rest_route=\/wp\/v2\/pages\/584\/revisions\/2862"}],"wp:attachment":[{"href":"https:\/\/www.feuerwehr-aigen.at\/index.php?rest_route=%2Fwp%2Fv2%2Fmedia&parent=584"}],"curies":[{"name":"wp","href":"https:\/\/api.w.org\/{rel}","templated":true}]}}