{"id":581,"date":"2014-01-26T19:11:06","date_gmt":"2014-01-26T19:11:06","guid":{"rendered":"http:\/\/feuerwehr-aigen.d2solution.net\/index.php\/31-jaenner-2015-preiswatten\/"},"modified":"2017-09-11T21:46:06","modified_gmt":"2017-09-11T20:46:06","slug":"31-01-2015-preiswatten","status":"publish","type":"page","link":"https:\/\/www.feuerwehr-aigen.at\/?page_id=581","title":{"rendered":"31.01.2015 &#8211; Preiswatten"},"content":{"rendered":"<p><strong>4. Preiswatten der Feuerwehr Aigen im Ennstal<\/strong><\/p>\n<p><a title=\"Preiswatten 2015\" href=\"http:\/\/feuerwehr-aigen.at\/wp-content\/uploads\/2014\/01\/sonstiges_watten_2015_13.jpg\"><img loading=\"lazy\" decoding=\"async\" class=\"alignleft\" title=\"Preiswatten 2015\" src=\"http:\/\/feuerwehr-aigen.at\/wp-content\/uploads\/2014\/01\/sonstiges_watten_2015_13.jpg\" alt=\"Preiswatten 2015\" width=\"150\" height=\"99\" align=\"left\" border=\"0\" hspace=\"5\" \/><\/a>Freiwillige Feuerwehr Aigen im Ennstal k\u00fcrte den Wattsieger 2015.<\/p>\n<p>Am vergangenen Samstag k\u00fcrte die FF Aigen\/E den diesj\u00e4hrigen Wattsieger.<\/p>\n<p>Mit einem neuen Teilnehmerrekord von 26 Paarungen, wurde der Sieg im Kampf Mannschaft gegen Mannschaft entschieden.<br \/>\nP\u00fcnktlich um 13 Uhr, nach Begr\u00fc\u00dfung der Anwesenden Teilnehmer, konnte durch HBI Manfred Tiefenbacher das Spiel gestartet werden.<br \/>\nAnschlie\u00dfend erfolgte die Bekanntgabe der Spielregeln durch die Schiedsrichterin Gudrun Dicker.<\/p>\n<p>Nach umfangreichen 8 Stunden und einem fairen Spiel aller Teilnehmer, konnte der Tagessieger verk\u00fcndet werden.<br \/>\nGanz klar mit 2 Punkten Vorsprung konnte die Paarung Pichler\/Seggl den Tagessieg f\u00fcr sich entscheiden.<br \/>\nAuf Platz 2 platzierten sich die Vorjahressieger Schattner\/Kappeundl und auf Platz 3 Kerschhaggl\/Dicker.<\/p>\n<p>Im Anschluss an das Spiel konnten die wertvollen Sachpreise bei der Siegerehrung an die Teilnehmer verteilt werden.<br \/>\nEin besonderer Dank gilt den zahlreichen Spendern und G\u00f6nnern der FF Aigen\/E, die mit Ihrer wertvollen Spende dieses Spiel erm\u00f6glichen und somit jeder Teilnehmer einen Sachpreis erh\u00e4lt.<\/p>\n<p>Weiteres bedankt sich die FF Aigen bei Hauptorganisator Josef Kerschhaggl, der durch seinen Beitrag die zahlreichen Preise und auch den umfangreichen Gl\u00fcckshafen organisiert.<br \/>\nHerzlichen Dank auch an die Spielleiterin Gudrun Dicker f\u00fcr die perfekte und faire Auswertung.<\/p>\n<p>Nach der Siegerehrung und den Schlussworten durch HBI Manfred Tiefenbacher klang das Wattturnier 2015 in gem\u00fctlicher Runde aus.<\/p>\n<p>Danke den zahlreichen Teilnehmern und auf eine neue Runde im Jahr 2016.<\/p>\n<p>Bm Gerald, Kerschhaggl, Pressebeauftragter der FF Aigen\/E<br \/>\n<a title=\"Preiswatten 2015\" href=\"http:\/\/www.feuerwehr-aigen.at\/?portfolio=31-01-2015-preiswatten\">zur Bildergalerie \u00bb<\/a><\/p>\n<p>&nbsp;<\/p>\n","protected":false},"excerpt":{"rendered":"<p>4. Preiswatten der Feuerwehr Aigen im Ennstal Freiwillige Feuerwehr Aigen im Ennstal k\u00fcrte den Wattsieger 2015. Am vergangenen Samstag k\u00fcrte die FF Aigen\/E den diesj\u00e4hrigen Wattsieger. Mit einem neuen Teilnehmerrekord von 26 Paarungen, wurde der Sieg im Kampf Mannschaft gegen Mannschaft entschieden. P\u00fcnktlich um 13 Uhr, nach Begr\u00fc\u00dfung der Anwesenden Teilnehmer, konnte durch HBI Manfred [&hellip;]<\/p>\n","protected":false},"author":1,"featured_media":0,"parent":0,"menu_order":8,"comment_status":"closed","ping_status":"closed","template":"","meta":{"footnotes":""},"class_list":["post-581","page","type-page","status-publish","hentry"],"jetpack_sharing_enabled":true,"_links":{"self":[{"href":"https:\/\/www.feuerwehr-aigen.at\/index.php?rest_route=\/wp\/v2\/pages\/581","targetHints":{"allow":["GET"]}}],"collection":[{"href":"https:\/\/www.feuerwehr-aigen.at\/index.php?rest_route=\/wp\/v2\/pages"}],"about":[{"href":"https:\/\/www.feuerwehr-aigen.at\/index.php?rest_route=\/wp\/v2\/types\/page"}],"author":[{"embeddable":true,"href":"https:\/\/www.feuerwehr-aigen.at\/index.php?rest_route=\/wp\/v2\/users\/1"}],"replies":[{"embeddable":true,"href":"https:\/\/www.feuerwehr-aigen.at\/index.php?rest_route=%2Fwp%2Fv2%2Fcomments&post=581"}],"version-history":[{"count":5,"href":"https:\/\/www.feuerwehr-aigen.at\/index.php?rest_route=\/wp\/v2\/pages\/581\/revisions"}],"predecessor-version":[{"id":2863,"href":"https:\/\/www.feuerwehr-aigen.at\/index.php?rest_route=\/wp\/v2\/pages\/581\/revisions\/2863"}],"wp:attachment":[{"href":"https:\/\/www.feuerwehr-aigen.at\/index.php?rest_route=%2Fwp%2Fv2%2Fmedia&parent=581"}],"curies":[{"name":"wp","href":"https:\/\/api.w.org\/{rel}","templated":true}]}}