{"id":552,"date":"2013-11-09T19:59:25","date_gmt":"2013-11-09T19:59:25","guid":{"rendered":"http:\/\/feuerwehr-aigen.d2solution.net\/index.php\/08-november-2013-kommandantentag-bfv-liezen\/"},"modified":"2017-09-07T00:46:09","modified_gmt":"2017-09-06T23:46:09","slug":"08-november-2013-kommandantentag-bfv-liezen","status":"publish","type":"page","link":"https:\/\/www.feuerwehr-aigen.at\/?page_id=552","title":{"rendered":"08.11.2013 &#8211; Kommandantentag BFV Liezen"},"content":{"rendered":"<p><strong>Kommandantentag des Bezirksfeuerwehrverbandes Liezen!<\/strong><\/p>\n<p><a title=\"Kdt Tag 2013\" href=\"http:\/\/feuerwehr-aigen.at\/wp-content\/uploads\/2013\/11\/sonstiges_kdttag_2013_05.jpg\"><img loading=\"lazy\" decoding=\"async\" class=\"alignleft\" title=\"Kdt Tag 2013\" src=\"http:\/\/feuerwehr-aigen.at\/wp-content\/uploads\/2013\/11\/sonstiges_kdttag_2013_05.jpg\" alt=\"Kdt Tag 2013\" width=\"150\" height=\"113\" align=\"left\" border=\"0\" hspace=\"5\" \/><\/a>Ein Abend, an dem sich besonders zeigte, wie umfassend heutzutage auch das rechtliche Wissen jedes Feuerwehrkommandanten sein muss, war der diesj\u00e4hrigen Kommandantentag, einberufen vom Bereichsfeuerwehrkommando am 08. November im Gasthaus Fritz.<\/p>\n<p>Bereichskommandant LBDS Gerhard P\u00f6tsch hie\u00df knapp 200 Kommandanten und deren Stellvertreter\/innen sowie den Bereichsausschuss samt Bereichsbeauftragten ebenso willkommen, wie die Gastgeber HBI Manfred Tiefenbacher, ABI Helmut Sam und Bgm. Raimund Hager sowie Mag. Dr. Gerald Bogensberger von der BH Liezen, der als Gastreferent des Abends gewonnen werden konnte.<br \/>\nIn seinen Gru\u00dfworten bedankte sich Bgm. Hager stellvertretend f\u00fcr alle B\u00fcrgermeister und Gemeinden des Bezirkes bei den Verantwortungstr\u00e4gern der Feuerwehr.<\/p>\n<p>Nach dem Abhalten einer Gedenkminute f\u00fcr alle verstorbenen Kameraden, allen voran E-ABI Kurt Mitterb\u00e4ck, informierte der Bereichskommandant \u00fcber Aktuelles aus dem BFV Liezen und dem LFV Steiermark. Der Bogen umspannte dabei u.a. folgende Themen: Digital-BOS (Pilotbezirk Liezen), Kursbuchungen an der Landesfeuerwehrschule, Feuerwehrf\u00fchrerschein, Hubschrauberanforderung bei Tierbergungen und bevorstehende Termine. Besonders erfreut und stolz zeigte sich der stellvertretende Landesbranddirektor Gerhard P\u00f6tsch \u00fcber die gro\u00dfe Anzahl an abgelegten Leistungspr\u00fcfungen im Bezirk. Betreffende Feuerwehren w\u00fcrden bei Eins\u00e4tzen nun &#8222;arbeiten wie ein Uhrwerk&#8220;.<\/p>\n<p>Im Anschluss referierte LBDS P\u00f6tsch \u00fcber das breit gef\u00e4cherte und f\u00fcr viele komplexe Thema &#8222;F\u00f6rderantr\u00e4ge, Sammelbestellungen und F\u00f6rderantr\u00e4ge&#8220;.<\/p>\n<p>F\u00fcr das Expertenreferat des Tages konnte dankenswerterweise Mag. Dr. Bogensberger gewonnen werden. BR Heinz Hartl moderierte die \u00dcberleitung und stimmte auf das Thema ein. Dr. Bogensberger brachte den Offizieren, anhand einer anschaulich aufbereiteten Powerpoint-Pr\u00e4sentation, das derzeit in Begutachtung befindliche, neue Steirische Veranstaltungsgesetz dar<\/p>\n<p>Nach zwei allf\u00e4lligen Wortmeldungen von HBI Angelo Egger (Brandmeldealarme, FDisk) und HBI Markus Parteder (Veranstaltungsgesetz) schloss LBDS Gerhard P\u00f6tsch den diesj\u00e4hrigen Kommandantentag, nachdem er allen Kameraden f\u00fcr die gute Zusammenarbeit dankte, mit einem steirischen &#8222;Gut-Heil&#8220;.<\/p>\n<p><a title=\"Kdt Tag 2013\" href=\"http:\/\/www.feuerwehr-aigen.at\/?portfolio=08-11-2013-kdttag\">zur Bildergalerie \u00bb<\/a><\/p>\n","protected":false},"excerpt":{"rendered":"<p>Kommandantentag des Bezirksfeuerwehrverbandes Liezen! Ein Abend, an dem sich besonders zeigte, wie umfassend heutzutage auch das rechtliche Wissen jedes Feuerwehrkommandanten sein muss, war der diesj\u00e4hrigen Kommandantentag, einberufen vom Bereichsfeuerwehrkommando am 08. November im Gasthaus Fritz. Bereichskommandant LBDS Gerhard P\u00f6tsch hie\u00df knapp 200 Kommandanten und deren Stellvertreter\/innen sowie den Bereichsausschuss samt Bereichsbeauftragten ebenso willkommen, wie die [&hellip;]<\/p>\n","protected":false},"author":1,"featured_media":0,"parent":0,"menu_order":13,"comment_status":"closed","ping_status":"closed","template":"","meta":{"footnotes":""},"class_list":["post-552","page","type-page","status-publish","hentry"],"jetpack_sharing_enabled":true,"_links":{"self":[{"href":"https:\/\/www.feuerwehr-aigen.at\/index.php?rest_route=\/wp\/v2\/pages\/552","targetHints":{"allow":["GET"]}}],"collection":[{"href":"https:\/\/www.feuerwehr-aigen.at\/index.php?rest_route=\/wp\/v2\/pages"}],"about":[{"href":"https:\/\/www.feuerwehr-aigen.at\/index.php?rest_route=\/wp\/v2\/types\/page"}],"author":[{"embeddable":true,"href":"https:\/\/www.feuerwehr-aigen.at\/index.php?rest_route=\/wp\/v2\/users\/1"}],"replies":[{"embeddable":true,"href":"https:\/\/www.feuerwehr-aigen.at\/index.php?rest_route=%2Fwp%2Fv2%2Fcomments&post=552"}],"version-history":[{"count":3,"href":"https:\/\/www.feuerwehr-aigen.at\/index.php?rest_route=\/wp\/v2\/pages\/552\/revisions"}],"predecessor-version":[{"id":2805,"href":"https:\/\/www.feuerwehr-aigen.at\/index.php?rest_route=\/wp\/v2\/pages\/552\/revisions\/2805"}],"wp:attachment":[{"href":"https:\/\/www.feuerwehr-aigen.at\/index.php?rest_route=%2Fwp%2Fv2%2Fmedia&parent=552"}],"curies":[{"name":"wp","href":"https:\/\/api.w.org\/{rel}","templated":true}]}}

<p><strong>Kommandantentag des Bezirksfeuerwehrverbandes Liezen!</strong></p>
<p><a title="Kdt Tag 2013" href="http://feuerwehr-aigen.at/wp-content/uploads/2013/11/sonstiges_kdttag_2013_05.jpg"><img loading="lazy" decoding="async" class="alignleft" title="Kdt Tag 2013" src="http://feuerwehr-aigen.at/wp-content/uploads/2013/11/sonstiges_kdttag_2013_05.jpg" alt="Kdt Tag 2013" width="150" height="113" align="left" border="0" hspace="5" /></a>Ein Abend, an dem sich besonders zeigte, wie umfassend heutzutage auch das rechtliche Wissen jedes Feuerwehrkommandanten sein muss, war der diesjährigen Kommandantentag, einberufen vom Bereichsfeuerwehrkommando am 08. November im Gasthaus Fritz.</p>
<p>Bereichskommandant LBDS Gerhard Pötsch hieß knapp 200 Kommandanten und deren Stellvertreter/innen sowie den Bereichsausschuss samt Bereichsbeauftragten ebenso willkommen, wie die Gastgeber HBI Manfred Tiefenbacher, ABI Helmut Sam und Bgm. Raimund Hager sowie Mag. Dr. Gerald Bogensberger von der BH Liezen, der als Gastreferent des Abends gewonnen werden konnte.<br />
In seinen Grußworten bedankte sich Bgm. Hager stellvertretend für alle Bürgermeister und Gemeinden des Bezirkes bei den Verantwortungsträgern der Feuerwehr.</p>
<p>Nach dem Abhalten einer Gedenkminute für alle verstorbenen Kameraden, allen voran E-ABI Kurt Mitterbäck, informierte der Bereichskommandant über Aktuelles aus dem BFV Liezen und dem LFV Steiermark. Der Bogen umspannte dabei u.a. folgende Themen: Digital-BOS (Pilotbezirk Liezen), Kursbuchungen an der Landesfeuerwehrschule, Feuerwehrführerschein, Hubschrauberanforderung bei Tierbergungen und bevorstehende Termine. Besonders erfreut und stolz zeigte sich der stellvertretende Landesbranddirektor Gerhard Pötsch über die große Anzahl an abgelegten Leistungsprüfungen im Bezirk. Betreffende Feuerwehren würden bei Einsätzen nun &#8222;arbeiten wie ein Uhrwerk&#8220;.</p>
<p>Im Anschluss referierte LBDS Pötsch über das breit gefächerte und für viele komplexe Thema &#8222;Förderanträge, Sammelbestellungen und Förderanträge&#8220;.</p>
<p>Für das Expertenreferat des Tages konnte dankenswerterweise Mag. Dr. Bogensberger gewonnen werden. BR Heinz Hartl moderierte die Überleitung und stimmte auf das Thema ein. Dr. Bogensberger brachte den Offizieren, anhand einer anschaulich aufbereiteten Powerpoint-Präsentation, das derzeit in Begutachtung befindliche, neue Steirische Veranstaltungsgesetz dar</p>
<p>Nach zwei allfälligen Wortmeldungen von HBI Angelo Egger (Brandmeldealarme, FDisk) und HBI Markus Parteder (Veranstaltungsgesetz) schloss LBDS Gerhard Pötsch den diesjährigen Kommandantentag, nachdem er allen Kameraden für die gute Zusammenarbeit dankte, mit einem steirischen &#8222;Gut-Heil&#8220;.</p>
<p><a title="Kdt Tag 2013" href="http://www.feuerwehr-aigen.at/?portfolio=08-11-2013-kdttag">zur Bildergalerie »</a></p>

<p>Kommandantentag des Bezirksfeuerwehrverbandes Liezen! Ein Abend, an dem sich besonders zeigte, wie umfassend heutzutage auch das rechtliche Wissen jedes Feuerwehrkommandanten sein muss, war der diesjährigen Kommandantentag, einberufen vom Bereichsfeuerwehrkommando am 08. November im Gasthaus Fritz. Bereichskommandant LBDS Gerhard Pötsch hieß knapp 200 Kommandanten und deren Stellvertreter/innen sowie den Bereichsausschuss samt Bereichsbeauftragten ebenso willkommen, wie die [&hellip;]</p>
