{"id":546,"date":"2013-06-21T13:29:18","date_gmt":"2013-06-21T13:29:18","guid":{"rendered":"http:\/\/feuerwehr-aigen.d2solution.net\/index.php\/20-21-juni-2013-jugendtag-der-ff-aigen\/"},"modified":"2017-09-11T21:21:42","modified_gmt":"2017-09-11T20:21:42","slug":"20-21-06-2013-jugendtag-der-ff-aigen","status":"publish","type":"page","link":"https:\/\/www.feuerwehr-aigen.at\/?page_id=546","title":{"rendered":"20.-21.06.2013 &#8211; Jugendtag der FF Aigen"},"content":{"rendered":"<p><strong>Maturaprojekt mit der Freiwilligen Feuerwehr Aigen im Ennstal!<\/strong><\/p>\n<p><a title=\"Jugendtag der FF Aigen\" href=\"http:\/\/feuerwehr-aigen.at\/wp-content\/uploads\/2013\/06\/sonstiges_jugendtag_2013_05.jpg\"><img loading=\"lazy\" decoding=\"async\" class=\"alignleft\" title=\"Jugendtag der FF Aigen\" src=\"http:\/\/feuerwehr-aigen.at\/wp-content\/uploads\/2013\/06\/sonstiges_jugendtag_2013_05.jpg\" alt=\"Jugendtag der FF Aigen\" width=\"150\" height=\"100\" align=\"left\" border=\"0\" hspace=\"5\" \/><\/a>Ganz nach dem Motto Kinder bewegen, Feuerwehr erleben stellte die Projektgruppe der BHAK Liezen f\u00fcr die Matura 2014 ihr Projekt bei der Feuerwehr Aigen\/E vor.<\/p>\n<p>2 Tage haben die 3\/4 Klasse VS Aigen\/E und die 1 Klasse HS Irdning die M\u00f6glichkeit die Feuerwehr und ihre T\u00e4tigkeiten genauer unter die Lupe zu nehmen.<\/p>\n<p>HBI Manfred Tiefenbacher begr\u00fc\u00dfte die anwesenden Kinder sowie B\u00fcrgermeister Raimund Hager.<br \/>\nIn der Ansprache des B\u00fcrgermeisters ging hervor dass die Gemeinde das Projekt mit gro\u00dfer Freude unterst\u00fctze.<\/p>\n<p>Die Projektleiterin Jasmin Radlingmaier, Mitglied der FF Aigen\/E seit 2008, stellte kurz den Tagesablauf vor.<\/p>\n<p>Stationen mit Fahrzeugkunde und Entstehungsbrandbek\u00e4mpfung, die Bewerbsbahn der Feuerwehrjugend, Menschenrettung in unwegsamen Gel\u00e4nde mittels Abseilen sowie retten einer Person aus einem verrauchten Raum unter schweren Atemschutz m\u00fcssen von den Kindern bew\u00e4ltigt werden.<br \/>\nTatkr\u00e4ftige Unterst\u00fctzung erhielt Jasmin durch ihre Projektkollegen Lisa Dechler und Mathias Maier welcher ebenfalls bei der Feuerwehr Haus\/E seit 2008 Mitglied ist und dort seinen Dienst als Feuerwehrmann versieht.<\/p>\n<p>Nach der Ausgabe von T-Shirts an die Sch\u00fcler wurden die Stationen besetzt.<br \/>\nMit gro\u00dfer Freude und regem Interesse durften die Kinder mitarbeiten, neues kennen lernen sowie ihr Interesse f\u00fcr die Feuerwehr wecken.<\/p>\n<p>Nach einem Umfangreichen Vormittag gab es noch eine Jause im Schulungsraum wo bereits die geschossenen Fotos angeschaut wurden.<\/p>\n<p>Im Zuge des Projektes wird auch die Homepage der Feuerwehr Aigen\/E neu \u00fcberarbeitet um noch mehr Information und Wissen online zu stellen.<\/p>\n<p>Die Feuerwehr Aigen\/E w\u00fcnscht dem Team f\u00fcr die Matura im kommenden Jahr alles Gute und bedankt sich f\u00fcr die hervorragende Vorbereitung des Tages!<\/p>\n<p>Pressebeauftragter FF Aigen\/E BM Gerald Kerschhaggl<\/p>\n<p><a title=\"Jugendtag der FF Aigen\" href=\"http:\/\/www.feuerwehr-aigen.at\/?portfolio=21-06-2013-jugendtag\">zur Bildergalerie \u00bb<\/a><\/p>\n","protected":false},"excerpt":{"rendered":"<p>Maturaprojekt mit der Freiwilligen Feuerwehr Aigen im Ennstal! Ganz nach dem Motto Kinder bewegen, Feuerwehr erleben stellte die Projektgruppe der BHAK Liezen f\u00fcr die Matura 2014 ihr Projekt bei der Feuerwehr Aigen\/E vor. 2 Tage haben die 3\/4 Klasse VS Aigen\/E und die 1 Klasse HS Irdning die M\u00f6glichkeit die Feuerwehr und ihre T\u00e4tigkeiten genauer [&hellip;]<\/p>\n","protected":false},"author":1,"featured_media":0,"parent":0,"menu_order":16,"comment_status":"closed","ping_status":"closed","template":"","meta":{"footnotes":""},"class_list":["post-546","page","type-page","status-publish","hentry"],"jetpack_sharing_enabled":true,"_links":{"self":[{"href":"https:\/\/www.feuerwehr-aigen.at\/index.php?rest_route=\/wp\/v2\/pages\/546","targetHints":{"allow":["GET"]}}],"collection":[{"href":"https:\/\/www.feuerwehr-aigen.at\/index.php?rest_route=\/wp\/v2\/pages"}],"about":[{"href":"https:\/\/www.feuerwehr-aigen.at\/index.php?rest_route=\/wp\/v2\/types\/page"}],"author":[{"embeddable":true,"href":"https:\/\/www.feuerwehr-aigen.at\/index.php?rest_route=\/wp\/v2\/users\/1"}],"replies":[{"embeddable":true,"href":"https:\/\/www.feuerwehr-aigen.at\/index.php?rest_route=%2Fwp%2Fv2%2Fcomments&post=546"}],"version-history":[{"count":5,"href":"https:\/\/www.feuerwehr-aigen.at\/index.php?rest_route=\/wp\/v2\/pages\/546\/revisions"}],"predecessor-version":[{"id":2850,"href":"https:\/\/www.feuerwehr-aigen.at\/index.php?rest_route=\/wp\/v2\/pages\/546\/revisions\/2850"}],"wp:attachment":[{"href":"https:\/\/www.feuerwehr-aigen.at\/index.php?rest_route=%2Fwp%2Fv2%2Fmedia&parent=546"}],"curies":[{"name":"wp","href":"https:\/\/api.w.org\/{rel}","templated":true}]}}

<p><strong>Maturaprojekt mit der Freiwilligen Feuerwehr Aigen im Ennstal!</strong></p>
<p><a title="Jugendtag der FF Aigen" href="http://feuerwehr-aigen.at/wp-content/uploads/2013/06/sonstiges_jugendtag_2013_05.jpg"><img loading="lazy" decoding="async" class="alignleft" title="Jugendtag der FF Aigen" src="http://feuerwehr-aigen.at/wp-content/uploads/2013/06/sonstiges_jugendtag_2013_05.jpg" alt="Jugendtag der FF Aigen" width="150" height="100" align="left" border="0" hspace="5" /></a>Ganz nach dem Motto Kinder bewegen, Feuerwehr erleben stellte die Projektgruppe der BHAK Liezen für die Matura 2014 ihr Projekt bei der Feuerwehr Aigen/E vor.</p>
<p>2 Tage haben die 3/4 Klasse VS Aigen/E und die 1 Klasse HS Irdning die Möglichkeit die Feuerwehr und ihre Tätigkeiten genauer unter die Lupe zu nehmen.</p>
<p>HBI Manfred Tiefenbacher begrüßte die anwesenden Kinder sowie Bürgermeister Raimund Hager.<br />
In der Ansprache des Bürgermeisters ging hervor dass die Gemeinde das Projekt mit großer Freude unterstütze.</p>
<p>Die Projektleiterin Jasmin Radlingmaier, Mitglied der FF Aigen/E seit 2008, stellte kurz den Tagesablauf vor.</p>
<p>Stationen mit Fahrzeugkunde und Entstehungsbrandbekämpfung, die Bewerbsbahn der Feuerwehrjugend, Menschenrettung in unwegsamen Gelände mittels Abseilen sowie retten einer Person aus einem verrauchten Raum unter schweren Atemschutz müssen von den Kindern bewältigt werden.<br />
Tatkräftige Unterstützung erhielt Jasmin durch ihre Projektkollegen Lisa Dechler und Mathias Maier welcher ebenfalls bei der Feuerwehr Haus/E seit 2008 Mitglied ist und dort seinen Dienst als Feuerwehrmann versieht.</p>
<p>Nach der Ausgabe von T-Shirts an die Schüler wurden die Stationen besetzt.<br />
Mit großer Freude und regem Interesse durften die Kinder mitarbeiten, neues kennen lernen sowie ihr Interesse für die Feuerwehr wecken.</p>
<p>Nach einem Umfangreichen Vormittag gab es noch eine Jause im Schulungsraum wo bereits die geschossenen Fotos angeschaut wurden.</p>
<p>Im Zuge des Projektes wird auch die Homepage der Feuerwehr Aigen/E neu überarbeitet um noch mehr Information und Wissen online zu stellen.</p>
<p>Die Feuerwehr Aigen/E wünscht dem Team für die Matura im kommenden Jahr alles Gute und bedankt sich für die hervorragende Vorbereitung des Tages!</p>
<p>Pressebeauftragter FF Aigen/E BM Gerald Kerschhaggl</p>
<p><a title="Jugendtag der FF Aigen" href="http://www.feuerwehr-aigen.at/?portfolio=21-06-2013-jugendtag">zur Bildergalerie »</a></p>

<p>Maturaprojekt mit der Freiwilligen Feuerwehr Aigen im Ennstal! Ganz nach dem Motto Kinder bewegen, Feuerwehr erleben stellte die Projektgruppe der BHAK Liezen für die Matura 2014 ihr Projekt bei der Feuerwehr Aigen/E vor. 2 Tage haben die 3/4 Klasse VS Aigen/E und die 1 Klasse HS Irdning die Möglichkeit die Feuerwehr und ihre Tätigkeiten genauer [&hellip;]</p>
