{"id":539,"date":"2013-05-13T08:55:32","date_gmt":"2013-05-13T08:55:32","guid":{"rendered":"http:\/\/feuerwehr-aigen.d2solution.net\/index.php\/11-mai-2013-hochzeit-margit-und-bernd-muckenhofer\/"},"modified":"2017-09-11T21:24:09","modified_gmt":"2017-09-11T20:24:09","slug":"11-mai-2013-hochzeit-margit-und-bernd-muckenhofer","status":"publish","type":"page","link":"https:\/\/www.feuerwehr-aigen.at\/?page_id=539","title":{"rendered":"11.05.2013 &#8211; Hochzeit Margit und Bernd Muckenhofer"},"content":{"rendered":"<p><strong>Frisch verm\u00e4hltes Ehepaar.<\/strong><\/p>\n<p><a title=\"Hochzeit Muckenhofer\" href=\"http:\/\/feuerwehr-aigen.at\/wp-content\/uploads\/2013\/05\/sonstiges_hochzeit_mucki_2013_04.jpg\"><img loading=\"lazy\" decoding=\"async\" class=\"alignleft\" title=\"Hochzeit Muckenhofer\" src=\"http:\/\/feuerwehr-aigen.at\/wp-content\/uploads\/2013\/05\/sonstiges_hochzeit_mucki_2013_04.jpg\" alt=\"Hochzeit Muckenhofer\" width=\"150\" height=\"99\" align=\"left\" border=\"0\" hspace=\"5\" \/><\/a>Am Samstag den 11.05.2013 gaben sich Margit und Bernd Muckenhofer das Ja &#8211; Wort.<\/p>\n<p>Um 03:57 wurde die Braut Margit Mali bereits durch kr\u00e4ftige B\u00f6llersch\u00fcsse der FF-Aigen\/E geweckt.<br \/>\nDurch ein Fr\u00fchst\u00fcck gest\u00e4rkt, gesellten sich um 04:30 weitere Freunde sowie Leute aus dem TC \u00d6blarn zur Runde dazu.<\/p>\n<p>Margit und Bernd haben sich \u00fcber die Landjugend kennen gelernt.<br \/>\nDie Anfangs geglaubte Liebe zerbrach jedoch wieder nach einiger Zeit.<br \/>\nDennoch meinte es das Schicksal mit den beiden anders und so trafen sie sich vor mehr als 10 Jahren wieder in Aigen bei einer Veranstaltung.<br \/>\nAb diesem Zeitpunkt war man sich jedoch einig das es eine gemeinsame Zukunft geben wird.<br \/>\nSportliche Aktivit\u00e4ten und die gemeinsame Tochter Hannah sowie die Hochzeit macht jedoch das Familiengl\u00fcck perfekt.<\/p>\n<p>Am fr\u00fchen Nachmittag ging es zum Standesamt Irdning und im Anschluss wurde der Bund der Ehe in der Pfarrkirche St. Peter und Paul vor Gott geschlossen.<\/p>\n<p>Trotz des schlechten Wetters konnte das &#8222;Vermochn&#8220; beim GH Dornbusch durch Kameraden und Freunden des TC \u00d6blarn planm\u00e4\u00dfig \u00fcber die B\u00fchne gehen.<\/p>\n<p>Im Anschluss gab es eine Jause f\u00fcr die Hochzeitsgesellschaft und das Brautpaar wurde ganz traditionell gestohlen.<br \/>\nDie Braut wurde zum GH W\u00f6hrer und der Br\u00e4utigam durch die Damen des Aigenklang zum GH Gra\u00dfl gestohlen.<br \/>\nNach einigen Spielen, die vom Brautf\u00fchrer Egon vorgegeben wurden, ging es auf um die Braut zu holen um rechtzeitig beim Mahl im GH Fritz anzukommen.<\/p>\n<p>Die Abendveranstaltung wurde durch Styria 3 und weiteren Spielen aufgelockert.<br \/>\nDer Brauttanz und das Brautstrau\u00df werfen rundeten den Abend ab bis sich dann in den Morgenstunden die Hochzeitsgesellschaft wieder aufl\u00f6ste.<\/p>\n<p>Die FF Aigen\/E w\u00fcnscht dem jungen Hochzeitspaar alles Gute f\u00fcr die Zukunft und eine gl\u00fcckliche Zeit.<\/p>\n<p><a title=\"Hochzeit Muckenhofer\" href=\"http:\/\/www.feuerwehr-aigen.at\/?portfolio=11-05-2013-hochzeit-muckenhofer\">zur Bildergalerie \u00bb<\/a><\/p>\n","protected":false},"excerpt":{"rendered":"<p>Frisch verm\u00e4hltes Ehepaar. Am Samstag den 11.05.2013 gaben sich Margit und Bernd Muckenhofer das Ja &#8211; Wort. Um 03:57 wurde die Braut Margit Mali bereits durch kr\u00e4ftige B\u00f6llersch\u00fcsse der FF-Aigen\/E geweckt. Durch ein Fr\u00fchst\u00fcck gest\u00e4rkt, gesellten sich um 04:30 weitere Freunde sowie Leute aus dem TC \u00d6blarn zur Runde dazu. Margit und Bernd haben sich [&hellip;]<\/p>\n","protected":false},"author":1,"featured_media":0,"parent":0,"menu_order":18,"comment_status":"closed","ping_status":"closed","template":"","meta":{"footnotes":""},"class_list":["post-539","page","type-page","status-publish","hentry"],"jetpack_sharing_enabled":true,"_links":{"self":[{"href":"https:\/\/www.feuerwehr-aigen.at\/index.php?rest_route=\/wp\/v2\/pages\/539","targetHints":{"allow":["GET"]}}],"collection":[{"href":"https:\/\/www.feuerwehr-aigen.at\/index.php?rest_route=\/wp\/v2\/pages"}],"about":[{"href":"https:\/\/www.feuerwehr-aigen.at\/index.php?rest_route=\/wp\/v2\/types\/page"}],"author":[{"embeddable":true,"href":"https:\/\/www.feuerwehr-aigen.at\/index.php?rest_route=\/wp\/v2\/users\/1"}],"replies":[{"embeddable":true,"href":"https:\/\/www.feuerwehr-aigen.at\/index.php?rest_route=%2Fwp%2Fv2%2Fcomments&post=539"}],"version-history":[{"count":4,"href":"https:\/\/www.feuerwehr-aigen.at\/index.php?rest_route=\/wp\/v2\/pages\/539\/revisions"}],"predecessor-version":[{"id":2852,"href":"https:\/\/www.feuerwehr-aigen.at\/index.php?rest_route=\/wp\/v2\/pages\/539\/revisions\/2852"}],"wp:attachment":[{"href":"https:\/\/www.feuerwehr-aigen.at\/index.php?rest_route=%2Fwp%2Fv2%2Fmedia&parent=539"}],"curies":[{"name":"wp","href":"https:\/\/api.w.org\/{rel}","templated":true}]}}

<p><strong>Frisch vermähltes Ehepaar.</strong></p>
<p><a title="Hochzeit Muckenhofer" href="http://feuerwehr-aigen.at/wp-content/uploads/2013/05/sonstiges_hochzeit_mucki_2013_04.jpg"><img loading="lazy" decoding="async" class="alignleft" title="Hochzeit Muckenhofer" src="http://feuerwehr-aigen.at/wp-content/uploads/2013/05/sonstiges_hochzeit_mucki_2013_04.jpg" alt="Hochzeit Muckenhofer" width="150" height="99" align="left" border="0" hspace="5" /></a>Am Samstag den 11.05.2013 gaben sich Margit und Bernd Muckenhofer das Ja &#8211; Wort.</p>
<p>Um 03:57 wurde die Braut Margit Mali bereits durch kräftige Böllerschüsse der FF-Aigen/E geweckt.<br />
Durch ein Frühstück gestärkt, gesellten sich um 04:30 weitere Freunde sowie Leute aus dem TC Öblarn zur Runde dazu.</p>
<p>Margit und Bernd haben sich über die Landjugend kennen gelernt.<br />
Die Anfangs geglaubte Liebe zerbrach jedoch wieder nach einiger Zeit.<br />
Dennoch meinte es das Schicksal mit den beiden anders und so trafen sie sich vor mehr als 10 Jahren wieder in Aigen bei einer Veranstaltung.<br />
Ab diesem Zeitpunkt war man sich jedoch einig das es eine gemeinsame Zukunft geben wird.<br />
Sportliche Aktivitäten und die gemeinsame Tochter Hannah sowie die Hochzeit macht jedoch das Familienglück perfekt.</p>
<p>Am frühen Nachmittag ging es zum Standesamt Irdning und im Anschluss wurde der Bund der Ehe in der Pfarrkirche St. Peter und Paul vor Gott geschlossen.</p>
<p>Trotz des schlechten Wetters konnte das &#8222;Vermochn&#8220; beim GH Dornbusch durch Kameraden und Freunden des TC Öblarn planmäßig über die Bühne gehen.</p>
<p>Im Anschluss gab es eine Jause für die Hochzeitsgesellschaft und das Brautpaar wurde ganz traditionell gestohlen.<br />
Die Braut wurde zum GH Wöhrer und der Bräutigam durch die Damen des Aigenklang zum GH Graßl gestohlen.<br />
Nach einigen Spielen, die vom Brautführer Egon vorgegeben wurden, ging es auf um die Braut zu holen um rechtzeitig beim Mahl im GH Fritz anzukommen.</p>
<p>Die Abendveranstaltung wurde durch Styria 3 und weiteren Spielen aufgelockert.<br />
Der Brauttanz und das Brautstrauß werfen rundeten den Abend ab bis sich dann in den Morgenstunden die Hochzeitsgesellschaft wieder auflöste.</p>
<p>Die FF Aigen/E wünscht dem jungen Hochzeitspaar alles Gute für die Zukunft und eine glückliche Zeit.</p>
<p><a title="Hochzeit Muckenhofer" href="http://www.feuerwehr-aigen.at/?portfolio=11-05-2013-hochzeit-muckenhofer">zur Bildergalerie »</a></p>

<p>Frisch vermähltes Ehepaar. Am Samstag den 11.05.2013 gaben sich Margit und Bernd Muckenhofer das Ja &#8211; Wort. Um 03:57 wurde die Braut Margit Mali bereits durch kräftige Böllerschüsse der FF-Aigen/E geweckt. Durch ein Frühstück gestärkt, gesellten sich um 04:30 weitere Freunde sowie Leute aus dem TC Öblarn zur Runde dazu. Margit und Bernd haben sich [&hellip;]</p>
