{"id":513,"date":"2012-08-27T08:10:05","date_gmt":"2012-08-27T08:10:05","guid":{"rendered":"http:\/\/feuerwehr-aigen.d2solution.net\/index.php\/25-august-2012-maibaumumschneiden-ff-aigen\/"},"modified":"2016-11-09T00:26:56","modified_gmt":"2016-11-09T00:26:56","slug":"25-august-2012-maibaumumschneiden-ff-aigen","status":"publish","type":"page","link":"https:\/\/www.feuerwehr-aigen.at\/?page_id=513","title":{"rendered":"25.08.2012 &#8211; Maibaumumschneiden FF Aigen"},"content":{"rendered":"<p><strong>Boccia &#8211; Turnier der FF Aigen<\/strong><\/p>\n<p>Am 25. August fand das diesj\u00e4hrige Maibaumumschneiden und das 3 Boccia &#8211; Turnier beim R\u00fcsthaus in Aigen statt.<\/p>\n<p>Da sich schon im Vorfeld zahlreiche Mannschaften anmeldeten, war auch mit reger Beteiligung zu rechnen.<br \/>\nSo trafen p\u00fcnktlich um 11 Uhr zum Start des Turniers 24 Mannschaften ein.<\/p>\n<p>Diesmal machte auch das Wetter keinen Strich durch die Rechnung und so blieb es auch den ganzen Tag \u00fcber trocken, das dem Verlauf des Spieles viel Spa\u00df und Ehrgeiz um den Sieg einbrachte.<\/p>\n<p>P\u00fcnktlich um 19 Uhr stand dann der Sieger 2012 fest.<br \/>\nDie Landjugend gewann im Entscheidungsspiel vor der &#8222;Obergrabner Partie&#8220; und dem Team des Gasthauses Gra\u00dfl.<\/p>\n<p>Es war ein hauchd\u00fcnner Vorsprung der letztendlich die Entscheidung brachte.<\/p>\n<p>F\u00fcr das Maibaumumschneiden hatten wir uns was Besonderes ausgedacht.<\/p>\n<p>Da ja die Freundin eines Feuerwehrkameraden genau am 25. August ihren 40zigsten Geburtstag hatte, musste sie mithilfe eines Fachmannes den Maibaum umschneiden.<br \/>\nAuch das gelang ihr sehr gut und so fiel der Maibaum auch in die gew\u00fcnschte Richtung.<\/p>\n<p>Nach der Siegerehrung des Boccia &#8211; Turniers sorgte die Donnersbacher \u00c5lmaroas f\u00fcr sehr gute Stimmung.<\/p>\n<p>Zur sp\u00e4ten Stunde gab es noch einen \u00dcberraschungsbesuch von Nicole und G\u00fcnther aus Liezen welche an diesem Tag geheiratet haben und ganz spontan unserem Fest einen Besuch abstatteten.<br \/>\nDie Feuerwehrkameraden aus Liezen machten dem Brautpaar ein ganz besonderes Hochzeitsgeschenk und ersteigerten f\u00fcr sie den Maibaum.<\/p>\n<p>So ging wieder einmal ein Maibaumumschneiden der FF-Aigen\/E der besonderen Art \u00fcber die B\u00fchne und so freuen wir uns schon auf das n\u00e4chste Maibaumfest mit dem 4. Boccia &#8211; Turnier 2013.<span style=\"color: #333333; font-family: helvetica;\"><br \/>\n<\/span><\/p>\n","protected":false},"excerpt":{"rendered":"<p>Boccia &#8211; Turnier der FF Aigen Am 25. August fand das diesj\u00e4hrige Maibaumumschneiden und das 3 Boccia &#8211; Turnier beim R\u00fcsthaus in Aigen statt. Da sich schon im Vorfeld zahlreiche Mannschaften anmeldeten, war auch mit reger Beteiligung zu rechnen. So trafen p\u00fcnktlich um 11 Uhr zum Start des Turniers 24 Mannschaften ein. Diesmal machte auch [&hellip;]<\/p>\n","protected":false},"author":1,"featured_media":0,"parent":0,"menu_order":23,"comment_status":"closed","ping_status":"closed","template":"","meta":{"footnotes":""},"class_list":["post-513","page","type-page","status-publish","hentry"],"jetpack_sharing_enabled":true,"_links":{"self":[{"href":"https:\/\/www.feuerwehr-aigen.at\/index.php?rest_route=\/wp\/v2\/pages\/513","targetHints":{"allow":["GET"]}}],"collection":[{"href":"https:\/\/www.feuerwehr-aigen.at\/index.php?rest_route=\/wp\/v2\/pages"}],"about":[{"href":"https:\/\/www.feuerwehr-aigen.at\/index.php?rest_route=\/wp\/v2\/types\/page"}],"author":[{"embeddable":true,"href":"https:\/\/www.feuerwehr-aigen.at\/index.php?rest_route=\/wp\/v2\/users\/1"}],"replies":[{"embeddable":true,"href":"https:\/\/www.feuerwehr-aigen.at\/index.php?rest_route=%2Fwp%2Fv2%2Fcomments&post=513"}],"version-history":[{"count":2,"href":"https:\/\/www.feuerwehr-aigen.at\/index.php?rest_route=\/wp\/v2\/pages\/513\/revisions"}],"predecessor-version":[{"id":1779,"href":"https:\/\/www.feuerwehr-aigen.at\/index.php?rest_route=\/wp\/v2\/pages\/513\/revisions\/1779"}],"wp:attachment":[{"href":"https:\/\/www.feuerwehr-aigen.at\/index.php?rest_route=%2Fwp%2Fv2%2Fmedia&parent=513"}],"curies":[{"name":"wp","href":"https:\/\/api.w.org\/{rel}","templated":true}]}}