{"id":4776,"date":"2022-01-19T22:40:35","date_gmt":"2022-01-19T21:40:35","guid":{"rendered":"https:\/\/www.feuerwehr-aigen.at\/?page_id=4776"},"modified":"2022-11-13T09:37:17","modified_gmt":"2022-11-13T08:37:17","slug":"uebungen-2022","status":"publish","type":"page","link":"https:\/\/www.feuerwehr-aigen.at\/?page_id=4776","title":{"rendered":"\u00dcbungen 2022"},"content":{"rendered":"<section class=\"av_textblock_section \"  itemscope=\"itemscope\" itemtype=\"https:\/\/schema.org\/CreativeWork\" ><div class='avia_textblock  '   itemprop=\"text\" ><table style=\"width: 90.527%; height: 527px;\">\n<tbody>\n<tr style=\"height: 10px;\">\n<td style=\"width: 22.898%; height: 10px;\"><strong> <b>Datum\/Uhrzeit<\/b><\/strong><\/td>\n<td style=\"width: 30.5903%; height: 10px;\"><strong>\u00a0\u00dcbungsbeschreibung 2022<\/strong><\/td>\n<td style=\"width: 12.1646%; height: 10px;\"><strong>\u00a0Mann<\/strong><\/td>\n<td style=\"width: 29.1592%; height: 10px;\"><strong>\u00a0Fahrzeuge<\/strong><\/td>\n<td style=\"width: 2.68333%; height: 10px;\"><strong>\u00a0Bericht<\/strong><\/td>\n<\/tr>\n<tr>\n<td style=\"width: 22.898%;\">12.11.2022<br \/>\n13:30 &#8211; 19:00<\/td>\n<td style=\"width: 30.5903%;\">Abschnittsf\u00fchrungsstab be\u00fcbt<br \/>\nFF Stainach<\/td>\n<td style=\"width: 12.1646%;\">3<\/td>\n<td style=\"width: 29.1592%;\">KLF-A<\/td>\n<td style=\"width: 2.68333%;\"><\/td>\n<\/tr>\n<tr>\n<td style=\"width: 22.898%;\">05.11.2022<br \/>\n09:00 &#8211; 12:00<\/td>\n<td style=\"width: 30.5903%;\">Abschnittsatemschutz\u00fcbung<br \/>\nAltirdning<\/td>\n<td style=\"width: 12.1646%;\">4<\/td>\n<td style=\"width: 29.1592%;\">TLF-A<\/td>\n<td style=\"width: 2.68333%;\"><\/td>\n<\/tr>\n<tr>\n<td style=\"width: 22.898%;\">26.10.2022<br \/>\n08:30 &#8211; 17:00<\/td>\n<td style=\"width: 30.5903%;\">Heizraumbrand mit 3 vermi\u00dften Personen<br \/>\nMenschenrettung vom 2.OG<\/td>\n<td style=\"width: 12.1646%;\">26<\/td>\n<td style=\"width: 29.1592%;\">TLF-A,KLF-A<br \/>\nMTF-A<\/td>\n<td style=\"width: 2.68333%;\"><\/td>\n<\/tr>\n<tr>\n<td style=\"width: 22.898%;\">25.10.2022<br \/>\n17:00 &#8211; 23:30<\/td>\n<td style=\"width: 30.5903%;\">Heissausbildung in O\u00d6 &#8211; Sattledt<br \/>\nFa. Dr\u00e4ger<\/td>\n<td style=\"width: 12.1646%;\">5<\/td>\n<td style=\"width: 29.1592%;\">MTF-A<\/td>\n<td style=\"width: 2.68333%;\"><\/td>\n<\/tr>\n<tr>\n<td style=\"width: 22.898%;\">23.10.2022<br \/>\n07:30 &#8211; 12:30<\/td>\n<td style=\"width: 30.5903%;\">j\u00e4hrliche \u00d6FAST \u00dcberpr\u00fcfung\u00a0 absolviert<\/td>\n<td style=\"width: 12.1646%;\">26<\/td>\n<td style=\"width: 29.1592%;\"><\/td>\n<td style=\"width: 2.68333%;\"><\/td>\n<\/tr>\n<tr>\n<td style=\"width: 22.898%;\">12.10.2022<br \/>\n18:15 &#8211; 21:00<\/td>\n<td style=\"width: 30.5903%;\">L\u00f6schwasserbez\u00fcge kontrolliert<\/td>\n<td style=\"width: 12.1646%;\">16<\/td>\n<td style=\"width: 29.1592%;\">TLF-A,KLF-A<br \/>\nMTF-A<\/td>\n<td style=\"width: 2.68333%;\"><\/td>\n<\/tr>\n<tr>\n<td style=\"width: 22.898%;\">09.10.2022<br \/>\n07:30 &#8211; 17:00<\/td>\n<td style=\"width: 30.5903%;\">Funkgrundkurs Stainach<\/td>\n<td style=\"width: 12.1646%;\">3<\/td>\n<td style=\"width: 29.1592%;\">MTF-A<\/td>\n<td style=\"width: 2.68333%;\"><\/td>\n<\/tr>\n<tr>\n<td style=\"width: 22.898%;\">03.09.2022<br \/>\n18:00 &#8211; 21:45<\/td>\n<td style=\"width: 30.5903%;\">Vorbereitung GAB 2 Abnahme<br \/>\nP\u00fcrgg<\/td>\n<td style=\"width: 12.1646%;\">3<\/td>\n<td style=\"width: 29.1592%;\">MTF-A<\/td>\n<td style=\"width: 2.68333%;\"><\/td>\n<\/tr>\n<tr>\n<td style=\"width: 22.898%;\">25.08.2022<br \/>\n18:00 &#8211; 21:00<\/td>\n<td style=\"width: 30.5903%;\">Vorbereitung GAB 2 Abnahme<br \/>\nDonnersbachwald<\/td>\n<td style=\"width: 12.1646%;\">4<\/td>\n<td style=\"width: 29.1592%;\">MTF-A<\/td>\n<td style=\"width: 2.68333%;\"><\/td>\n<\/tr>\n<tr>\n<td style=\"width: 22.898%;\">10.09.2022<br \/>\n17:00 &#8211; 22:00<\/td>\n<td style=\"width: 30.5903%;\">Abschnitts\u00fcbung Klosterkirche Irdning<\/td>\n<td style=\"width: 12.1646%;\">10<\/td>\n<td style=\"width: 29.1592%;\">KLF-A<br \/>\nMTF-A<\/td>\n<td style=\"width: 2.68333%;\"><\/td>\n<\/tr>\n<tr>\n<td style=\"width: 22.898%;\">07.09.2022<br \/>\n18:15 &#8211; 21:00<\/td>\n<td style=\"width: 30.5903%;\">Herbst\u00fcbung<br \/>\nGer\u00e4tschaften,Wasserf\u00f6rderung<\/td>\n<td style=\"width: 12.1646%;\">17<\/td>\n<td style=\"width: 29.1592%;\">TLF-A,KLF-A<br \/>\nMTF-A<\/td>\n<td style=\"width: 2.68333%;\"><\/td>\n<\/tr>\n<tr>\n<td style=\"width: 22.898%;\">02.09.2022<br \/>\n19:00 &#8211; 22:00<\/td>\n<td style=\"width: 30.5903%;\">Abschnittsfunk\u00fcbung Lantschern<\/td>\n<td style=\"width: 12.1646%;\">5<\/td>\n<td style=\"width: 29.1592%;\">MTF-A<\/td>\n<td style=\"width: 2.68333%;\"><\/td>\n<\/tr>\n<tr>\n<td style=\"width: 22.898%;\">19.08.2022<br \/>\n18:00 &#8211; 21:15<\/td>\n<td style=\"width: 30.5903%;\">Vorbereitung GAB 2 Abnahme<br \/>\nDonnersbach<\/td>\n<td style=\"width: 12.1646%;\">3<\/td>\n<td style=\"width: 29.1592%;\">MTF-A<\/td>\n<td style=\"width: 2.68333%;\"><\/td>\n<\/tr>\n<tr>\n<td style=\"width: 22.898%;\">11.08.2022<br \/>\n17:45 &#8211; 21:15<\/td>\n<td style=\"width: 30.5903%;\">Vorbereitung GAB 2 Abnahme<br \/>\nUnterburg<\/td>\n<td style=\"width: 12.1646%;\">2<\/td>\n<td style=\"width: 29.1592%;\">MTF-A<\/td>\n<td style=\"width: 2.68333%;\"><\/td>\n<\/tr>\n<tr>\n<td style=\"width: 22.898%;\">05.07.2022<br \/>\n17:00 &#8211; 19:00<\/td>\n<td style=\"width: 30.5903%;\">Vorbereitung FJLB<\/td>\n<td style=\"width: 12.1646%;\">6<\/td>\n<td style=\"width: 29.1592%;\">MTF-A<\/td>\n<td style=\"width: 2.68333%;\"><\/td>\n<\/tr>\n<tr>\n<td style=\"width: 22.898%;\">02.07.2022<br \/>\n08:30 &#8211; 13:30<\/td>\n<td style=\"width: 30.5903%;\">FJLB in Weissenbach\/Haus<\/td>\n<td style=\"width: 12.1646%;\">6<\/td>\n<td style=\"width: 29.1592%;\">MTF-A<\/td>\n<td style=\"width: 2.68333%;\"><\/td>\n<\/tr>\n<tr>\n<td style=\"width: 22.898%;\">01.07.2022<br \/>\n18:00 &#8211; 20:00<\/td>\n<td style=\"width: 30.5903%;\">Vorbereitung FJLB<\/td>\n<td style=\"width: 12.1646%;\">5<\/td>\n<td style=\"width: 29.1592%;\">MTF-A<\/td>\n<td style=\"width: 2.68333%;\"><\/td>\n<\/tr>\n<tr>\n<td style=\"width: 22.898%;\">25.06.2022<br \/>\n09:00 &#8211; 10:15<\/td>\n<td style=\"width: 30.5903%;\">Vorbereitung FJLB<\/td>\n<td style=\"width: 12.1646%;\">4<\/td>\n<td style=\"width: 29.1592%;\">MTF-A<\/td>\n<td style=\"width: 2.68333%;\"><\/td>\n<\/tr>\n<tr>\n<td style=\"width: 22.898%;\">24.06.2022<br \/>\n17:00 &#8211; 19:00<\/td>\n<td style=\"width: 30.5903%;\">Vorbereitung FJLB<\/td>\n<td style=\"width: 12.1646%;\">2<\/td>\n<td style=\"width: 29.1592%;\"><\/td>\n<td style=\"width: 2.68333%;\"><\/td>\n<\/tr>\n<tr>\n<td style=\"width: 22.898%;\">23.06.2022<br \/>\n17:30 &#8211; 19:45<\/td>\n<td style=\"width: 30.5903%;\">Vorbereitung FJLB<\/td>\n<td style=\"width: 12.1646%;\">4<\/td>\n<td style=\"width: 29.1592%;\">MTF-A<\/td>\n<td style=\"width: 2.68333%;\"><\/td>\n<\/tr>\n<tr>\n<td style=\"width: 22.898%;\">27.05.2022<br \/>\n06:15 &#8211; 20:00<\/td>\n<td style=\"width: 30.5903%;\">Flugdienst\u00fcbung<br \/>\nRamsau am Dachstein<\/td>\n<td style=\"width: 12.1646%;\">14<\/td>\n<td style=\"width: 29.1592%;\">MTF-A,LKW-A<\/td>\n<td style=\"width: 2.68333%;\"><\/td>\n<\/tr>\n<tr>\n<td style=\"width: 22.898%;\">20.05.2022<br \/>\n18:30 &#8211; 22:00<\/td>\n<td style=\"width: 30.5903%;\">Abschnittsfunk\u00fcbung<br \/>\nStainach<\/td>\n<td style=\"width: 12.1646%;\">5<\/td>\n<td style=\"width: 29.1592%;\">MTF-A<\/td>\n<td style=\"width: 2.68333%;\"><\/td>\n<\/tr>\n<tr>\n<td style=\"width: 22.898%;\">19.05.2022<br \/>\n09:30 &#8211; 12:00<\/td>\n<td style=\"width: 30.5903%;\">Flugdienst\u00fcbung Begehung<br \/>\nRamsau am Dachstein<\/td>\n<td style=\"width: 12.1646%;\">2<\/td>\n<td style=\"width: 29.1592%;\"><\/td>\n<td style=\"width: 2.68333%;\"><\/td>\n<\/tr>\n<tr style=\"height: 39px;\">\n<td style=\"width: 22.898%; height: 39px;\">14.05.2022<br \/>\n06:00 &#8211; 18:00<\/td>\n<td style=\"width: 30.5903%; height: 39px;\">Flugdienst\u00fcbung<br \/>\nFlugplatz Hinterstoisser &#8211; Zeltweg<\/td>\n<td style=\"width: 12.1646%; height: 39px;\">3<\/td>\n<td style=\"width: 29.1592%; height: 39px;\">LKW-A<\/td>\n<td style=\"width: 2.68333%; height: 39px;\"><\/td>\n<\/tr>\n<tr style=\"height: 39px;\">\n<td style=\"width: 22.898%; height: 39px;\">11.05.2022<br \/>\n18:00 &#8211; 23:00<\/td>\n<td style=\"width: 30.5903%; height: 39px;\">Gemeinschafts\u00fcbung mit FF D\u00f6llach<br \/>\nBaggerbrand,MRAS &#8211; Steinbruch Fischern<\/td>\n<td style=\"width: 12.1646%; height: 39px;\">12<\/td>\n<td style=\"width: 29.1592%; height: 39px;\">TLF,KLF,MTF-A Aigen<br \/>\nHLF,MZF,MTF-D\u00f6llach<\/td>\n<td style=\"width: 2.68333%; height: 39px;\"><\/td>\n<\/tr>\n<tr>\n<td style=\"width: 22.898%;\">30.04.2022<br \/>\n05:30 &#8211; 19:00<\/td>\n<td style=\"width: 30.5903%;\">Flughelfernachschulung<br \/>\nLFZS Lebring<\/td>\n<td style=\"width: 12.1646%;\">5<\/td>\n<td style=\"width: 29.1592%;\">MTF &#8211; A<\/td>\n<td style=\"width: 2.68333%;\"><\/td>\n<\/tr>\n<tr style=\"height: 39px;\">\n<td style=\"width: 22.898%; height: 39px;\">30.04.2022<br \/>\n16:00 &#8211; 18:00<\/td>\n<td style=\"width: 30.5903%; height: 39px;\">AKL Test<br \/>\nDr.Rampler Liezen<\/td>\n<td style=\"width: 12.1646%; height: 39px;\">2<\/td>\n<td style=\"width: 29.1592%; height: 39px;\"><\/td>\n<td style=\"width: 2.68333%; height: 39px;\"><\/td>\n<\/tr>\n<tr style=\"height: 39px;\">\n<td style=\"width: 22.898%; height: 39px;\">26.04.2022<br \/>\n16:00 &#8211; 18:00<\/td>\n<td style=\"width: 30.5903%; height: 39px;\">AKL Test<br \/>\nDr.Rampler Liezen<\/td>\n<td style=\"width: 12.1646%; height: 39px;\">2<\/td>\n<td style=\"width: 29.1592%; height: 39px;\"><\/td>\n<td style=\"width: 2.68333%; height: 39px;\"><\/td>\n<\/tr>\n<tr style=\"height: 39px;\">\n<td style=\"width: 22.898%; height: 39px;\">25.04.2022<br \/>\n16:00 &#8211; 18:00<\/td>\n<td style=\"width: 30.5903%; height: 39px;\">AKL Test<br \/>\nDr.Rampler Liezen<\/td>\n<td style=\"width: 12.1646%; height: 39px;\">2<\/td>\n<td style=\"width: 29.1592%; height: 39px;\"><\/td>\n<td style=\"width: 2.68333%; height: 39px;\"><\/td>\n<\/tr>\n<tr style=\"height: 39px;\">\n<td style=\"width: 22.898%; height: 39px;\">21.04.2022<br \/>\n16:00 &#8211; 18:00<\/td>\n<td style=\"width: 30.5903%; height: 39px;\">AKL Test<br \/>\nDr.Rampler Liezen<\/td>\n<td style=\"width: 12.1646%; height: 39px;\">2<\/td>\n<td style=\"width: 29.1592%; height: 39px;\"><\/td>\n<td style=\"width: 2.68333%; height: 39px;\"><\/td>\n<\/tr>\n<tr style=\"height: 39px;\">\n<td style=\"width: 22.898%; height: 39px;\">16.04 .2022<br \/>\n16:00 &#8211; 18:00<\/td>\n<td style=\"width: 30.5903%; height: 39px;\">AKL Test<br \/>\nDr.Rampler Liezen<\/td>\n<td style=\"width: 12.1646%; height: 39px;\">3<\/td>\n<td style=\"width: 29.1592%; height: 39px;\"><\/td>\n<td style=\"width: 2.68333%; height: 39px;\"><\/td>\n<\/tr>\n<tr style=\"height: 39px;\">\n<td style=\"width: 22.898%; height: 39px;\">30.03.2022<br \/>\n18:00 &#8211; 21:00<\/td>\n<td style=\"width: 30.5903%; height: 39px;\">1 Fr\u00fchjahrs\u00fcbung<br \/>\nKraftwerk Gulling<\/td>\n<td style=\"width: 12.1646%; height: 39px;\">18<\/td>\n<td style=\"width: 29.1592%; height: 39px;\">TLF-A,KLF-A<br \/>\nMTF-A<\/td>\n<td style=\"width: 2.68333%; height: 39px;\"><\/td>\n<\/tr>\n<tr style=\"height: 39px;\">\n<td style=\"width: 22.898%; height: 39px;\">26.03.2022<br \/>\n15:00 &#8211; 17:30<\/td>\n<td style=\"width: 30.5903%; height: 39px;\">FJ &#8211; Vorbereitung Wissenstest<\/td>\n<td style=\"width: 12.1646%; height: 39px;\">7<\/td>\n<td style=\"width: 29.1592%; height: 39px;\">KLF-A<\/td>\n<td style=\"width: 2.68333%; height: 39px;\"><\/td>\n<\/tr>\n<tr style=\"height: 39px;\">\n<td style=\"width: 22.898%; height: 39px;\">23.03.2022<br \/>\n18:30 &#8211; 20:30<\/td>\n<td style=\"width: 30.5903%; height: 39px;\">MRAS und Flughelferausr\u00fcstung \u00fcberpr\u00fcft<\/td>\n<td style=\"width: 12.1646%; height: 39px;\">6<\/td>\n<td style=\"width: 29.1592%; height: 39px;\"><\/td>\n<td style=\"width: 2.68333%; height: 39px;\"><\/td>\n<\/tr>\n<tr style=\"height: 39px;\">\n<td style=\"width: 22.898%; height: 39px;\">22.03.2022<br \/>\n18:00 &#8211; 19:30<\/td>\n<td style=\"width: 30.5903%; height: 39px;\">FJ &#8211; Vorbereitung Wissenstest<\/td>\n<td style=\"width: 12.1646%; height: 39px;\">5<\/td>\n<td style=\"width: 29.1592%; height: 39px;\">MTF-A<\/td>\n<td style=\"width: 2.68333%; height: 39px;\"><\/td>\n<\/tr>\n<tr style=\"height: 39px;\">\n<td style=\"width: 22.898%; height: 39px;\">18.03.2022<br \/>\n17:30 &#8211; 19:00<\/td>\n<td style=\"width: 30.5903%; height: 39px;\">FJ &#8211; Vorbereitung Wissenstest<\/td>\n<td style=\"width: 12.1646%; height: 39px;\">6<\/td>\n<td style=\"width: 29.1592%; height: 39px;\"><\/td>\n<td style=\"width: 2.68333%; height: 39px;\"><\/td>\n<\/tr>\n<tr style=\"height: 39px;\">\n<td style=\"width: 22.898%; height: 39px;\">16.03.2022<br \/>\n18:30 &#8211; 20:30<\/td>\n<td style=\"width: 30.5903%; height: 39px;\">2.Monatsschulung<br \/>\nErste Hilfe,Menschenrettung<\/td>\n<td style=\"width: 12.1646%; height: 39px;\">16<\/td>\n<td style=\"width: 29.1592%; height: 39px;\">TLF-A,MTF-A<br \/>\nKLF-A<\/td>\n<td style=\"width: 2.68333%; height: 39px;\"><\/td>\n<\/tr>\n<tr style=\"height: 10px;\">\n<td style=\"width: 22.898%; height: 10px;\">08.03.2022<br \/>\n18:00 &#8211; 20:30<\/td>\n<td style=\"width: 30.5903%; height: 10px;\">1.Monatsschulung<br \/>\nFahrzeuge,Ger\u00e4tschaften<\/td>\n<td style=\"width: 12.1646%; height: 10px;\">13<\/td>\n<td style=\"width: 29.1592%; height: 10px;\">TLF-A<br \/>\nKLF-A<\/td>\n<td style=\"width: 2.68333%; height: 10px;\"><\/td>\n<\/tr>\n<\/tbody>\n<\/table>\n<\/div><\/section>\n","protected":false},"excerpt":{"rendered":"","protected":false},"author":1,"featured_media":0,"parent":4764,"menu_order":1,"comment_status":"closed","ping_status":"closed","template":"","meta":{"footnotes":""},"class_list":["post-4776","page","type-page","status-publish","hentry"],"jetpack_sharing_enabled":true,"_links":{"self":[{"href":"https:\/\/www.feuerwehr-aigen.at\/index.php?rest_route=\/wp\/v2\/pages\/4776","targetHints":{"allow":["GET"]}}],"collection":[{"href":"https:\/\/www.feuerwehr-aigen.at\/index.php?rest_route=\/wp\/v2\/pages"}],"about":[{"href":"https:\/\/www.feuerwehr-aigen.at\/index.php?rest_route=\/wp\/v2\/types\/page"}],"author":[{"embeddable":true,"href":"https:\/\/www.feuerwehr-aigen.at\/index.php?rest_route=\/wp\/v2\/users\/1"}],"replies":[{"embeddable":true,"href":"https:\/\/www.feuerwehr-aigen.at\/index.php?rest_route=%2Fwp%2Fv2%2Fcomments&post=4776"}],"version-history":[{"count":33,"href":"https:\/\/www.feuerwehr-aigen.at\/index.php?rest_route=\/wp\/v2\/pages\/4776\/revisions"}],"predecessor-version":[{"id":5155,"href":"https:\/\/www.feuerwehr-aigen.at\/index.php?rest_route=\/wp\/v2\/pages\/4776\/revisions\/5155"}],"up":[{"embeddable":true,"href":"https:\/\/www.feuerwehr-aigen.at\/index.php?rest_route=\/wp\/v2\/pages\/4764"}],"wp:attachment":[{"href":"https:\/\/www.feuerwehr-aigen.at\/index.php?rest_route=%2Fwp%2Fv2%2Fmedia&parent=4776"}],"curies":[{"name":"wp","href":"https:\/\/api.w.org\/{rel}","templated":true}]}}