{"id":461,"date":"2012-01-02T19:36:40","date_gmt":"2012-01-02T19:36:40","guid":{"rendered":"http:\/\/feuerwehr-aigen.d2solution.net\/index.php\/29-dezember-2011-geburtstagsfeier-2-abteilung\/"},"modified":"2017-09-07T09:40:21","modified_gmt":"2017-09-07T08:40:21","slug":"29-dezember-2011-geburtstagsfeier-2-abteilung","status":"publish","type":"page","link":"https:\/\/www.feuerwehr-aigen.at\/?page_id=461","title":{"rendered":"29.12.2011 &#8211; Geburtstagsfeier 2. Abteilung"},"content":{"rendered":"<p><strong>Ein r\u00fcstiger 90er<br \/>\n<\/strong><br \/>\n<img loading=\"lazy\" decoding=\"async\" class=\"size-medium wp-image-227 alignright\" src=\"http:\/\/www.feuerwehr-aigen.at\/wp-content\/uploads\/2009\/04\/sonstiges_geburtstagsfeier_2011_geb01-225x300.jpg\" alt=\"Geburtstagsfeier 2. Abteilung\" width=\"225\" height=\"300\" srcset=\"https:\/\/www.feuerwehr-aigen.at\/wp-content\/uploads\/2009\/04\/sonstiges_geburtstagsfeier_2011_geb01-225x300.jpg 225w, https:\/\/www.feuerwehr-aigen.at\/wp-content\/uploads\/2009\/04\/sonstiges_geburtstagsfeier_2011_geb01.jpg 600w\" sizes=\"auto, (max-width: 225px) 100vw, 225px\" \/><br \/>\nWieder einmal lud die Freiwillige Feuerwehr Aigen Kameraden der 2. Abteilung ein, um ihnen zu ihrem runden Geburtstag zu Gratulieren.<\/p>\n<p>Nach den Gru\u00dfworten von HBI TIEFENBACHER wurden kleine Geschenke an die Jubilare \u00fcberreicht als Dankesch\u00f6n f\u00fcr die langj\u00e4hrige Unterst\u00fctzung.<\/p>\n<p>EHBI W\u00d6HRER Ferdinand trat am\u00a0 01.01.1937 im Alter von 16 Jahren der damaligen FF Fischern bei, wo er sich durch seinen Eifer, Ehrgeiz und seiner vorbildlichen Haltung bis zum Hauptbrandinspektor empor arbeitete.<br \/>\nEHBI W\u00d6HRER Ferdinand f\u00fchrte somit \u00fcber Jahre die Feuerwehr Fischern.<\/p>\n<p>Die Anforderungen der heutigen Zeit machten es\u00a0 jedoch erforderlich die FF Fischern mit der FF Aigen\/E zusammen zu legen, aber dennoch Fischern als einen wichtigen und notwendigen L\u00f6schzug zu erhalten.<\/p>\n<p>Weitere Jubilare des L\u00f6schzuges Fischern:<br \/>\nLM ZEISER Emanuel 75 Jahre,<br \/>\nHFM LACKNER Siegfried 70 Jahre<\/p>\n<p>Aus den Reihen der FF Aigen\/E durften sich<br \/>\nHFM G\u00d6SCHL Franz 80 Jahre,<br \/>\nHFM Pilz Rudolf 80 Jahre und<br \/>\nHFM MAYERHOFER Hubert 70 Jahre<\/p>\n<p>\u00fcber die Gl\u00fcckw\u00fcnsche der FF Aigen\/E freuen.<\/p>\n<div align=\"center\"><a title=\"Geburtstag 2011_02\" href=\"http:\/\/feuerwehr-aigen.at\/wp-content\/uploads\/2012\/01\/sonstiges_geburtstagsfeier_2011_geb02.jpg\"><img loading=\"lazy\" decoding=\"async\" class=\"alignnone wp-image-455\" src=\"http:\/\/www.feuerwehr-aigen.at\/wp-content\/uploads\/2012\/01\/sonstiges_geburtstagsfeier_2011_geb02-300x225.jpg\" alt=\"sonstiges_geburtstagsfeier_2011_geb02\" width=\"220\" height=\"165\" srcset=\"https:\/\/www.feuerwehr-aigen.at\/wp-content\/uploads\/2012\/01\/sonstiges_geburtstagsfeier_2011_geb02-300x225.jpg 300w, https:\/\/www.feuerwehr-aigen.at\/wp-content\/uploads\/2012\/01\/sonstiges_geburtstagsfeier_2011_geb02-768x576.jpg 768w, https:\/\/www.feuerwehr-aigen.at\/wp-content\/uploads\/2012\/01\/sonstiges_geburtstagsfeier_2011_geb02.jpg 800w\" sizes=\"auto, (max-width: 220px) 100vw, 220px\" \/><img loading=\"lazy\" decoding=\"async\" class=\"alignnone wp-image-458\" src=\"http:\/\/www.feuerwehr-aigen.at\/wp-content\/uploads\/2012\/01\/sonstiges_geburtstagsfeier_2011_geb03-300x225.jpg\" alt=\"Geburtstag 2011_03\" width=\"220\" height=\"165\" srcset=\"https:\/\/www.feuerwehr-aigen.at\/wp-content\/uploads\/2012\/01\/sonstiges_geburtstagsfeier_2011_geb03-300x225.jpg 300w, https:\/\/www.feuerwehr-aigen.at\/wp-content\/uploads\/2012\/01\/sonstiges_geburtstagsfeier_2011_geb03-768x576.jpg 768w, https:\/\/www.feuerwehr-aigen.at\/wp-content\/uploads\/2012\/01\/sonstiges_geburtstagsfeier_2011_geb03.jpg 800w\" sizes=\"auto, (max-width: 220px) 100vw, 220px\" \/><img loading=\"lazy\" decoding=\"async\" class=\"alignnone wp-image-459\" src=\"http:\/\/www.feuerwehr-aigen.at\/wp-content\/uploads\/2012\/01\/sonstiges_geburtstagsfeier_2011_geb04-300x225.jpg\" alt=\"sonstiges_geburtstagsfeier_2011_geb04\" width=\"220\" height=\"165\" srcset=\"https:\/\/www.feuerwehr-aigen.at\/wp-content\/uploads\/2012\/01\/sonstiges_geburtstagsfeier_2011_geb04-300x225.jpg 300w, https:\/\/www.feuerwehr-aigen.at\/wp-content\/uploads\/2012\/01\/sonstiges_geburtstagsfeier_2011_geb04-768x576.jpg 768w, https:\/\/www.feuerwehr-aigen.at\/wp-content\/uploads\/2012\/01\/sonstiges_geburtstagsfeier_2011_geb04.jpg 800w\" sizes=\"auto, (max-width: 220px) 100vw, 220px\" \/><\/a><\/div>\n<p>Gest\u00e4rkt durch eine Jause wurden noch Fotos aus vergangenen Jahren und Eins\u00e4tzen angeschaut.<br \/>\nAuch durften wir \u00fcber den Ein oder Anderen Schwank aus vergangenen Jahren lachen.<br \/>\nSo verging die Zeit wie im Fluge und ein w\u00fcrdiger Abend neigte sich zu sp\u00e4ter Stunde dem Ende.<\/p>\n<p>Abschlie\u00dfend m\u00f6chten wir noch den Jubilaren herzlich Gratulieren und ihnen alles Gute aber vor allem viel Gesundheit f\u00fcr die Zukunft w\u00fcnschen.<\/p>\n","protected":false},"excerpt":{"rendered":"<p>Ein r\u00fcstiger 90er Wieder einmal lud die Freiwillige Feuerwehr Aigen Kameraden der 2. Abteilung ein, um ihnen zu ihrem runden Geburtstag zu Gratulieren. Nach den Gru\u00dfworten von HBI TIEFENBACHER wurden kleine Geschenke an die Jubilare \u00fcberreicht als Dankesch\u00f6n f\u00fcr die langj\u00e4hrige Unterst\u00fctzung. EHBI W\u00d6HRER Ferdinand trat am\u00a0 01.01.1937 im Alter von 16 Jahren der damaligen [&hellip;]<\/p>\n","protected":false},"author":1,"featured_media":0,"parent":0,"menu_order":31,"comment_status":"closed","ping_status":"closed","template":"","meta":{"footnotes":""},"class_list":["post-461","page","type-page","status-publish","hentry"],"jetpack_sharing_enabled":true,"_links":{"self":[{"href":"https:\/\/www.feuerwehr-aigen.at\/index.php?rest_route=\/wp\/v2\/pages\/461","targetHints":{"allow":["GET"]}}],"collection":[{"href":"https:\/\/www.feuerwehr-aigen.at\/index.php?rest_route=\/wp\/v2\/pages"}],"about":[{"href":"https:\/\/www.feuerwehr-aigen.at\/index.php?rest_route=\/wp\/v2\/types\/page"}],"author":[{"embeddable":true,"href":"https:\/\/www.feuerwehr-aigen.at\/index.php?rest_route=\/wp\/v2\/users\/1"}],"replies":[{"embeddable":true,"href":"https:\/\/www.feuerwehr-aigen.at\/index.php?rest_route=%2Fwp%2Fv2%2Fcomments&post=461"}],"version-history":[{"count":4,"href":"https:\/\/www.feuerwehr-aigen.at\/index.php?rest_route=\/wp\/v2\/pages\/461\/revisions"}],"predecessor-version":[{"id":2828,"href":"https:\/\/www.feuerwehr-aigen.at\/index.php?rest_route=\/wp\/v2\/pages\/461\/revisions\/2828"}],"wp:attachment":[{"href":"https:\/\/www.feuerwehr-aigen.at\/index.php?rest_route=%2Fwp%2Fv2%2Fmedia&parent=461"}],"curies":[{"name":"wp","href":"https:\/\/api.w.org\/{rel}","templated":true}]}}

<p><strong>Ein rüstiger 90er<br />
</strong><br />
<img loading="lazy" decoding="async" class="size-medium wp-image-227 alignright" src="http://www.feuerwehr-aigen.at/wp-content/uploads/2009/04/sonstiges_geburtstagsfeier_2011_geb01-225x300.jpg" alt="Geburtstagsfeier 2. Abteilung" width="225" height="300" srcset="https://www.feuerwehr-aigen.at/wp-content/uploads/2009/04/sonstiges_geburtstagsfeier_2011_geb01-225x300.jpg 225w, https://www.feuerwehr-aigen.at/wp-content/uploads/2009/04/sonstiges_geburtstagsfeier_2011_geb01.jpg 600w" sizes="auto, (max-width: 225px) 100vw, 225px" /><br />
Wieder einmal lud die Freiwillige Feuerwehr Aigen Kameraden der 2. Abteilung ein, um ihnen zu ihrem runden Geburtstag zu Gratulieren.</p>
<p>Nach den Grußworten von HBI TIEFENBACHER wurden kleine Geschenke an die Jubilare überreicht als Dankeschön für die langjährige Unterstützung.</p>
<p>EHBI WÖHRER Ferdinand trat am  01.01.1937 im Alter von 16 Jahren der damaligen FF Fischern bei, wo er sich durch seinen Eifer, Ehrgeiz und seiner vorbildlichen Haltung bis zum Hauptbrandinspektor empor arbeitete.<br />
EHBI WÖHRER Ferdinand führte somit über Jahre die Feuerwehr Fischern.</p>
<p>Die Anforderungen der heutigen Zeit machten es  jedoch erforderlich die FF Fischern mit der FF Aigen/E zusammen zu legen, aber dennoch Fischern als einen wichtigen und notwendigen Löschzug zu erhalten.</p>
<p>Weitere Jubilare des Löschzuges Fischern:<br />
LM ZEISER Emanuel 75 Jahre,<br />
HFM LACKNER Siegfried 70 Jahre</p>
<p>Aus den Reihen der FF Aigen/E durften sich<br />
HFM GÖSCHL Franz 80 Jahre,<br />
HFM Pilz Rudolf 80 Jahre und<br />
HFM MAYERHOFER Hubert 70 Jahre</p>
<p>über die Glückwünsche der FF Aigen/E freuen.</p>
<div align="center"><a title="Geburtstag 2011_02" href="http://feuerwehr-aigen.at/wp-content/uploads/2012/01/sonstiges_geburtstagsfeier_2011_geb02.jpg"><img loading="lazy" decoding="async" class="alignnone wp-image-455" src="http://www.feuerwehr-aigen.at/wp-content/uploads/2012/01/sonstiges_geburtstagsfeier_2011_geb02-300x225.jpg" alt="sonstiges_geburtstagsfeier_2011_geb02" width="220" height="165" srcset="https://www.feuerwehr-aigen.at/wp-content/uploads/2012/01/sonstiges_geburtstagsfeier_2011_geb02-300x225.jpg 300w, https://www.feuerwehr-aigen.at/wp-content/uploads/2012/01/sonstiges_geburtstagsfeier_2011_geb02-768x576.jpg 768w, https://www.feuerwehr-aigen.at/wp-content/uploads/2012/01/sonstiges_geburtstagsfeier_2011_geb02.jpg 800w" sizes="auto, (max-width: 220px) 100vw, 220px" /><img loading="lazy" decoding="async" class="alignnone wp-image-458" src="http://www.feuerwehr-aigen.at/wp-content/uploads/2012/01/sonstiges_geburtstagsfeier_2011_geb03-300x225.jpg" alt="Geburtstag 2011_03" width="220" height="165" srcset="https://www.feuerwehr-aigen.at/wp-content/uploads/2012/01/sonstiges_geburtstagsfeier_2011_geb03-300x225.jpg 300w, https://www.feuerwehr-aigen.at/wp-content/uploads/2012/01/sonstiges_geburtstagsfeier_2011_geb03-768x576.jpg 768w, https://www.feuerwehr-aigen.at/wp-content/uploads/2012/01/sonstiges_geburtstagsfeier_2011_geb03.jpg 800w" sizes="auto, (max-width: 220px) 100vw, 220px" /><img loading="lazy" decoding="async" class="alignnone wp-image-459" src="http://www.feuerwehr-aigen.at/wp-content/uploads/2012/01/sonstiges_geburtstagsfeier_2011_geb04-300x225.jpg" alt="sonstiges_geburtstagsfeier_2011_geb04" width="220" height="165" srcset="https://www.feuerwehr-aigen.at/wp-content/uploads/2012/01/sonstiges_geburtstagsfeier_2011_geb04-300x225.jpg 300w, https://www.feuerwehr-aigen.at/wp-content/uploads/2012/01/sonstiges_geburtstagsfeier_2011_geb04-768x576.jpg 768w, https://www.feuerwehr-aigen.at/wp-content/uploads/2012/01/sonstiges_geburtstagsfeier_2011_geb04.jpg 800w" sizes="auto, (max-width: 220px) 100vw, 220px" /></a></div>
<p>Gestärkt durch eine Jause wurden noch Fotos aus vergangenen Jahren und Einsätzen angeschaut.<br />
Auch durften wir über den Ein oder Anderen Schwank aus vergangenen Jahren lachen.<br />
So verging die Zeit wie im Fluge und ein würdiger Abend neigte sich zu später Stunde dem Ende.</p>
<p>Abschließend möchten wir noch den Jubilaren herzlich Gratulieren und ihnen alles Gute aber vor allem viel Gesundheit für die Zukunft wünschen.</p>

<p>Ein rüstiger 90er Wieder einmal lud die Freiwillige Feuerwehr Aigen Kameraden der 2. Abteilung ein, um ihnen zu ihrem runden Geburtstag zu Gratulieren. Nach den Grußworten von HBI TIEFENBACHER wurden kleine Geschenke an die Jubilare überreicht als Dankeschön für die langjährige Unterstützung. EHBI WÖHRER Ferdinand trat am  01.01.1937 im Alter von 16 Jahren der damaligen [&hellip;]</p>
