{"id":4494,"date":"2021-01-08T20:09:18","date_gmt":"2021-01-08T19:09:18","guid":{"rendered":"http:\/\/www.feuerwehr-aigen.at\/?page_id=4494"},"modified":"2022-01-19T22:38:16","modified_gmt":"2022-01-19T21:38:16","slug":"einsatztagebuecher-2021","status":"publish","type":"page","link":"https:\/\/www.feuerwehr-aigen.at\/?page_id=4494","title":{"rendered":"Einsatztageb\u00fccher 2021"},"content":{"rendered":"<p>Hier gelangen Sie zu unseren \u00dcbersichten \u00fcber:<\/p>\n<ul>\n<li><a href=\"http:\/\/www.feuerwehr-aigen.at\/?page_id=4496\">Eins\u00e4tze<\/a><\/li>\n<li><a href=\"http:\/\/www.feuerwehr-aigen.at\/?page_id=4499\">\u00dcbungen<\/a><\/li>\n<li><a href=\"http:\/\/www.feuerwehr-aigen.at\/?page_id=4501\">Sonstige T\u00e4tigkeiten\/Veranstaltungen<\/a><\/li>\n<\/ul>\n","protected":false},"excerpt":{"rendered":"<p>Hier gelangen Sie zu unseren \u00dcbersichten \u00fcber: Eins\u00e4tze \u00dcbungen Sonstige T\u00e4tigkeiten\/Veranstaltungen<\/p>\n","protected":false},"author":1,"featured_media":0,"parent":1133,"menu_order":1,"comment_status":"closed","ping_status":"closed","template":"","meta":{"footnotes":""},"class_list":["post-4494","page","type-page","status-publish","hentry"],"jetpack_sharing_enabled":true,"_links":{"self":[{"href":"https:\/\/www.feuerwehr-aigen.at\/index.php?rest_route=\/wp\/v2\/pages\/4494","targetHints":{"allow":["GET"]}}],"collection":[{"href":"https:\/\/www.feuerwehr-aigen.at\/index.php?rest_route=\/wp\/v2\/pages"}],"about":[{"href":"https:\/\/www.feuerwehr-aigen.at\/index.php?rest_route=\/wp\/v2\/types\/page"}],"author":[{"embeddable":true,"href":"https:\/\/www.feuerwehr-aigen.at\/index.php?rest_route=\/wp\/v2\/users\/1"}],"replies":[{"embeddable":true,"href":"https:\/\/www.feuerwehr-aigen.at\/index.php?rest_route=%2Fwp%2Fv2%2Fcomments&post=4494"}],"version-history":[{"count":3,"href":"https:\/\/www.feuerwehr-aigen.at\/index.php?rest_route=\/wp\/v2\/pages\/4494\/revisions"}],"predecessor-version":[{"id":4771,"href":"https:\/\/www.feuerwehr-aigen.at\/index.php?rest_route=\/wp\/v2\/pages\/4494\/revisions\/4771"}],"up":[{"embeddable":true,"href":"https:\/\/www.feuerwehr-aigen.at\/index.php?rest_route=\/wp\/v2\/pages\/1133"}],"wp:attachment":[{"href":"https:\/\/www.feuerwehr-aigen.at\/index.php?rest_route=%2Fwp%2Fv2%2Fmedia&parent=4494"}],"curies":[{"name":"wp","href":"https:\/\/api.w.org\/{rel}","templated":true}]}}

Einsatztagebücher 2021

<p>Hier gelangen Sie zu unseren Übersichten über:</p>
<ul>
<li><a href="http://www.feuerwehr-aigen.at/?page_id=4496">Einsätze</a></li>
<li><a href="http://www.feuerwehr-aigen.at/?page_id=4499">Übungen</a></li>
<li><a href="http://www.feuerwehr-aigen.at/?page_id=4501">Sonstige Tätigkeiten/Veranstaltungen</a></li>
</ul>

<p>Hier gelangen Sie zu unseren Übersichten über: Einsätze Übungen Sonstige Tätigkeiten/Veranstaltungen</p>
