{"id":420,"date":"2010-06-26T16:32:23","date_gmt":"2010-06-26T16:32:23","guid":{"rendered":"http:\/\/feuerwehr-aigen.d2solution.net\/index.php\/25-juni-2010-kindergartenbesuch\/"},"modified":"2017-09-07T01:53:23","modified_gmt":"2017-09-07T00:53:23","slug":"25-juni-2010-kindergartenbesuch","status":"publish","type":"page","link":"https:\/\/www.feuerwehr-aigen.at\/?page_id=420","title":{"rendered":"25.06.2010 &#8211; Kindergartenbesuch"},"content":{"rendered":"<h3><strong>Kindergarten besuchte Feuerwehr!<\/strong><\/h3>\n<p><a title=\"Kindergartenbesuch 2010\" href=\"galerie\/sonstige\/kindergarten_2010\/\"><img loading=\"lazy\" decoding=\"async\" class=\"alignleft\" title=\"Kindergartenbesuch\" src=\"http:\/\/feuerwehr-aigen.at\/wp-content\/uploads\/2010\/06\/sonstiges_kindergarten_2010_01.jpg\" alt=\"Kindergartenbesuch\" width=\"150\" height=\"600\" align=\"left\" border=\"0\" hspace=\"5\" vspace=\"5\" \/><\/a>Am 25.06.2010 besuchte uns der \u00f6rtliche Kindergarten.<\/p>\n<p>Nach der Begr\u00fc\u00dfung durch OBI Wundersamer Dietmar, konnten die 75 Kinder und ihre Betreuerinnen die Arbeit der Feuerwehr hautnah und selbst miterleben.<\/p>\n<p>Die Kameraden BM Kerschhaggl Gerald, OLM Kerschhaggl Hannes und OLM Strobl Siegfried f\u00fchrten die verschiedensten Ger\u00e4tschaften und Fahrzeuge wie TLF-A, Funk, Atemschutz, Einsatzbekleidung usw. vor, wobei die Kids selbst eifrig mitmachten.<\/p>\n<p>Nach ca.2 Stunden ging nach einer Jause im Schulungsraum der Vormittag viel zu schnell zu Ende.<\/p>\n<p>Den kr\u00f6nenden Abschluss bildete wie jedes Jahr die Heimfahrt mit den verschiedenen Einsatzfahrzeugen.<\/p>\n<p><a title=\"Kindergartenbesuch 2010\" href=\"http:\/\/www.feuerwehr-aigen.at\/?portfolio=25-06-2010-kindergartenbesuch\">zur Bildergalerie \u00bb<\/a><\/p>\n","protected":false},"excerpt":{"rendered":"<p>Kindergarten besuchte Feuerwehr! Am 25.06.2010 besuchte uns der \u00f6rtliche Kindergarten. Nach der Begr\u00fc\u00dfung durch OBI Wundersamer Dietmar, konnten die 75 Kinder und ihre Betreuerinnen die Arbeit der Feuerwehr hautnah und selbst miterleben. Die Kameraden BM Kerschhaggl Gerald, OLM Kerschhaggl Hannes und OLM Strobl Siegfried f\u00fchrten die verschiedensten Ger\u00e4tschaften und Fahrzeuge wie TLF-A, Funk, Atemschutz, Einsatzbekleidung [&hellip;]<\/p>\n","protected":false},"author":1,"featured_media":0,"parent":0,"menu_order":32,"comment_status":"closed","ping_status":"closed","template":"","meta":{"footnotes":""},"class_list":["post-420","page","type-page","status-publish","hentry"],"jetpack_sharing_enabled":true,"_links":{"self":[{"href":"https:\/\/www.feuerwehr-aigen.at\/index.php?rest_route=\/wp\/v2\/pages\/420","targetHints":{"allow":["GET"]}}],"collection":[{"href":"https:\/\/www.feuerwehr-aigen.at\/index.php?rest_route=\/wp\/v2\/pages"}],"about":[{"href":"https:\/\/www.feuerwehr-aigen.at\/index.php?rest_route=\/wp\/v2\/types\/page"}],"author":[{"embeddable":true,"href":"https:\/\/www.feuerwehr-aigen.at\/index.php?rest_route=\/wp\/v2\/users\/1"}],"replies":[{"embeddable":true,"href":"https:\/\/www.feuerwehr-aigen.at\/index.php?rest_route=%2Fwp%2Fv2%2Fcomments&post=420"}],"version-history":[{"count":5,"href":"https:\/\/www.feuerwehr-aigen.at\/index.php?rest_route=\/wp\/v2\/pages\/420\/revisions"}],"predecessor-version":[{"id":2825,"href":"https:\/\/www.feuerwehr-aigen.at\/index.php?rest_route=\/wp\/v2\/pages\/420\/revisions\/2825"}],"wp:attachment":[{"href":"https:\/\/www.feuerwehr-aigen.at\/index.php?rest_route=%2Fwp%2Fv2%2Fmedia&parent=420"}],"curies":[{"name":"wp","href":"https:\/\/api.w.org\/{rel}","templated":true}]}}