{"id":362,"date":"2009-07-17T14:12:28","date_gmt":"2009-07-17T14:12:28","guid":{"rendered":"http:\/\/feuerwehr-aigen.d2solution.net\/index.php\/brandschutztipps\/"},"modified":"2017-09-07T01:48:30","modified_gmt":"2017-09-07T00:48:30","slug":"brandschutztipps","status":"publish","type":"page","link":"https:\/\/www.feuerwehr-aigen.at\/?page_id=362","title":{"rendered":"Brandschutztipps"},"content":{"rendered":"<p align=\"left\">Folgende Brandschutztipps sollten unbedingt befolgt werden:<\/p>\n<p><strong>Ostern: Brandschutztipps f\u00fcr Lager- und Osterfeuer<\/strong><\/p>\n<blockquote>\n<p align=\"left\"><img loading=\"lazy\" decoding=\"async\" title=\"Osterfeuer\" src=\"http:\/\/feuerwehr-aigen.at\/wp-content\/uploads\/2009\/07\/Sicherheit_osterfeuer.jpg\" alt=\"Osterfeuer\" width=\"197\" height=\"118\" align=\"right\" border=\"0\" hspace=\"5\" \/>\u2022 Brauchtumsfeuer d\u00fcrfen nur am<br \/>\nKarsamstag und am 21. Juni, der Sonnwendfeier, angez\u00fcndet werden.<\/p>\n<p align=\"left\">\u2022 Ist das Brauchtums-\/Lagerfeuer in der<br \/>\nN\u00e4he von weiteren brennbaren Materialien, wie B\u00e4umen oder Str\u00e4uchern, aufgebaut?<\/p>\n<p align=\"left\">\u2022 Ist ein Eimer mit Wasser oder eine<br \/>\nSchaufel f\u00fcr Erde griffbereit?<\/p>\n<p align=\"left\">\u2022 Es d\u00fcrfen nur pflanzliche Materialen im trockenen Zustand verbrannt werden.<\/p>\n<p align=\"left\">\u2022 Die Verlegung des Osterfeuers auf das n\u00e4chste Wochenende ist verboten!<\/p>\n<p align=\"left\">\u2022 Beobachten Sie das Feuer und f\u00fchren Sie nach dem L\u00f6schen Kontrollen durch.<\/p>\n<p align=\"left\">\u2022 Bei gro\u00dfer Trockenheit und Wind ist das Anz\u00fcnden eines Feuers nicht erlaubt.<\/p>\n<p align=\"left\">\u2022 Geben Sie versteckten Tieren eine Fluchtm\u00f6glichkeit, indem Sie das brennbare Material vor dem Entz\u00fcnden noch einmal umschichten.<\/p>\n<p align=\"left\">\u2022 Bitte beachten Sie auch die aktuellen Hinweise der steierm\u00e4rkischen<br \/>\nLandesregierung.<\/p>\n<\/blockquote>\n<h2 align=\"left\"><\/h2>\n<p>&nbsp;<\/p>\n<p align=\"left\"><strong>Weihnachten: Brandschutztipps f\u00fcr Kerzen\/Christb\u00e4ume<\/strong><\/p>\n<blockquote>\n<p align=\"left\"><img loading=\"lazy\" decoding=\"async\" class=\"alignright\" title=\"Christbaumbrand\" src=\"http:\/\/feuerwehr-aigen.at\/wp-content\/uploads\/2009\/07\/Sicherheit_christbaumbrand.jpg\" alt=\"Chreistbaumbrand\" width=\"196\" height=\"268\" align=\"left\" border=\"0\" hspace=\"5\" \/>\u2022 Aufkl\u00e4rung der Angeh\u00f6rigen und Kinder<br \/>\nwelche Ma\u00dfnahmen zu treffen sind, falls es zu einem Brand kommt!<\/p>\n<p align=\"left\">\u2022 Stehen der Adventkranz bzw. das<br \/>\nFriedenslicht auf einer feuerfesten Unterlage oder auf einer mit Wasser gef\u00fcllten Keramikplatte?<\/p>\n<p align=\"left\">\u2022 Stehen der Adventkranz, das Friedenslicht bzw. der Christbaum in der N\u00e4he von Vorh\u00e4ngen oder anderen brennbaren Materialien?<\/p>\n<p align=\"left\">\u2022 Ist das Reisig des Adventkranzes vor dem Entz\u00fcnden der Kerze mit Wasser bespr\u00fcht worden?<\/p>\n<p align=\"left\">\u2022 Bewahren Sie den Christbaum bis zum Fest m\u00f6glichst im Freien auf, am besten mit dem Schnittende im Wasser oder im Schnee!<\/p>\n<p align=\"left\">\u2022 Steht der Christbaum kippfest?<\/p>\n<p align=\"left\">\u2022 Sind alle Kerzen senkrecht angebracht und ist ausreichen Abstand zu anderem brennbaren Weihnachtsschmuck? Dies ist besonders bei Spritzkerzen zu beachten!<\/p>\n<p align=\"left\">\u2022 Stehen ein Eimer bzw. eine Gie\u00dfkanne bef\u00fcllt mit Wasser oder ein Feuerl\u00f6scher in unmittelbarer Reichweite?<\/p>\n<p align=\"left\">\u2022 Sind Partydekorationen wie Lampions, Girlanden etc. gut befestigt und von<br \/>\nbrennenden Kerzen oder anderen Feuerquellen weit genug entfernt?<\/p>\n<p align=\"left\">\u2022 Besteht gen\u00fcgend Freiraum f\u00fcr Fluchtwege?<\/p>\n<\/blockquote>\n<h2 align=\"left\"><\/h2>\n<p>&nbsp;<\/p>\n<p align=\"left\"><strong>Silvester: Brandschutztipps f\u00fcr Raketen bzw. Feuerwerk<\/strong><\/p>\n<blockquote>\n<p align=\"left\"><img loading=\"lazy\" decoding=\"async\" title=\"Feuerwerk\" src=\"http:\/\/feuerwehr-aigen.at\/wp-content\/uploads\/2009\/07\/Sicherheit_feuerwerk.jpg\" alt=\"Feuerwerk\" width=\"120\" height=\"160\" align=\"right\" border=\"0\" hspace=\"5\" \/>\u2022 Feuerwerksk\u00f6rper der Klasse 2 d\u00fcrfen nur von Personen \u00fcber 18 Jahren verwendet werden.<\/p>\n<p align=\"left\">\u2022 Z\u00fcnden Sie die Feuerwerksk\u00f6rper nicht in geschlossen R\u00e4umen oder in der N\u00e4he von gr\u00f6\u00dferen Menschengruppen an.<\/p>\n<p align=\"left\">\u2022 Achten Sie beim Abfeuern von Raketen auf eine kippfeste Abschusseinrichtung.<\/p>\n<p align=\"left\">\u2022 Richten Sie den Feuerwerksk\u00f6rper nicht auf Personen!<\/p>\n<p align=\"left\">\u2022 Jeden Feuerwerksk\u00f6rper nur ein Mal ordnungsgem\u00e4\u00df<br \/>\nanz\u00fcnden!<\/p>\n<p align=\"left\">\u2022 Z\u00fcnden Sie Kracher nicht in Dosen oder Glasflaschen an!<\/p>\n<p align=\"left\">\u2022 Sind die Feuerwerksraketen weit genug vom Haus entfernt und vorschriftsm\u00e4\u00dfig gelagert?<\/p>\n<\/blockquote>\n<p>&nbsp;<\/p>\n","protected":false},"excerpt":{"rendered":"<p>Folgende Brandschutztipps sollten unbedingt befolgt werden: Ostern: Brandschutztipps f\u00fcr Lager- und Osterfeuer \u2022 Brauchtumsfeuer d\u00fcrfen nur am Karsamstag und am 21. Juni, der Sonnwendfeier, angez\u00fcndet werden. \u2022 Ist das Brauchtums-\/Lagerfeuer in der N\u00e4he von weiteren brennbaren Materialien, wie B\u00e4umen oder Str\u00e4uchern, aufgebaut? \u2022 Ist ein Eimer mit Wasser oder eine Schaufel f\u00fcr Erde griffbereit? \u2022 [&hellip;]<\/p>\n","protected":false},"author":1,"featured_media":0,"parent":308,"menu_order":13,"comment_status":"closed","ping_status":"closed","template":"","meta":{"footnotes":""},"class_list":["post-362","page","type-page","status-publish","hentry"],"jetpack_sharing_enabled":true,"_links":{"self":[{"href":"https:\/\/www.feuerwehr-aigen.at\/index.php?rest_route=\/wp\/v2\/pages\/362","targetHints":{"allow":["GET"]}}],"collection":[{"href":"https:\/\/www.feuerwehr-aigen.at\/index.php?rest_route=\/wp\/v2\/pages"}],"about":[{"href":"https:\/\/www.feuerwehr-aigen.at\/index.php?rest_route=\/wp\/v2\/types\/page"}],"author":[{"embeddable":true,"href":"https:\/\/www.feuerwehr-aigen.at\/index.php?rest_route=\/wp\/v2\/users\/1"}],"replies":[{"embeddable":true,"href":"https:\/\/www.feuerwehr-aigen.at\/index.php?rest_route=%2Fwp%2Fv2%2Fcomments&post=362"}],"version-history":[{"count":5,"href":"https:\/\/www.feuerwehr-aigen.at\/index.php?rest_route=\/wp\/v2\/pages\/362\/revisions"}],"predecessor-version":[{"id":2823,"href":"https:\/\/www.feuerwehr-aigen.at\/index.php?rest_route=\/wp\/v2\/pages\/362\/revisions\/2823"}],"up":[{"embeddable":true,"href":"https:\/\/www.feuerwehr-aigen.at\/index.php?rest_route=\/wp\/v2\/pages\/308"}],"wp:attachment":[{"href":"https:\/\/www.feuerwehr-aigen.at\/index.php?rest_route=%2Fwp%2Fv2%2Fmedia&parent=362"}],"curies":[{"name":"wp","href":"https:\/\/api.w.org\/{rel}","templated":true}]}}