{"id":3566,"date":"2018-12-29T19:45:03","date_gmt":"2018-12-29T18:45:03","guid":{"rendered":"http:\/\/www.feuerwehr-aigen.at\/?page_id=3566"},"modified":"2018-12-29T19:58:09","modified_gmt":"2018-12-29T18:58:09","slug":"einsatztagebuecher-2019","status":"publish","type":"page","link":"https:\/\/www.feuerwehr-aigen.at\/?page_id=3566","title":{"rendered":"Einsatztageb\u00fccher 2019"},"content":{"rendered":"<p>Hier gelangen Sie zu unseren \u00dcbersichten \u00fcber:<\/p>\n<ul>\n<li><a href=\"http:\/\/www.feuerwehr-aigen.at\/?page_id=3569\">Eins\u00e4tze<\/a><\/li>\n<li><a href=\"http:\/\/www.feuerwehr-aigen.at\/?page_id=3571\">\u00dcbungen<\/a><\/li>\n<li><a href=\"http:\/\/www.feuerwehr-aigen.at\/?page_id=3573\">Sonstige T\u00e4tigkeiten\/Veranstaltungen<\/a><\/li>\n<\/ul>\n","protected":false},"excerpt":{"rendered":"<p>Hier gelangen Sie zu unseren \u00dcbersichten \u00fcber: Eins\u00e4tze \u00dcbungen Sonstige T\u00e4tigkeiten\/Veranstaltungen<\/p>\n","protected":false},"author":1,"featured_media":0,"parent":1133,"menu_order":3,"comment_status":"closed","ping_status":"closed","template":"","meta":{"footnotes":""},"class_list":["post-3566","page","type-page","status-publish","hentry"],"jetpack_sharing_enabled":true,"_links":{"self":[{"href":"https:\/\/www.feuerwehr-aigen.at\/index.php?rest_route=\/wp\/v2\/pages\/3566","targetHints":{"allow":["GET"]}}],"collection":[{"href":"https:\/\/www.feuerwehr-aigen.at\/index.php?rest_route=\/wp\/v2\/pages"}],"about":[{"href":"https:\/\/www.feuerwehr-aigen.at\/index.php?rest_route=\/wp\/v2\/types\/page"}],"author":[{"embeddable":true,"href":"https:\/\/www.feuerwehr-aigen.at\/index.php?rest_route=\/wp\/v2\/users\/1"}],"replies":[{"embeddable":true,"href":"https:\/\/www.feuerwehr-aigen.at\/index.php?rest_route=%2Fwp%2Fv2%2Fcomments&post=3566"}],"version-history":[{"count":3,"href":"https:\/\/www.feuerwehr-aigen.at\/index.php?rest_route=\/wp\/v2\/pages\/3566\/revisions"}],"predecessor-version":[{"id":3580,"href":"https:\/\/www.feuerwehr-aigen.at\/index.php?rest_route=\/wp\/v2\/pages\/3566\/revisions\/3580"}],"up":[{"embeddable":true,"href":"https:\/\/www.feuerwehr-aigen.at\/index.php?rest_route=\/wp\/v2\/pages\/1133"}],"wp:attachment":[{"href":"https:\/\/www.feuerwehr-aigen.at\/index.php?rest_route=%2Fwp%2Fv2%2Fmedia&parent=3566"}],"curies":[{"name":"wp","href":"https:\/\/api.w.org\/{rel}","templated":true}]}}