{"id":3324,"date":"2018-08-13T20:14:14","date_gmt":"2018-08-13T19:14:14","guid":{"rendered":"http:\/\/www.feuerwehr-aigen.at\/?page_id=3324"},"modified":"2018-08-13T20:19:26","modified_gmt":"2018-08-13T19:19:26","slug":"12-08-2018-waldbrand-loser","status":"publish","type":"page","link":"https:\/\/www.feuerwehr-aigen.at\/?page_id=3324","title":{"rendered":"12.08.2018 &#8211; Waldbrand Loser"},"content":{"rendered":"<section class=\"av_textblock_section \"  itemscope=\"itemscope\" itemtype=\"https:\/\/schema.org\/CreativeWork\" ><div class='avia_textblock  '   itemprop=\"text\" ><p><strong>Waldbrand Am Loser<br \/>\n<\/strong><\/p>\n<\/div><\/section>\n\n<style type=\"text\/css\" data-created_by=\"avia_inline_auto\" id=\"style-css-av-av_one_third-6126cab7d8fab8d08143dd2dacdf673c\">\n.flex_column.av-av_one_third-6126cab7d8fab8d08143dd2dacdf673c{\nborder-radius:0px 0px 0px 0px;\n-webkit-border-radius:0px 0px 0px 0px;\n-moz-border-radius:0px 0px 0px 0px;\n}\n<\/style>\n<div class='flex_column av-av_one_third-6126cab7d8fab8d08143dd2dacdf673c av_one_third  avia-builder-el-1  el_after_av_textblock  el_before_av_two_third  first flex_column_div av-zero-column-padding column-top-margin'   ><style type=\"text\/css\" data-created_by=\"avia_inline_auto\" id=\"style-css-av-av_image-65f742bdf07a452b40cb0d4df152cd8b\">\n.avia-image-container.av-av_image-65f742bdf07a452b40cb0d4df152cd8b .av-image-caption-overlay-center{\ncolor:#ffffff;\n}\n<\/style>\n<div  class='avia-image-container av-av_image-65f742bdf07a452b40cb0d4df152cd8b av-styling- avia-align-center  avia-builder-el-2  avia-builder-el-no-sibling  '  itemprop=\"image\" itemscope=\"itemscope\" itemtype=\"https:\/\/schema.org\/ImageObject\" ><div class=\"avia-image-container-inner\"><div class=\"avia-image-overlay-wrap\"><a href=\"https:\/\/www.feuerwehr-aigen.at\/?portfolio=12-08-2018-waldbrand-loser\" class='avia_image'  target=\"_blank\"  rel=\"noopener noreferrer\"><img class='wp-image-3328 avia-img-lazy-loading-not-3328 avia_image' src='https:\/\/www.feuerwehr-aigen.at\/wp-content\/uploads\/2018\/08\/2018-08-12-15.20.43-1-225x300.jpg' alt='' title='2018-08-12 15.20.43'  itemprop=\"thumbnailUrl\"  \/><\/a><\/div><\/div><\/div><\/div>\n<style type=\"text\/css\" data-created_by=\"avia_inline_auto\" id=\"style-css-av-av_two_third-0aa7055fe62c3622faec82866afbaeb2\">\n.flex_column.av-av_two_third-0aa7055fe62c3622faec82866afbaeb2{\nborder-radius:0px 0px 0px 0px;\n-webkit-border-radius:0px 0px 0px 0px;\n-moz-border-radius:0px 0px 0px 0px;\n}\n<\/style>\n<div class='flex_column av-av_two_third-0aa7055fe62c3622faec82866afbaeb2 av_two_third  avia-builder-el-3  el_after_av_one_third  el_before_av_one_full  flex_column_div av-zero-column-padding column-top-margin'   ><section class=\"av_textblock_section \"  itemscope=\"itemscope\" itemtype=\"https:\/\/schema.org\/CreativeWork\" ><div class='avia_textblock  '   itemprop=\"text\" ><p>Mit der Meldung \u201eWaldbrand am Loser\u2026.\u201c wurden am Sonntagmittag die Einsatzkr\u00e4fte der Feuerwehr Altaussee und Aigen im Ennstal gerufen.<\/p>\n<p>Aufmerksame Kletterer haben im Bereich des Notausstieges beim Klettersteig Sissi eine Brandstelle entdeckt und unverz\u00fcglich die Einsatzkr\u00e4fte alarmiert. Gleichzeitig versuchten sie mit Steinmaterial die ca. 5 m2 gro\u00dfe Brandfl\u00e4che abzudecken, um dem Wind keine Angriffsfl\u00e4che zu bieten.<\/p>\n<p>Seitens der FF Altaussee wurde unverz\u00fcglich \u00fcber die Leitstelle der Waldbrandst\u00fctzpunkt Aigen und ein Hubschrauber zur Unterst\u00fctzung angefordert. Der Einsatzleiter der Bergrettung alarmierte ebenfalls seine Mannschaft.<\/p>\n<p>Nach der ersten Lagebesprechung wurde die Einsatzleitung und der Treffpunkt am Parkplatz 10 am Loser eingerichtet und ein Fu\u00dftrupp (Feuerwehr und Bergrettung) Richtung Loser Gipfel in Bewegung gesetzt.<\/p>\n<p>Ein fr\u00fcherer Einsatz war nicht m\u00f6glich, da man erst den Klettersteig kontrollieren musste, ob sich nicht weitere Bergsteiger im Klettersteig befinden, hier w\u00e4re die Gefahr von Steinschlag durch die L\u00f6scharbeiten zu gro\u00df gewesen.<\/p>\n<p>Unverz\u00fcglich nach dem Eintreffen des BMI-Hubschraubers aus Graz wurde ein Erkundungsflug gemacht, anschlie\u00dfend wurden L\u00f6schrucks\u00e4cke zum Gipfel geflogen.<br \/>\nDiese wurden dann zu Fu\u00df zum Brandherd getragen und dort mit dem Abl\u00f6schen begonnen. Dabei wurde auch die obere Grasnarbe abgegraben.<br \/>\nAuf Grund der Steilheit errichtete die Bergrettung ein Seilgel\u00e4nder und \u00fcbernahm die Sicherung der Feuerwehrkr\u00e4fte.<br \/>\nNach erfolgreichem Einsatz konnte nach 2 Stunden Brand Aus gegeben werden, der Hubschrauber flog die Einsatzkr\u00e4fte wieder zur Basis zur\u00fcck.<\/p>\n<p>Als Brandursache war man von einer Nachz\u00fcndung durch die vort\u00e4gige Veranstaltung Berge in Flammen ausgegangen, dies konnte jedoch eindrucksvoll wiederlegt werden, da an dieser Stelle keine Beleuchtungsk\u00f6rper stehen und dorthin auch kein Funkenflug m\u00f6glich war. Daher mu\u00df man von einer unbekannten Brandursache ausgehen.<\/p>\n<p>Angemerkt wird hier, dass durch die rasche Alarmierung der Bergsteiger und deren Handeln mit dem Abdecken gr\u00f6\u00dferer Schaden und ein gr\u00f6\u00dferer Einsatz verhindert werden konnte.<\/p>\n<\/div><\/section><\/div><\/p>\n\n<style type=\"text\/css\" data-created_by=\"avia_inline_auto\" id=\"style-css-av-av_one_full-6126cab7d8fab8d08143dd2dacdf673c\">\n.flex_column.av-av_one_full-6126cab7d8fab8d08143dd2dacdf673c{\nborder-radius:0px 0px 0px 0px;\n-webkit-border-radius:0px 0px 0px 0px;\n-moz-border-radius:0px 0px 0px 0px;\n}\n<\/style>\n<div class='flex_column av-av_one_full-6126cab7d8fab8d08143dd2dacdf673c av_one_full  avia-builder-el-5  el_after_av_two_third  avia-builder-el-last  first flex_column_div av-zero-column-padding column-top-margin'   ><section class=\"av_textblock_section \"  itemscope=\"itemscope\" itemtype=\"https:\/\/schema.org\/CreativeWork\" ><div class='avia_textblock  '   itemprop=\"text\" ><p><span style=\"text-decoration: underline;\">Eingesetzt waren:<\/span><br \/>\nLKW-A mit 9 Mann<br \/>\nMTF-A mit 9 Mann<br \/>\nFF Altausse mit 3 Fahrzeugen und 21 Mann<br \/>\nBergrettung mit 9 Mann<br \/>\nHubschrauber des BMI mit 2 Mann<\/p>\n<p><a href=\"http:\/\/www.feuerwehr-aigen.at\/?portfolio=12-08-2018-waldbrand-loser\" target=\"_blank\" rel=\"noopener\">zur Bildergalerie \u00bb<\/a><\/p>\n<\/div><\/section><\/div>\n","protected":false},"excerpt":{"rendered":"","protected":false},"author":3,"featured_media":0,"parent":0,"menu_order":0,"comment_status":"closed","ping_status":"closed","template":"","meta":{"footnotes":""},"class_list":["post-3324","page","type-page","status-publish","hentry"],"jetpack_sharing_enabled":true,"_links":{"self":[{"href":"https:\/\/www.feuerwehr-aigen.at\/index.php?rest_route=\/wp\/v2\/pages\/3324","targetHints":{"allow":["GET"]}}],"collection":[{"href":"https:\/\/www.feuerwehr-aigen.at\/index.php?rest_route=\/wp\/v2\/pages"}],"about":[{"href":"https:\/\/www.feuerwehr-aigen.at\/index.php?rest_route=\/wp\/v2\/types\/page"}],"author":[{"embeddable":true,"href":"https:\/\/www.feuerwehr-aigen.at\/index.php?rest_route=\/wp\/v2\/users\/3"}],"replies":[{"embeddable":true,"href":"https:\/\/www.feuerwehr-aigen.at\/index.php?rest_route=%2Fwp%2Fv2%2Fcomments&post=3324"}],"version-history":[{"count":3,"href":"https:\/\/www.feuerwehr-aigen.at\/index.php?rest_route=\/wp\/v2\/pages\/3324\/revisions"}],"predecessor-version":[{"id":3332,"href":"https:\/\/www.feuerwehr-aigen.at\/index.php?rest_route=\/wp\/v2\/pages\/3324\/revisions\/3332"}],"wp:attachment":[{"href":"https:\/\/www.feuerwehr-aigen.at\/index.php?rest_route=%2Fwp%2Fv2%2Fmedia&parent=3324"}],"curies":[{"name":"wp","href":"https:\/\/api.w.org\/{rel}","templated":true}]}}