{"id":3200,"date":"2018-05-07T06:22:29","date_gmt":"2018-05-07T05:22:29","guid":{"rendered":"http:\/\/www.feuerwehr-aigen.at\/?page_id=3200"},"modified":"2018-05-10T06:27:12","modified_gmt":"2018-05-10T05:27:12","slug":"06-05-2018-florianikirchgang-in-aigen","status":"publish","type":"page","link":"https:\/\/www.feuerwehr-aigen.at\/?page_id=3200","title":{"rendered":"06.05.2018 &#8211; Florianikirchgang in Aigen"},"content":{"rendered":"<section class=\"av_textblock_section \"  itemscope=\"itemscope\" itemtype=\"https:\/\/schema.org\/CreativeWork\" ><div class='avia_textblock  '   itemprop=\"text\" ><p><strong>Florianitag der Parre Irdning<br \/>\n<\/strong><\/p>\n<\/div><\/section>\n\n<style type=\"text\/css\" data-created_by=\"avia_inline_auto\" id=\"style-css-av-av_one_third-6126cab7d8fab8d08143dd2dacdf673c\">\n.flex_column.av-av_one_third-6126cab7d8fab8d08143dd2dacdf673c{\nborder-radius:0px 0px 0px 0px;\n-webkit-border-radius:0px 0px 0px 0px;\n-moz-border-radius:0px 0px 0px 0px;\n}\n<\/style>\n<div class='flex_column av-av_one_third-6126cab7d8fab8d08143dd2dacdf673c av_one_third  avia-builder-el-1  el_after_av_textblock  el_before_av_two_third  first flex_column_div av-zero-column-padding column-top-margin'   ><style type=\"text\/css\" data-created_by=\"avia_inline_auto\" id=\"style-css-av-av_image-d391710fc4b3bdd65c5be81afcfedb05\">\n.avia-image-container.av-av_image-d391710fc4b3bdd65c5be81afcfedb05 .av-image-caption-overlay-center{\ncolor:#ffffff;\n}\n<\/style>\n<div  class='avia-image-container av-av_image-d391710fc4b3bdd65c5be81afcfedb05 av-styling- avia-align-center  avia-builder-el-2  avia-builder-el-no-sibling  '  itemprop=\"image\" itemscope=\"itemscope\" itemtype=\"https:\/\/schema.org\/ImageObject\" ><div class=\"avia-image-container-inner\"><div class=\"avia-image-overlay-wrap\"><a href=\"https:\/\/www.feuerwehr-aigen.at\/?portfolio=06-05-2018-florianikirchgang-aigen-im-ennstal\" class='avia_image'  target=\"_blank\"  rel=\"noopener noreferrer\"><img class='wp-image-3206 avia-img-lazy-loading-not-3206 avia_image' src='https:\/\/www.feuerwehr-aigen.at\/wp-content\/uploads\/2018\/05\/FGV-5135-180x180.jpg' alt='' title='FGV-5135'  itemprop=\"thumbnailUrl\"  \/><\/a><\/div><\/div><\/div><\/div>\n\n<style type=\"text\/css\" data-created_by=\"avia_inline_auto\" id=\"style-css-av-av_two_third-0aa7055fe62c3622faec82866afbaeb2\">\n.flex_column.av-av_two_third-0aa7055fe62c3622faec82866afbaeb2{\nborder-radius:0px 0px 0px 0px;\n-webkit-border-radius:0px 0px 0px 0px;\n-moz-border-radius:0px 0px 0px 0px;\n}\n<\/style>\n<div class='flex_column av-av_two_third-0aa7055fe62c3622faec82866afbaeb2 av_two_third  avia-builder-el-3  el_after_av_one_third  el_before_av_one_full  flex_column_div av-zero-column-padding column-top-margin'   ><section class=\"av_textblock_section \"  itemscope=\"itemscope\" itemtype=\"https:\/\/schema.org\/CreativeWork\" ><div class='avia_textblock  '   itemprop=\"text\" ><p>Am Sonntag den 06. Mai hielten die Feuerwehren der Pfarre Irdning ihren Florianitag 2018 ab.<\/p>\n<p>Unter der F\u00fchrung der Freiwilligen Feuerwehr Aigen im Ennstal wurde auch dieses Jahr dem Schutzpatron der Feuerwehrleute, dem Heiligen Florian, in der Florianikirche Aigen gedacht.<\/p>\n<p>Zahlreiche Kameraden der Pfarre Irdning folgten dieser Einladung.<\/p>\n<p>Den Gottesdienst zelebrierte Pfarrer Herbert Prochazka, welcher sich f\u00fcr den geleisteten Hochwassereinsatz im Namen der Gemeinschaft bedankte und auch f\u00fcr den Segen im kommenden Jahr bittet.<\/p>\n<p>Im Anschluss an den Gottesdienst fand bei herrlichem Wetter die Auszeichnung verdienter Kameraden statt, welcher durch die Musikkappelle Aigen\/E umrahmt wurde.<\/p>\n<p>HBI Dietmar Wundersamer konnte unter den Ehreng\u00e4sten die B\u00fcrgermeister Raimund Hager und Herbert Gugganig, Ehren Abschnittsbrandinspektor Helmut Sam sowie den Abschnittskommandant Raimund Rojer auf das herzlichste Begr\u00fc\u00dfen.<\/p>\n<p>Auszeichnungen im Feuerwehrwesen und vom Land Steiermark wurden an verdiente Kameraden \u00fcbergeben.<\/p>\n<p>Eine besondere Ehrung wurde<strong> LM Walter Stocker, LM Hummerlechner Ernst und HFM Wenzel Lemmerer<\/strong> zu teil, welche das <span style=\"text-decoration: underline;\"><strong>Ehrenzeichen<\/strong> <strong>f\u00fcr 70 j\u00e4hrige, eifrige und ersprie\u00dfliche T\u00e4tigkeit auf dem Gebiet des Feuerwehr- und Rettungswesen erhielten.<\/strong><\/span><br \/>\nSie d\u00fcrfen diese Auszeichnung zu Recht mit Stolz tragen und damit zeigen, da\u00df sie schon jahrelang gem\u00e4\u00df ihrem Wahlspruch &#8222;Gott zur Ehr, dem N\u00e4chsten zur Wehr&#8220; verantwortungsvoll ihre freiwillig \u00fcbernommenen\u00a0 Aufgaben erf\u00fcllen.<br \/>\n<strong><span style=\"text-decoration: underline;\">Die weiteren Ausgezeichneten:<\/span><\/strong><br \/>\n<strong> <span style=\"text-decoration: underline;\">25 Jahre:<\/span><\/strong><br \/>\nOBI d. F. Fritz Josef jun.<br \/>\nOLM d.V Reiter Martin<\/p>\n<p><strong><span style=\"text-decoration: underline;\">50 Jahre:<\/span><\/strong><br \/>\nHLM Radlingmaier Englbert<\/p>\n<p><strong><span style=\"text-decoration: underline;\">Verdienstzeichen LFV Bronze:<\/span><\/strong><br \/>\nLM d.F. Tiefenbacher Daniel<br \/>\nLM d.F. Th\u00f6ringer Alexander<br \/>\nHFM\u00a0\u00a0\u00a0\u00a0\u00a0 Strobl Manfred<\/p>\n<p><strong><span style=\"text-decoration: underline;\">Katastrophenhilfsmedaille in Bronze:<\/span><\/strong><br \/>\nHBI\u00a0\u00a0\u00a0\u00a0\u00a0\u00a0\u00a0\u00a0\u00a0 Wundersamer Dietmar<br \/>\nOBI a.D.\u00a0 \u00a0Tiefenbacher Manfred<br \/>\nOBI d.F.\u00a0 \u00a0Fritz Josef jun.<br \/>\nBM\u00a0\u00a0\u00a0\u00a0\u00a0\u00a0\u00a0\u00a0\u00a0\u00a0\u00a0 Muckenhofer Bernd<br \/>\nBMd.V\u00a0\u00a0\u00a0\u00a0\u00a0 Wundersamer Harald<br \/>\nHLM\u00a0\u00a0\u00a0\u00a0\u00a0\u00a0\u00a0\u00a0 Kerschhaggl Hannes<br \/>\nLMd.F\u00a0\u00a0\u00a0\u00a0\u00a0 Tiefenbacher Daniel<br \/>\nLMd.F\u00a0\u00a0\u00a0\u00a0 \u00a0Th\u00f6ringer Alexander<br \/>\nLMd.F\u00a0\u00a0\u00a0\u00a0\u00a0 Komatz Thomas<br \/>\nOFM\u00a0\u00a0\u00a0\u00a0\u00a0\u00a0\u00a0\u00a0Mandlberger Albert<\/p>\n<p><span style=\"text-decoration: underline;\"><strong>Katastrophenhilfsmedaille in Silber:<\/strong><\/span><br \/>\nBId.F. Hollinger Christian<\/p>\n<p>Nach den Auszeichnungen erfolgte das Abr\u00fccken zum Fahnenversorgen sowie zum gemeinsamen Mittagessen bei gem\u00fctlichen Stunden unter verdienten Kameraden.<\/p>\n<\/div><\/section><\/div>\n<style type=\"text\/css\" data-created_by=\"avia_inline_auto\" id=\"style-css-av-av_one_full-6126cab7d8fab8d08143dd2dacdf673c\">\n.flex_column.av-av_one_full-6126cab7d8fab8d08143dd2dacdf673c{\nborder-radius:0px 0px 0px 0px;\n-webkit-border-radius:0px 0px 0px 0px;\n-moz-border-radius:0px 0px 0px 0px;\n}\n<\/style>\n<div class='flex_column av-av_one_full-6126cab7d8fab8d08143dd2dacdf673c av_one_full  avia-builder-el-5  el_after_av_two_third  avia-builder-el-last  first flex_column_div av-zero-column-padding column-top-margin'   ><section class=\"av_textblock_section \"  itemscope=\"itemscope\" itemtype=\"https:\/\/schema.org\/CreativeWork\" ><div class='avia_textblock  '   itemprop=\"text\" ><p><a href=\"http:\/\/www.feuerwehr-aigen.at\/?portfolio=06-05-2018-florianikirchgang-aigen-im-ennstal\" target=\"_blank\" rel=\"noopener\">zur Bildergalerie \u00bb<\/a><\/p>\n<\/div><\/section><\/div><\/p>\n","protected":false},"excerpt":{"rendered":"","protected":false},"author":3,"featured_media":0,"parent":0,"menu_order":0,"comment_status":"closed","ping_status":"closed","template":"","meta":{"footnotes":""},"class_list":["post-3200","page","type-page","status-publish","hentry"],"jetpack_sharing_enabled":true,"_links":{"self":[{"href":"https:\/\/www.feuerwehr-aigen.at\/index.php?rest_route=\/wp\/v2\/pages\/3200","targetHints":{"allow":["GET"]}}],"collection":[{"href":"https:\/\/www.feuerwehr-aigen.at\/index.php?rest_route=\/wp\/v2\/pages"}],"about":[{"href":"https:\/\/www.feuerwehr-aigen.at\/index.php?rest_route=\/wp\/v2\/types\/page"}],"author":[{"embeddable":true,"href":"https:\/\/www.feuerwehr-aigen.at\/index.php?rest_route=\/wp\/v2\/users\/3"}],"replies":[{"embeddable":true,"href":"https:\/\/www.feuerwehr-aigen.at\/index.php?rest_route=%2Fwp%2Fv2%2Fcomments&post=3200"}],"version-history":[{"count":8,"href":"https:\/\/www.feuerwehr-aigen.at\/index.php?rest_route=\/wp\/v2\/pages\/3200\/revisions"}],"predecessor-version":[{"id":3227,"href":"https:\/\/www.feuerwehr-aigen.at\/index.php?rest_route=\/wp\/v2\/pages\/3200\/revisions\/3227"}],"wp:attachment":[{"href":"https:\/\/www.feuerwehr-aigen.at\/index.php?rest_route=%2Fwp%2Fv2%2Fmedia&parent=3200"}],"curies":[{"name":"wp","href":"https:\/\/api.w.org\/{rel}","templated":true}]}}