{"id":3107,"date":"2018-02-09T11:50:18","date_gmt":"2018-02-09T10:50:18","guid":{"rendered":"http:\/\/www.feuerwehr-aigen.at\/?page_id=3107"},"modified":"2018-02-09T11:51:21","modified_gmt":"2018-02-09T10:51:21","slug":"4-februar-117-wehrversammlung-ff-aigen","status":"publish","type":"page","link":"https:\/\/www.feuerwehr-aigen.at\/?page_id=3107","title":{"rendered":"4. Februar &#8211; Wehrversammlung FF Aigen"},"content":{"rendered":"<section class=\"av_textblock_section \"  itemscope=\"itemscope\" itemtype=\"https:\/\/schema.org\/CreativeWork\" ><div class='avia_textblock  '   itemprop=\"text\" ><p><strong>117. Wehrversammlung der Freiwilligen Feuerwehr Aigen im Ennstal<\/strong><\/p>\n<\/div><\/section>\n\n<style type=\"text\/css\" data-created_by=\"avia_inline_auto\" id=\"style-css-av-av_one_third-6126cab7d8fab8d08143dd2dacdf673c\">\n.flex_column.av-av_one_third-6126cab7d8fab8d08143dd2dacdf673c{\nborder-radius:0px 0px 0px 0px;\n-webkit-border-radius:0px 0px 0px 0px;\n-moz-border-radius:0px 0px 0px 0px;\n}\n<\/style>\n<div class='flex_column av-av_one_third-6126cab7d8fab8d08143dd2dacdf673c av_one_third  avia-builder-el-1  el_after_av_textblock  el_before_av_two_third  first flex_column_div av-zero-column-padding column-top-margin'   ><style type=\"text\/css\" data-created_by=\"avia_inline_auto\" id=\"style-css-av-av_image-c61532d03b42f9f325236c003d925205\">\n.avia-image-container.av-av_image-c61532d03b42f9f325236c003d925205 .av-image-caption-overlay-center{\ncolor:#ffffff;\n}\n<\/style>\n<div  class='avia-image-container av-av_image-c61532d03b42f9f325236c003d925205 av-styling- avia-align-center  avia-builder-el-2  avia-builder-el-no-sibling  '  itemprop=\"image\" itemscope=\"itemscope\" itemtype=\"https:\/\/schema.org\/ImageObject\" ><div class=\"avia-image-container-inner\"><div class=\"avia-image-overlay-wrap\"><img class='avia-img-lazy-loading-not- avia_image' src='http:\/\/www.feuerwehr-aigen.at\/wp-content\/themes\/enfold\/config-templatebuilder\/avia-template-builder\/images\/placeholder.jpg' alt='' title=''   itemprop=\"thumbnailUrl\"  \/><\/div><\/div><\/div><\/div>\n\n<style type=\"text\/css\" data-created_by=\"avia_inline_auto\" id=\"style-css-av-av_two_third-0aa7055fe62c3622faec82866afbaeb2\">\n.flex_column.av-av_two_third-0aa7055fe62c3622faec82866afbaeb2{\nborder-radius:0px 0px 0px 0px;\n-webkit-border-radius:0px 0px 0px 0px;\n-moz-border-radius:0px 0px 0px 0px;\n}\n<\/style>\n<div class='flex_column av-av_two_third-0aa7055fe62c3622faec82866afbaeb2 av_two_third  avia-builder-el-3  el_after_av_one_third  el_before_av_one_full  flex_column_div av-zero-column-padding column-top-margin'   ><section class=\"av_textblock_section \"  itemscope=\"itemscope\" itemtype=\"https:\/\/schema.org\/CreativeWork\" ><div class='avia_textblock  '   itemprop=\"text\" ><p>Am Sonntag dem 04.02.2018 hielt die FF Aigen\/E ihre diesj\u00e4hrige Wehrversammlung im Gasthaus Kirchenwirt ab.<\/p>\n<p>In seinen Gru\u00dfworten konnte HBI Dietmar Wundersamer den neu gew\u00e4hlten Abschnittskommandanten ABI Raimund Rojer, B\u00fcrgermeister Raimund Hager und die Ehrendienstgrade auf das allerherzlichste Begr\u00fc\u00dfen.<br \/>\nNach dem Gedenken an verstorbene Kameraden erfolge die Verlesung des letzten Sitzungsprotokolls.<\/p>\n<p>Im Anschluss erfolgte der Bericht des Feuerwehrkommandanten, aus dem hervorging, dass die Feuerwehr im vergangenen Jahr zu 87 Eins\u00e4tzen,44 \u00dcbungen und 165 sonstigen T\u00e4tigkeiten mit insgesamt 11083 Stunden und 5083 gefahrene km mit den Einsatzfahrzeugen ausr\u00fccken musste.<br \/>\nWeiters wurde bei der Branddienstleistungspr\u00fcfung in Bronze,Silber und Gold mit 21 Mann erfolgreich teilgenommen.Ebenso wurde bei der Sandienstleistungspr\u00fcfung in Gold mit Erfolg teilgenommen,.<\/p>\n<p>Die Sonderbeauftragten der Feuerwehr berichteten \u00fcber ihre T\u00e4tigkeiten im Bereich Jugend, Funk, Atemschutz, Flugdienst, Sanit\u00e4t, Senioren und Ausbildung.<br \/>\nDer Bericht des Kassiers ergab eine positive Kassengebarung was auch die Kassenpr\u00fcfer best\u00e4tigten.<\/p>\n<p>Bef\u00f6rdert zum Brandmeister wurde Bernd Muckenhofer, zum L\u00f6schmeister die Gruppenkommandanten Michael Fritz und Arndt Pollin, zum L\u00f6schmeister des Fachdienstes Thomas Komatz und zum Hauptfeuerwehrmann Veronika Winner.<br \/>\nSusanne Binder wurde zum Gruppenkommandant der Feuerwehrjugend ernannt.<\/p>\n<p>Bgm. Raimund Hager \u00fcberbrachte die Gru\u00dfworte der Gemeinde Aigen und dankte der Feuerwehr f\u00fcr die ausgesprochen gute Zusammenarbeit.<br \/>\nWeiters sprach er an, wie wichtig die Aus- und Weiterbildung im Atemschutz und Jugendarbeit ist.<\/p>\n<p>Abschlie\u00dfend stellte sich der neugew\u00e4hlte Abschnittsbrandinspektor ABI Raimund Rojer kurz vor, \u00fcberbrachte die Gru\u00dfworte des Landes und berichtete \u00fcber die Termine im kommenden Jahr.<\/p>\n<\/div><\/section><\/div>\n\n<style type=\"text\/css\" data-created_by=\"avia_inline_auto\" id=\"style-css-av-av_one_full-6126cab7d8fab8d08143dd2dacdf673c\">\n.flex_column.av-av_one_full-6126cab7d8fab8d08143dd2dacdf673c{\nborder-radius:0px 0px 0px 0px;\n-webkit-border-radius:0px 0px 0px 0px;\n-moz-border-radius:0px 0px 0px 0px;\n}\n<\/style>\n<div class='flex_column av-av_one_full-6126cab7d8fab8d08143dd2dacdf673c av_one_full  avia-builder-el-5  el_after_av_two_third  avia-builder-el-last  first flex_column_div av-zero-column-padding column-top-margin'   ><section class=\"av_textblock_section \"  itemscope=\"itemscope\" itemtype=\"https:\/\/schema.org\/CreativeWork\" ><div class='avia_textblock  '   itemprop=\"text\" ><\/div><\/section><\/div>\n","protected":false},"excerpt":{"rendered":"","protected":false},"author":3,"featured_media":0,"parent":0,"menu_order":0,"comment_status":"closed","ping_status":"closed","template":"","meta":{"footnotes":""},"class_list":["post-3107","page","type-page","status-publish","hentry"],"jetpack_sharing_enabled":true,"_links":{"self":[{"href":"https:\/\/www.feuerwehr-aigen.at\/index.php?rest_route=\/wp\/v2\/pages\/3107","targetHints":{"allow":["GET"]}}],"collection":[{"href":"https:\/\/www.feuerwehr-aigen.at\/index.php?rest_route=\/wp\/v2\/pages"}],"about":[{"href":"https:\/\/www.feuerwehr-aigen.at\/index.php?rest_route=\/wp\/v2\/types\/page"}],"author":[{"embeddable":true,"href":"https:\/\/www.feuerwehr-aigen.at\/index.php?rest_route=\/wp\/v2\/users\/3"}],"replies":[{"embeddable":true,"href":"https:\/\/www.feuerwehr-aigen.at\/index.php?rest_route=%2Fwp%2Fv2%2Fcomments&post=3107"}],"version-history":[{"count":4,"href":"https:\/\/www.feuerwehr-aigen.at\/index.php?rest_route=\/wp\/v2\/pages\/3107\/revisions"}],"predecessor-version":[{"id":3111,"href":"https:\/\/www.feuerwehr-aigen.at\/index.php?rest_route=\/wp\/v2\/pages\/3107\/revisions\/3111"}],"wp:attachment":[{"href":"https:\/\/www.feuerwehr-aigen.at\/index.php?rest_route=%2Fwp%2Fv2%2Fmedia&parent=3107"}],"curies":[{"name":"wp","href":"https:\/\/api.w.org\/{rel}","templated":true}]}}

<section class="av_textblock_section "  itemscope="itemscope" itemtype="https://schema.org/CreativeWork" ><div class='avia_textblock  '   itemprop="text" ><p><strong>117. Wehrversammlung der Freiwilligen Feuerwehr Aigen im Ennstal</strong></p>
</div></section>

<style type="text/css" data-created_by="avia_inline_auto" id="style-css-av-av_one_third-6126cab7d8fab8d08143dd2dacdf673c">
.flex_column.av-av_one_third-6126cab7d8fab8d08143dd2dacdf673c{
border-radius:0px 0px 0px 0px;
-webkit-border-radius:0px 0px 0px 0px;
-moz-border-radius:0px 0px 0px 0px;
}
</style>
<div class='flex_column av-av_one_third-6126cab7d8fab8d08143dd2dacdf673c av_one_third  avia-builder-el-1  el_after_av_textblock  el_before_av_two_third  first flex_column_div av-zero-column-padding column-top-margin'   ><style type="text/css" data-created_by="avia_inline_auto" id="style-css-av-av_image-c61532d03b42f9f325236c003d925205">
.avia-image-container.av-av_image-c61532d03b42f9f325236c003d925205 .av-image-caption-overlay-center{
color:#ffffff;
}
</style>
<div  class='avia-image-container av-av_image-c61532d03b42f9f325236c003d925205 av-styling- avia-align-center  avia-builder-el-2  avia-builder-el-no-sibling  '  itemprop="image" itemscope="itemscope" itemtype="https://schema.org/ImageObject" ><div class="avia-image-container-inner"><div class="avia-image-overlay-wrap"><img class='avia-img-lazy-loading-not- avia_image' src='http://www.feuerwehr-aigen.at/wp-content/themes/enfold/config-templatebuilder/avia-template-builder/images/placeholder.jpg' alt='' title=''   itemprop="thumbnailUrl"  /></div></div></div></div>

<style type="text/css" data-created_by="avia_inline_auto" id="style-css-av-av_two_third-0aa7055fe62c3622faec82866afbaeb2">
.flex_column.av-av_two_third-0aa7055fe62c3622faec82866afbaeb2{
border-radius:0px 0px 0px 0px;
-webkit-border-radius:0px 0px 0px 0px;
-moz-border-radius:0px 0px 0px 0px;
}
</style>
<div class='flex_column av-av_two_third-0aa7055fe62c3622faec82866afbaeb2 av_two_third  avia-builder-el-3  el_after_av_one_third  el_before_av_one_full  flex_column_div av-zero-column-padding column-top-margin'   ><section class="av_textblock_section "  itemscope="itemscope" itemtype="https://schema.org/CreativeWork" ><div class='avia_textblock  '   itemprop="text" ><p>Am Sonntag dem 04.02.2018 hielt die FF Aigen/E ihre diesjährige Wehrversammlung im Gasthaus Kirchenwirt ab.</p>
<p>In seinen Grußworten konnte HBI Dietmar Wundersamer den neu gewählten Abschnittskommandanten ABI Raimund Rojer, Bürgermeister Raimund Hager und die Ehrendienstgrade auf das allerherzlichste Begrüßen.<br />
Nach dem Gedenken an verstorbene Kameraden erfolge die Verlesung des letzten Sitzungsprotokolls.</p>
<p>Im Anschluss erfolgte der Bericht des Feuerwehrkommandanten, aus dem hervorging, dass die Feuerwehr im vergangenen Jahr zu 87 Einsätzen,44 Übungen und 165 sonstigen Tätigkeiten mit insgesamt 11083 Stunden und 5083 gefahrene km mit den Einsatzfahrzeugen ausrücken musste.<br />
Weiters wurde bei der Branddienstleistungsprüfung in Bronze,Silber und Gold mit 21 Mann erfolgreich teilgenommen.Ebenso wurde bei der Sandienstleistungsprüfung in Gold mit Erfolg teilgenommen,.</p>
<p>Die Sonderbeauftragten der Feuerwehr berichteten über ihre Tätigkeiten im Bereich Jugend, Funk, Atemschutz, Flugdienst, Sanität, Senioren und Ausbildung.<br />
Der Bericht des Kassiers ergab eine positive Kassengebarung was auch die Kassenprüfer bestätigten.</p>
<p>Befördert zum Brandmeister wurde Bernd Muckenhofer, zum Löschmeister die Gruppenkommandanten Michael Fritz und Arndt Pollin, zum Löschmeister des Fachdienstes Thomas Komatz und zum Hauptfeuerwehrmann Veronika Winner.<br />
Susanne Binder wurde zum Gruppenkommandant der Feuerwehrjugend ernannt.</p>
<p>Bgm. Raimund Hager überbrachte die Grußworte der Gemeinde Aigen und dankte der Feuerwehr für die ausgesprochen gute Zusammenarbeit.<br />
Weiters sprach er an, wie wichtig die Aus- und Weiterbildung im Atemschutz und Jugendarbeit ist.</p>
<p>Abschließend stellte sich der neugewählte Abschnittsbrandinspektor ABI Raimund Rojer kurz vor, überbrachte die Grußworte des Landes und berichtete über die Termine im kommenden Jahr.</p>
</div></section></div>

<style type="text/css" data-created_by="avia_inline_auto" id="style-css-av-av_one_full-6126cab7d8fab8d08143dd2dacdf673c">
.flex_column.av-av_one_full-6126cab7d8fab8d08143dd2dacdf673c{
border-radius:0px 0px 0px 0px;
-webkit-border-radius:0px 0px 0px 0px;
-moz-border-radius:0px 0px 0px 0px;
}
</style>
<div class='flex_column av-av_one_full-6126cab7d8fab8d08143dd2dacdf673c av_one_full  avia-builder-el-5  el_after_av_two_third  avia-builder-el-last  first flex_column_div av-zero-column-padding column-top-margin'   ><section class="av_textblock_section "  itemscope="itemscope" itemtype="https://schema.org/CreativeWork" ><div class='avia_textblock  '   itemprop="text" ></div></section></div>
