{"id":3052,"date":"2018-01-28T14:03:52","date_gmt":"2018-01-28T13:03:52","guid":{"rendered":"http:\/\/www.feuerwehr-aigen.at\/?page_id=3052"},"modified":"2018-01-28T15:35:21","modified_gmt":"2018-01-28T14:35:21","slug":"27-01-2018-preiswatten","status":"publish","type":"page","link":"https:\/\/www.feuerwehr-aigen.at\/?page_id=3052","title":{"rendered":"27.01.2018 &#8211; Preiswatten 2018"},"content":{"rendered":"<section class=\"av_textblock_section \"  itemscope=\"itemscope\" itemtype=\"https:\/\/schema.org\/CreativeWork\" ><div class='avia_textblock  '   itemprop=\"text\" ><p><strong>27.01.2018 &#8211; Wattturnier der Freiwilligen Feuerwehr Aigen im Ennstal<\/strong><\/p>\n<\/div><\/section>\n\n<style type=\"text\/css\" data-created_by=\"avia_inline_auto\" id=\"style-css-av-av_one_third-6126cab7d8fab8d08143dd2dacdf673c\">\n.flex_column.av-av_one_third-6126cab7d8fab8d08143dd2dacdf673c{\nborder-radius:0px 0px 0px 0px;\n-webkit-border-radius:0px 0px 0px 0px;\n-moz-border-radius:0px 0px 0px 0px;\n}\n<\/style>\n<div class='flex_column av-av_one_third-6126cab7d8fab8d08143dd2dacdf673c av_one_third  avia-builder-el-1  el_after_av_textblock  el_before_av_two_third  first flex_column_div av-zero-column-padding column-top-margin'   ><style type=\"text\/css\" data-created_by=\"avia_inline_auto\" id=\"style-css-av-av_image-9685d588007a27c37577b4b3f4de2252\">\n.avia-image-container.av-av_image-9685d588007a27c37577b4b3f4de2252 .av-image-caption-overlay-center{\ncolor:#ffffff;\n}\n<\/style>\n<div  class='avia-image-container av-av_image-9685d588007a27c37577b4b3f4de2252 av-styling- avia-align-center  avia-builder-el-2  avia-builder-el-no-sibling  '  itemprop=\"image\" itemscope=\"itemscope\" itemtype=\"https:\/\/schema.org\/ImageObject\" ><div class=\"avia-image-container-inner\"><div class=\"avia-image-overlay-wrap\"><a href=\"https:\/\/www.feuerwehr-aigen.at\/?portfolio=3068\" class='avia_image'  target=\"_blank\"  rel=\"noopener noreferrer\"><img class='wp-image-3055 avia-img-lazy-loading-not-3055 avia_image' src='https:\/\/www.feuerwehr-aigen.at\/wp-content\/uploads\/2018\/01\/Watttunier-2018-11-180x180.jpg' alt='' title='Watttunier 2018 (11)'  itemprop=\"thumbnailUrl\"  \/><\/a><\/div><\/div><\/div><\/div>\n\n<style type=\"text\/css\" data-created_by=\"avia_inline_auto\" id=\"style-css-av-av_two_third-0aa7055fe62c3622faec82866afbaeb2\">\n.flex_column.av-av_two_third-0aa7055fe62c3622faec82866afbaeb2{\nborder-radius:0px 0px 0px 0px;\n-webkit-border-radius:0px 0px 0px 0px;\n-moz-border-radius:0px 0px 0px 0px;\n}\n<\/style>\n<div class='flex_column av-av_two_third-0aa7055fe62c3622faec82866afbaeb2 av_two_third  avia-builder-el-3  el_after_av_one_third  el_before_av_one_full  flex_column_div av-zero-column-padding column-top-margin'   ><section class=\"av_textblock_section \"  itemscope=\"itemscope\" itemtype=\"https:\/\/schema.org\/CreativeWork\" ><div class='avia_textblock  '   itemprop=\"text\" ><p>Am Samstag den 27. J\u00e4nner 2018 fand das diesj\u00e4hrige Wattturnier der FF- Aigen\/E statt.<\/p>\n<p>P\u00fcnktlich um 13:00 Uhr konnte Ortskommandant HBI Dietmar Wundersamer, 26 Paarungen im R\u00fcsthaus der FF Aigen\/E willkommen hei\u00dfen.<br \/>\nGleich nach der Begr\u00fc\u00dfung wurde durch die Spielleiterin Gudrun Dicker das Spiel er\u00f6ffnet.<\/p>\n<p>Wie auch im vergangenen Jahr konnten sich einige bekannte Gesichter im Starterfeld gegen\u00fcbersitzen.<br \/>\nNach einigen Stunden, in geselliger Runde, stand der heurige Wattsieger fest.<br \/>\nBei der Siegerehrung konnte HBI Dietmar Wundersamer einige Zuschauer begr\u00fc\u00dfen, die dem Turnier einen w\u00fcrdigen Abschluss verliehen.<\/p>\n<p>Der Sieg ging an die Paarung Schober\/Zechner, am zweiten Platz landeten Kerschhaggl\/Gebeshuber und der dritte Platz ging an Baumgartner\/Hubner.<br \/>\nGeb\u00fchrenden Dank sprach der Kommandant den Organisatoren Gudrun Dicker und Josef Kerschhaggl aus.<br \/>\nEin besondere Dank ergeht jedoch an allen Sponsoren die das Turnier mit ihren Geld- und Sachpreisen zu einem tollen Event machten.<\/p>\n<p>OBI Gerald Kerschhaggl, Pressebeauftragter FF Aigen\/E<\/p>\n<\/div><\/section><\/div>\n<style type=\"text\/css\" data-created_by=\"avia_inline_auto\" id=\"style-css-av-av_one_full-6126cab7d8fab8d08143dd2dacdf673c\">\n.flex_column.av-av_one_full-6126cab7d8fab8d08143dd2dacdf673c{\nborder-radius:0px 0px 0px 0px;\n-webkit-border-radius:0px 0px 0px 0px;\n-moz-border-radius:0px 0px 0px 0px;\n}\n<\/style>\n<div class='flex_column av-av_one_full-6126cab7d8fab8d08143dd2dacdf673c av_one_full  avia-builder-el-5  el_after_av_two_third  avia-builder-el-last  first flex_column_div av-zero-column-padding column-top-margin'   ><section class=\"av_textblock_section \"  itemscope=\"itemscope\" itemtype=\"https:\/\/schema.org\/CreativeWork\" ><div class='avia_textblock  '   itemprop=\"text\" ><p><a href=\"http:\/\/www.feuerwehr-aigen.at\/?portfolio=3068\" target=\"_blank\" rel=\"noopener\">zur Bildergalerie \u00bb<\/a><\/p>\n<\/div><\/section><\/div><\/p>\n","protected":false},"excerpt":{"rendered":"","protected":false},"author":3,"featured_media":0,"parent":0,"menu_order":0,"comment_status":"closed","ping_status":"closed","template":"","meta":{"footnotes":""},"class_list":["post-3052","page","type-page","status-publish","hentry"],"jetpack_sharing_enabled":true,"_links":{"self":[{"href":"https:\/\/www.feuerwehr-aigen.at\/index.php?rest_route=\/wp\/v2\/pages\/3052","targetHints":{"allow":["GET"]}}],"collection":[{"href":"https:\/\/www.feuerwehr-aigen.at\/index.php?rest_route=\/wp\/v2\/pages"}],"about":[{"href":"https:\/\/www.feuerwehr-aigen.at\/index.php?rest_route=\/wp\/v2\/types\/page"}],"author":[{"embeddable":true,"href":"https:\/\/www.feuerwehr-aigen.at\/index.php?rest_route=\/wp\/v2\/users\/3"}],"replies":[{"embeddable":true,"href":"https:\/\/www.feuerwehr-aigen.at\/index.php?rest_route=%2Fwp%2Fv2%2Fcomments&post=3052"}],"version-history":[{"count":8,"href":"https:\/\/www.feuerwehr-aigen.at\/index.php?rest_route=\/wp\/v2\/pages\/3052\/revisions"}],"predecessor-version":[{"id":3076,"href":"https:\/\/www.feuerwehr-aigen.at\/index.php?rest_route=\/wp\/v2\/pages\/3052\/revisions\/3076"}],"wp:attachment":[{"href":"https:\/\/www.feuerwehr-aigen.at\/index.php?rest_route=%2Fwp%2Fv2%2Fmedia&parent=3052"}],"curies":[{"name":"wp","href":"https:\/\/api.w.org\/{rel}","templated":true}]}}

<section class="av_textblock_section "  itemscope="itemscope" itemtype="https://schema.org/CreativeWork" ><div class='avia_textblock  '   itemprop="text" ><p><strong>27.01.2018 &#8211; Wattturnier der Freiwilligen Feuerwehr Aigen im Ennstal</strong></p>
</div></section>

<style type="text/css" data-created_by="avia_inline_auto" id="style-css-av-av_one_third-6126cab7d8fab8d08143dd2dacdf673c">
.flex_column.av-av_one_third-6126cab7d8fab8d08143dd2dacdf673c{
border-radius:0px 0px 0px 0px;
-webkit-border-radius:0px 0px 0px 0px;
-moz-border-radius:0px 0px 0px 0px;
}
</style>
<div class='flex_column av-av_one_third-6126cab7d8fab8d08143dd2dacdf673c av_one_third  avia-builder-el-1  el_after_av_textblock  el_before_av_two_third  first flex_column_div av-zero-column-padding column-top-margin'   ><style type="text/css" data-created_by="avia_inline_auto" id="style-css-av-av_image-9685d588007a27c37577b4b3f4de2252">
.avia-image-container.av-av_image-9685d588007a27c37577b4b3f4de2252 .av-image-caption-overlay-center{
color:#ffffff;
}
</style>
<div  class='avia-image-container av-av_image-9685d588007a27c37577b4b3f4de2252 av-styling- avia-align-center  avia-builder-el-2  avia-builder-el-no-sibling  '  itemprop="image" itemscope="itemscope" itemtype="https://schema.org/ImageObject" ><div class="avia-image-container-inner"><div class="avia-image-overlay-wrap"><a href="https://www.feuerwehr-aigen.at/?portfolio=3068" class='avia_image'  target="_blank"  rel="noopener noreferrer"><img class='wp-image-3055 avia-img-lazy-loading-not-3055 avia_image' src='https://www.feuerwehr-aigen.at/wp-content/uploads/2018/01/Watttunier-2018-11-180x180.jpg' alt='' title='Watttunier 2018 (11)'  itemprop="thumbnailUrl"  /></a></div></div></div></div>

<style type="text/css" data-created_by="avia_inline_auto" id="style-css-av-av_two_third-0aa7055fe62c3622faec82866afbaeb2">
.flex_column.av-av_two_third-0aa7055fe62c3622faec82866afbaeb2{
border-radius:0px 0px 0px 0px;
-webkit-border-radius:0px 0px 0px 0px;
-moz-border-radius:0px 0px 0px 0px;
}
</style>
<div class='flex_column av-av_two_third-0aa7055fe62c3622faec82866afbaeb2 av_two_third  avia-builder-el-3  el_after_av_one_third  el_before_av_one_full  flex_column_div av-zero-column-padding column-top-margin'   ><section class="av_textblock_section "  itemscope="itemscope" itemtype="https://schema.org/CreativeWork" ><div class='avia_textblock  '   itemprop="text" ><p>Am Samstag den 27. Jänner 2018 fand das diesjährige Wattturnier der FF- Aigen/E statt.</p>
<p>Pünktlich um 13:00 Uhr konnte Ortskommandant HBI Dietmar Wundersamer, 26 Paarungen im Rüsthaus der FF Aigen/E willkommen heißen.<br />
Gleich nach der Begrüßung wurde durch die Spielleiterin Gudrun Dicker das Spiel eröffnet.</p>
<p>Wie auch im vergangenen Jahr konnten sich einige bekannte Gesichter im Starterfeld gegenübersitzen.<br />
Nach einigen Stunden, in geselliger Runde, stand der heurige Wattsieger fest.<br />
Bei der Siegerehrung konnte HBI Dietmar Wundersamer einige Zuschauer begrüßen, die dem Turnier einen würdigen Abschluss verliehen.</p>
<p>Der Sieg ging an die Paarung Schober/Zechner, am zweiten Platz landeten Kerschhaggl/Gebeshuber und der dritte Platz ging an Baumgartner/Hubner.<br />
Gebührenden Dank sprach der Kommandant den Organisatoren Gudrun Dicker und Josef Kerschhaggl aus.<br />
Ein besondere Dank ergeht jedoch an allen Sponsoren die das Turnier mit ihren Geld- und Sachpreisen zu einem tollen Event machten.</p>
<p>OBI Gerald Kerschhaggl, Pressebeauftragter FF Aigen/E</p>
</div></section></div>
<style type="text/css" data-created_by="avia_inline_auto" id="style-css-av-av_one_full-6126cab7d8fab8d08143dd2dacdf673c">
.flex_column.av-av_one_full-6126cab7d8fab8d08143dd2dacdf673c{
border-radius:0px 0px 0px 0px;
-webkit-border-radius:0px 0px 0px 0px;
-moz-border-radius:0px 0px 0px 0px;
}
</style>
<div class='flex_column av-av_one_full-6126cab7d8fab8d08143dd2dacdf673c av_one_full  avia-builder-el-5  el_after_av_two_third  avia-builder-el-last  first flex_column_div av-zero-column-padding column-top-margin'   ><section class="av_textblock_section "  itemscope="itemscope" itemtype="https://schema.org/CreativeWork" ><div class='avia_textblock  '   itemprop="text" ><p><a href="http://www.feuerwehr-aigen.at/?portfolio=3068" target="_blank" rel="noopener">zur Bildergalerie »</a></p>
</div></section></div></p>
