{"id":3001,"date":"2018-01-12T13:33:02","date_gmt":"2018-01-12T12:33:02","guid":{"rendered":"http:\/\/www.feuerwehr-aigen.at\/?page_id=3001"},"modified":"2020-01-15T20:32:54","modified_gmt":"2020-01-15T19:32:54","slug":"einsatztagebuecher-2018","status":"publish","type":"page","link":"https:\/\/www.feuerwehr-aigen.at\/?page_id=3001","title":{"rendered":"Einsatztageb\u00fccher 2018"},"content":{"rendered":"<p>Hier gelangen Sie zu unseren \u00dcbersichten \u00fcber:<\/p>\n<ul>\n<li><a href=\"http:\/\/www.feuerwehr-aigen.at\/?page_id=3003\">Eins\u00e4tze<\/a><\/li>\n<li><a href=\"http:\/\/www.feuerwehr-aigen.at\/?page_id=3005\">\u00dcbungen<\/a><\/li>\n<li><a href=\"http:\/\/www.feuerwehr-aigen.at\/?page_id=3007\">Sonstige T\u00e4tigkeiten\/Veranstaltungen<\/a><\/li>\n<\/ul>\n","protected":false},"excerpt":{"rendered":"<p>Hier gelangen Sie zu unseren \u00dcbersichten \u00fcber: Eins\u00e4tze \u00dcbungen Sonstige T\u00e4tigkeiten\/Veranstaltungen<\/p>\n","protected":false},"author":1,"featured_media":0,"parent":1133,"menu_order":4,"comment_status":"closed","ping_status":"closed","template":"","meta":{"footnotes":""},"class_list":["post-3001","page","type-page","status-publish","hentry"],"jetpack_sharing_enabled":true,"_links":{"self":[{"href":"https:\/\/www.feuerwehr-aigen.at\/index.php?rest_route=\/wp\/v2\/pages\/3001","targetHints":{"allow":["GET"]}}],"collection":[{"href":"https:\/\/www.feuerwehr-aigen.at\/index.php?rest_route=\/wp\/v2\/pages"}],"about":[{"href":"https:\/\/www.feuerwehr-aigen.at\/index.php?rest_route=\/wp\/v2\/types\/page"}],"author":[{"embeddable":true,"href":"https:\/\/www.feuerwehr-aigen.at\/index.php?rest_route=\/wp\/v2\/users\/1"}],"replies":[{"embeddable":true,"href":"https:\/\/www.feuerwehr-aigen.at\/index.php?rest_route=%2Fwp%2Fv2%2Fcomments&post=3001"}],"version-history":[{"count":2,"href":"https:\/\/www.feuerwehr-aigen.at\/index.php?rest_route=\/wp\/v2\/pages\/3001\/revisions"}],"predecessor-version":[{"id":3009,"href":"https:\/\/www.feuerwehr-aigen.at\/index.php?rest_route=\/wp\/v2\/pages\/3001\/revisions\/3009"}],"up":[{"embeddable":true,"href":"https:\/\/www.feuerwehr-aigen.at\/index.php?rest_route=\/wp\/v2\/pages\/1133"}],"wp:attachment":[{"href":"https:\/\/www.feuerwehr-aigen.at\/index.php?rest_route=%2Fwp%2Fv2%2Fmedia&parent=3001"}],"curies":[{"name":"wp","href":"https:\/\/api.w.org\/{rel}","templated":true}]}}

Einsatztagebücher 2018

<p>Hier gelangen Sie zu unseren Übersichten über:</p>
<ul>
<li><a href="http://www.feuerwehr-aigen.at/?page_id=3003">Einsätze</a></li>
<li><a href="http://www.feuerwehr-aigen.at/?page_id=3005">Übungen</a></li>
<li><a href="http://www.feuerwehr-aigen.at/?page_id=3007">Sonstige Tätigkeiten/Veranstaltungen</a></li>
</ul>

<p>Hier gelangen Sie zu unseren Übersichten über: Einsätze Übungen Sonstige Tätigkeiten/Veranstaltungen</p>
