{"id":2762,"date":"2017-08-06T08:56:36","date_gmt":"2017-08-06T07:56:36","guid":{"rendered":"http:\/\/www.feuerwehr-aigen.at\/?page_id=2762"},"modified":"2017-08-06T09:02:56","modified_gmt":"2017-08-06T08:02:56","slug":"05-08-2017-unwettereinsatz-donnersbachwald","status":"publish","type":"page","link":"https:\/\/www.feuerwehr-aigen.at\/?page_id=2762","title":{"rendered":"05.08.2017 &#8211; Unwettereinsatz Donnersbachwald"},"content":{"rendered":"<section class=\"av_textblock_section \"  itemscope=\"itemscope\" itemtype=\"https:\/\/schema.org\/CreativeWork\" ><div class='avia_textblock  '   itemprop=\"text\" ><p><strong>Starke Unwetter im Bezirk Liezen<\/strong><\/p>\n<\/div><\/section>\n\n<style type=\"text\/css\" data-created_by=\"avia_inline_auto\" id=\"style-css-av-av_one_third-6126cab7d8fab8d08143dd2dacdf673c\">\n.flex_column.av-av_one_third-6126cab7d8fab8d08143dd2dacdf673c{\nborder-radius:0px 0px 0px 0px;\n-webkit-border-radius:0px 0px 0px 0px;\n-moz-border-radius:0px 0px 0px 0px;\n}\n<\/style>\n<div class='flex_column av-av_one_third-6126cab7d8fab8d08143dd2dacdf673c av_one_third  avia-builder-el-1  el_after_av_textblock  el_before_av_two_third  first flex_column_div av-zero-column-padding column-top-margin'   ><style type=\"text\/css\" data-created_by=\"avia_inline_auto\" id=\"style-css-av-av_image-d265764dabe488962e12c38acf5dddb1\">\n.avia-image-container.av-av_image-d265764dabe488962e12c38acf5dddb1 .av-image-caption-overlay-center{\ncolor:#ffffff;\n}\n<\/style>\n<div  class='avia-image-container av-av_image-d265764dabe488962e12c38acf5dddb1 av-styling- avia-align-center  avia-builder-el-2  avia-builder-el-no-sibling  '  itemprop=\"image\" itemscope=\"itemscope\" itemtype=\"https:\/\/schema.org\/ImageObject\" ><div class=\"avia-image-container-inner\"><div class=\"avia-image-overlay-wrap\"><a href=\"https:\/\/www.feuerwehr-aigen.at\/?portfolio=2770\" class='avia_image'  target=\"_blank\"  rel=\"noopener noreferrer\"><img class='wp-image-2766 avia-img-lazy-loading-not-2766 avia_image' src='https:\/\/www.feuerwehr-aigen.at\/wp-content\/uploads\/2017\/08\/Sequenz-01_2-180x180.jpg' alt='' title='Sequenz 01_2'  itemprop=\"thumbnailUrl\"  \/><\/a><\/div><\/div><\/div><\/div>\n<style type=\"text\/css\" data-created_by=\"avia_inline_auto\" id=\"style-css-av-av_two_third-0aa7055fe62c3622faec82866afbaeb2\">\n.flex_column.av-av_two_third-0aa7055fe62c3622faec82866afbaeb2{\nborder-radius:0px 0px 0px 0px;\n-webkit-border-radius:0px 0px 0px 0px;\n-moz-border-radius:0px 0px 0px 0px;\n}\n<\/style>\n<div class='flex_column av-av_two_third-0aa7055fe62c3622faec82866afbaeb2 av_two_third  avia-builder-el-3  el_after_av_one_third  el_before_av_one_full  flex_column_div av-zero-column-padding column-top-margin'   ><section class=\"av_textblock_section \"  itemscope=\"itemscope\" itemtype=\"https:\/\/schema.org\/CreativeWork\" ><div class='avia_textblock  '   itemprop=\"text\" ><p>Aufr\u00e4umarbeiten in den Katasprophengebieten laufen auf Hochtouren<\/p>\n<p>Die Feuerwehren des Bezirkes Liezen haben alle H\u00e4nde voll zu tun, um H\u00e4user wieder bewohnbar und Stra\u00dfen wieder frei zu machen.<\/p>\n<p>Seit den fr\u00fchen Morgenstunden laufen die Aufr\u00e4umarbeiten, v.a. in den zum Katastrophengebiet erkl\u00e4rten Gemeinden Irdning-Donnersbachtal, \u00d6blarn und S\u00f6lk, auf Hochtouren. Obgleich jedoch die Hauptverkehrswege wieder freigemacht wurden, sind diese durch Untersp\u00fclungen bzw. teilweiser Zerst\u00f6rung nach wie vor nicht befahrbar und somit gro\u00dfteils gesperrt.<\/p>\n<p>Alleine in Donnersbachwald standen unter der Einsatzleitung von OBI Christian Glaser heute die Kameraden der Feuerwehren Donnersbachwald, Donnersbach, Aigen, Raumberg, Irdning, Stainach und Aigen Schulter an Schulter im Dienst an der Bev\u00f6lkerung und halfen zusammen, um Anzugreifen, wo Hilfe n\u00f6tig war. Auf die Feuerwehren Pyhrn, Stein, \u00d6blarn, Mitterberg, Gr\u00f6bming, Lengdorf, M\u00f6\u00dfna-St. Nikolai, Nieder\u00f6blarn und Liezen und Liezen-Werk, waren noch bei kleinr\u00e4umigen technischen Hilfeleistungen zugegen.<\/p>\n<p>Seit gestern Abend standen nach einem Starkregenereignis erneut 28 Feuerwehren mit 350 Mann im Unwettereinsatz Bereits seit Nachmittag war ein R\u00fcckhaltebecken am Gr\u00f6bminger Hausberg &#8222;Kammspitze&#8220; gebrochen, weshalb der in Folge \u00fcber die Ufer getretene Hofmanningbach \u00dcberflutungen in Gr\u00f6bming verursachte, die Feuerwehren pumpten zahlreiche Keller aus. 20:47 Uhr &#8211; Notruf \u00fcber von Muren eingeschlossenen PKW auf S\u00f6lkpassh\u00f6he, die alarmierten Feuerwehren konnten allerdings nicht zum Einsatzort vordringen, weil die Stra\u00dfe teilweise komplett weggerissen wurde. Die Personen (inkl. der Bewohner in den Almgebieten) sollen heute Vormittag per Hubschrauber gerettet werden.<\/p>\n<p>In der S\u00f6lk trat der Bach \u00fcber die Ufer und \u00fcberflutete weite Teile v.a. im Ortsteil Flei\u00df, ebenso wurde der Ortskern in \u00d6blarn durch eine Verklausung im Ortsgebiet \u00fcberflutet &#8211; zahlreiche Keller mussten ausgepumpt werden (\u00d6blarn), Bewohner evakuiert werden (Flei\u00df). In Donnersbachwald waren 16 Feuerwehren mit \u00fcber 100 Mann im Einsatz, nachdem es das Ortsgebiet noch weitl\u00e4ufiger als in der Nacht zuvor \u00fcberschwemmt hatte.<\/p>\n<\/div><\/section><\/div><\/p>\n\n<style type=\"text\/css\" data-created_by=\"avia_inline_auto\" id=\"style-css-av-av_one_full-6126cab7d8fab8d08143dd2dacdf673c\">\n.flex_column.av-av_one_full-6126cab7d8fab8d08143dd2dacdf673c{\nborder-radius:0px 0px 0px 0px;\n-webkit-border-radius:0px 0px 0px 0px;\n-moz-border-radius:0px 0px 0px 0px;\n}\n<\/style>\n<div class='flex_column av-av_one_full-6126cab7d8fab8d08143dd2dacdf673c av_one_full  avia-builder-el-5  el_after_av_two_third  avia-builder-el-last  first flex_column_div av-zero-column-padding column-top-margin'   ><section class=\"av_textblock_section \"  itemscope=\"itemscope\" itemtype=\"https:\/\/schema.org\/CreativeWork\" ><div class='avia_textblock  '   itemprop=\"text\" ><p><span style=\"text-decoration: underline;\">Eingesetzt waren:<\/span><br \/>\nAlle Feuerwehren des Abschnittes 03 &#8211; Irdning<br \/>\nTLF-A Aigen und KLF-A Aigen mit\u00a014 Mann<\/p>\n<p><a href=\"http:\/\/www.feuerwehr-aigen.at\/?portfolio=2770\">zur Bildergalerie \u00bb<\/a><\/p>\n<\/div><\/section><\/div>\n","protected":false},"excerpt":{"rendered":"","protected":false},"author":3,"featured_media":0,"parent":0,"menu_order":0,"comment_status":"closed","ping_status":"closed","template":"","meta":{"footnotes":""},"class_list":["post-2762","page","type-page","status-publish","hentry"],"jetpack_sharing_enabled":true,"_links":{"self":[{"href":"https:\/\/www.feuerwehr-aigen.at\/index.php?rest_route=\/wp\/v2\/pages\/2762","targetHints":{"allow":["GET"]}}],"collection":[{"href":"https:\/\/www.feuerwehr-aigen.at\/index.php?rest_route=\/wp\/v2\/pages"}],"about":[{"href":"https:\/\/www.feuerwehr-aigen.at\/index.php?rest_route=\/wp\/v2\/types\/page"}],"author":[{"embeddable":true,"href":"https:\/\/www.feuerwehr-aigen.at\/index.php?rest_route=\/wp\/v2\/users\/3"}],"replies":[{"embeddable":true,"href":"https:\/\/www.feuerwehr-aigen.at\/index.php?rest_route=%2Fwp%2Fv2%2Fcomments&post=2762"}],"version-history":[{"count":4,"href":"https:\/\/www.feuerwehr-aigen.at\/index.php?rest_route=\/wp\/v2\/pages\/2762\/revisions"}],"predecessor-version":[{"id":2774,"href":"https:\/\/www.feuerwehr-aigen.at\/index.php?rest_route=\/wp\/v2\/pages\/2762\/revisions\/2774"}],"wp:attachment":[{"href":"https:\/\/www.feuerwehr-aigen.at\/index.php?rest_route=%2Fwp%2Fv2%2Fmedia&parent=2762"}],"curies":[{"name":"wp","href":"https:\/\/api.w.org\/{rel}","templated":true}]}}

<section class="av_textblock_section "  itemscope="itemscope" itemtype="https://schema.org/CreativeWork" ><div class='avia_textblock  '   itemprop="text" ><p><strong>Starke Unwetter im Bezirk Liezen</strong></p>
</div></section>

<style type="text/css" data-created_by="avia_inline_auto" id="style-css-av-av_one_third-6126cab7d8fab8d08143dd2dacdf673c">
.flex_column.av-av_one_third-6126cab7d8fab8d08143dd2dacdf673c{
border-radius:0px 0px 0px 0px;
-webkit-border-radius:0px 0px 0px 0px;
-moz-border-radius:0px 0px 0px 0px;
}
</style>
<div class='flex_column av-av_one_third-6126cab7d8fab8d08143dd2dacdf673c av_one_third  avia-builder-el-1  el_after_av_textblock  el_before_av_two_third  first flex_column_div av-zero-column-padding column-top-margin'   ><style type="text/css" data-created_by="avia_inline_auto" id="style-css-av-av_image-d265764dabe488962e12c38acf5dddb1">
.avia-image-container.av-av_image-d265764dabe488962e12c38acf5dddb1 .av-image-caption-overlay-center{
color:#ffffff;
}
</style>
<div  class='avia-image-container av-av_image-d265764dabe488962e12c38acf5dddb1 av-styling- avia-align-center  avia-builder-el-2  avia-builder-el-no-sibling  '  itemprop="image" itemscope="itemscope" itemtype="https://schema.org/ImageObject" ><div class="avia-image-container-inner"><div class="avia-image-overlay-wrap"><a href="https://www.feuerwehr-aigen.at/?portfolio=2770" class='avia_image'  target="_blank"  rel="noopener noreferrer"><img class='wp-image-2766 avia-img-lazy-loading-not-2766 avia_image' src='https://www.feuerwehr-aigen.at/wp-content/uploads/2017/08/Sequenz-01_2-180x180.jpg' alt='' title='Sequenz 01_2'  itemprop="thumbnailUrl"  /></a></div></div></div></div>
<style type="text/css" data-created_by="avia_inline_auto" id="style-css-av-av_two_third-0aa7055fe62c3622faec82866afbaeb2">
.flex_column.av-av_two_third-0aa7055fe62c3622faec82866afbaeb2{
border-radius:0px 0px 0px 0px;
-webkit-border-radius:0px 0px 0px 0px;
-moz-border-radius:0px 0px 0px 0px;
}
</style>
<div class='flex_column av-av_two_third-0aa7055fe62c3622faec82866afbaeb2 av_two_third  avia-builder-el-3  el_after_av_one_third  el_before_av_one_full  flex_column_div av-zero-column-padding column-top-margin'   ><section class="av_textblock_section "  itemscope="itemscope" itemtype="https://schema.org/CreativeWork" ><div class='avia_textblock  '   itemprop="text" ><p>Aufräumarbeiten in den Katasprophengebieten laufen auf Hochtouren</p>
<p>Die Feuerwehren des Bezirkes Liezen haben alle Hände voll zu tun, um Häuser wieder bewohnbar und Straßen wieder frei zu machen.</p>
<p>Seit den frühen Morgenstunden laufen die Aufräumarbeiten, v.a. in den zum Katastrophengebiet erklärten Gemeinden Irdning-Donnersbachtal, Öblarn und Sölk, auf Hochtouren. Obgleich jedoch die Hauptverkehrswege wieder freigemacht wurden, sind diese durch Unterspülungen bzw. teilweiser Zerstörung nach wie vor nicht befahrbar und somit großteils gesperrt.</p>
<p>Alleine in Donnersbachwald standen unter der Einsatzleitung von OBI Christian Glaser heute die Kameraden der Feuerwehren Donnersbachwald, Donnersbach, Aigen, Raumberg, Irdning, Stainach und Aigen Schulter an Schulter im Dienst an der Bevölkerung und halfen zusammen, um Anzugreifen, wo Hilfe nötig war. Auf die Feuerwehren Pyhrn, Stein, Öblarn, Mitterberg, Gröbming, Lengdorf, Mößna-St. Nikolai, Niederöblarn und Liezen und Liezen-Werk, waren noch bei kleinräumigen technischen Hilfeleistungen zugegen.</p>
<p>Seit gestern Abend standen nach einem Starkregenereignis erneut 28 Feuerwehren mit 350 Mann im Unwettereinsatz Bereits seit Nachmittag war ein Rückhaltebecken am Gröbminger Hausberg &#8222;Kammspitze&#8220; gebrochen, weshalb der in Folge über die Ufer getretene Hofmanningbach Überflutungen in Gröbming verursachte, die Feuerwehren pumpten zahlreiche Keller aus. 20:47 Uhr &#8211; Notruf über von Muren eingeschlossenen PKW auf Sölkpasshöhe, die alarmierten Feuerwehren konnten allerdings nicht zum Einsatzort vordringen, weil die Straße teilweise komplett weggerissen wurde. Die Personen (inkl. der Bewohner in den Almgebieten) sollen heute Vormittag per Hubschrauber gerettet werden.</p>
<p>In der Sölk trat der Bach über die Ufer und überflutete weite Teile v.a. im Ortsteil Fleiß, ebenso wurde der Ortskern in Öblarn durch eine Verklausung im Ortsgebiet überflutet &#8211; zahlreiche Keller mussten ausgepumpt werden (Öblarn), Bewohner evakuiert werden (Fleiß). In Donnersbachwald waren 16 Feuerwehren mit über 100 Mann im Einsatz, nachdem es das Ortsgebiet noch weitläufiger als in der Nacht zuvor überschwemmt hatte.</p>
</div></section></div></p>

<style type="text/css" data-created_by="avia_inline_auto" id="style-css-av-av_one_full-6126cab7d8fab8d08143dd2dacdf673c">
.flex_column.av-av_one_full-6126cab7d8fab8d08143dd2dacdf673c{
border-radius:0px 0px 0px 0px;
-webkit-border-radius:0px 0px 0px 0px;
-moz-border-radius:0px 0px 0px 0px;
}
</style>
<div class='flex_column av-av_one_full-6126cab7d8fab8d08143dd2dacdf673c av_one_full  avia-builder-el-5  el_after_av_two_third  avia-builder-el-last  first flex_column_div av-zero-column-padding column-top-margin'   ><section class="av_textblock_section "  itemscope="itemscope" itemtype="https://schema.org/CreativeWork" ><div class='avia_textblock  '   itemprop="text" ><p><span style="text-decoration: underline;">Eingesetzt waren:</span><br />
Alle Feuerwehren des Abschnittes 03 &#8211; Irdning<br />
TLF-A Aigen und KLF-A Aigen mit 14 Mann</p>
<p><a href="http://www.feuerwehr-aigen.at/?portfolio=2770">zur Bildergalerie »</a></p>
</div></section></div>
