{"id":248,"date":"2009-04-06T19:12:33","date_gmt":"2009-04-06T19:12:33","guid":{"rendered":"http:\/\/feuerwehr-aigen.d2solution.net\/index.php\/edv\/"},"modified":"2020-02-02T14:28:45","modified_gmt":"2020-02-02T13:28:45","slug":"edv","status":"publish","type":"page","link":"https:\/\/www.feuerwehr-aigen.at\/?page_id=248","title":{"rendered":"EDV"},"content":{"rendered":"<p><span style=\"color: #333333; font-family: helvetica;\"><img decoding=\"async\" class=\" alignright size-full wp-image-244\" title=\"EDV\" src=\"http:\/\/feuerwehr-aigen.at\/wp-content\/uploads\/2009\/04\/Sachgebiete_edv.jpg\" alt=\"EDV\" width=\"100\" align=\"right\" border=\"0\" hspace=\"5\" vspace=\"5\" \/><\/span>Die elektronische Datenverarbeitung bekommt in unserer Gesellschaft eine immer wichtigere Bedeutung und beeinflusst unser Leben in immer gr\u00f6\u00dferem Ausma\u00dfe. Kaum ein Ger\u00e4t, in dem nicht eine kleine Software die Steuerung \u00fcbernimmt oder von einem Prozessor gesteuert wird. Wir leben in einer Kommunikationsgesellschaft, aus der die elektronische Datenverarbeitung nicht mehr wegzudenken ist.<\/p>\n<p>Auch in der Feuerwehr Aigen hat die EDV schon l\u00e4ngst Einzug gehalten.<br \/>\nAlle Verwaltungst\u00e4tigkeiten, wie Schriftverkehr, Daten der Feuerwehrmitglieder, Kursbesuche, Auszeichnungen etc. werden \u00fcber PC und Internet abgewickelt.<\/p>\n<p>&nbsp;<\/p>\n<div style=\"text-align: center;\"><span style=\"color: #333333; font-family: helvetica;\"><a title=\"EDV Konzept\" href=\"http:\/\/feuerwehr-aigen.at\/wp-content\/uploads\/2009\/04\/Sachgebiete_fdiskkonzept.jpg\"><img loading=\"lazy\" decoding=\"async\" class=\"alignnone wp-image-246 size-full\" title=\"EDV Konzept\" src=\"http:\/\/www.feuerwehr-aigen.at\/wp-content\/uploads\/2009\/04\/Sachgebiete_fdiskkonzept.jpg\" alt=\"EDV Konzept\" width=\"729\" height=\"512\" border=\"0\" hspace=\"5\" vspace=\"5\" srcset=\"https:\/\/www.feuerwehr-aigen.at\/wp-content\/uploads\/2009\/04\/Sachgebiete_fdiskkonzept.jpg 729w, https:\/\/www.feuerwehr-aigen.at\/wp-content\/uploads\/2009\/04\/Sachgebiete_fdiskkonzept-300x211.jpg 300w\" sizes=\"auto, (max-width: 729px) 100vw, 729px\" \/><\/a><\/span><\/div>\n<p>&nbsp;<\/p>\n<p>Der Landesfeuerwehrverband Steiermark fungiert als Datendrehscheibe f\u00fcr Feuerwehren, Bezirksfeuerwehrverb\u00e4nde und Florianstationen.<\/p>\n<p><img loading=\"lazy\" decoding=\"async\" class=\" alignleft size-full wp-image-247\" title=\"FDisk\" src=\"http:\/\/feuerwehr-aigen.at\/wp-content\/uploads\/2009\/04\/Sachgebiete_fdisk.jpg\" alt=\"FDisk\" width=\"190\" height=\"62\" align=\"left\" border=\"0\" hspace=\"5\" vspace=\"5\" srcset=\"https:\/\/www.feuerwehr-aigen.at\/wp-content\/uploads\/2009\/04\/Sachgebiete_fdisk.jpg 425w, https:\/\/www.feuerwehr-aigen.at\/wp-content\/uploads\/2009\/04\/Sachgebiete_fdisk-300x97.jpg 300w\" sizes=\"auto, (max-width: 190px) 100vw, 190px\" \/>FDisk ist das offizielle Programm des Landesfeuerwehrverbandes Steiermark f\u00fcr die steirischen Feuerwehren und beinhaltet Module und Funktionen f\u00fcr alle Beauftragte in einer Feuerwehr.<\/p>\n<p>S\u00e4mtliche Daten \u00fcber Mannschaft, Ger\u00e4te, Fahrzeuge, Eins\u00e4tze usw. sind hier gespeichert.<br \/>\nDaten, die von den Feuerwehren an den Landesfeuerwehrverband gemeldet werden, dienen in vielen Bereichen wie Nachbeschaffung, bei der Alarmierung oder im Einsatzgeschehen als Grundlage f\u00fcr wichtige Entscheidungen.<\/p>\n<p>Auch das Internet ist im Feuerwehrwesen ein wichtiger Faktor geworden. So kann sich eine Feuerwehr im World Wide Web pr\u00e4sentieren, Kontakte kn\u00fcpfen und auch Daten und Informationen austauschen. Auch f\u00fcr die Feuerwehr interne Kommunikation wie z.B.: Download von Listen, Kurstermine usw. \u00f6ffnet das Internet neue M\u00f6glichkeiten.<\/p>\n<p>&nbsp;<\/p>\n<p><strong>Die\u00a0EDV-Beauftragten der Feuerwehr Aigen:<\/strong><span style=\"font-family: Helvetica;\"><br \/>\n<\/span><\/p>\n<table border=\"0\">\n<tbody>\n<tr>\n<td>\u00a0HBI d. F. Ing. Fritz Josef jun.<\/td>\n<td><\/td>\n<td>\u00a0von<\/td>\n<td>\u00a02001<\/td>\n<td>\u00a0bis<\/td>\n<td><\/td>\n<\/tr>\n<\/tbody>\n<\/table>\n<div align=\"center\"><span style=\"font-family: Helvetica;\"><em><span style=\"color: #0000cd;\">\u00a0<\/span><\/em><\/span><\/div>\n","protected":false},"excerpt":{"rendered":"<p>Die elektronische Datenverarbeitung bekommt in unserer Gesellschaft eine immer wichtigere Bedeutung und beeinflusst unser Leben in immer gr\u00f6\u00dferem Ausma\u00dfe. Kaum ein Ger\u00e4t, in dem nicht eine kleine Software die Steuerung \u00fcbernimmt oder von einem Prozessor gesteuert wird. Wir leben in einer Kommunikationsgesellschaft, aus der die elektronische Datenverarbeitung nicht mehr wegzudenken ist. Auch in der Feuerwehr [&hellip;]<\/p>\n","protected":false},"author":1,"featured_media":0,"parent":242,"menu_order":2,"comment_status":"closed","ping_status":"closed","template":"","meta":{"footnotes":""},"class_list":["post-248","page","type-page","status-publish","hentry"],"jetpack_sharing_enabled":true,"_links":{"self":[{"href":"https:\/\/www.feuerwehr-aigen.at\/index.php?rest_route=\/wp\/v2\/pages\/248","targetHints":{"allow":["GET"]}}],"collection":[{"href":"https:\/\/www.feuerwehr-aigen.at\/index.php?rest_route=\/wp\/v2\/pages"}],"about":[{"href":"https:\/\/www.feuerwehr-aigen.at\/index.php?rest_route=\/wp\/v2\/types\/page"}],"author":[{"embeddable":true,"href":"https:\/\/www.feuerwehr-aigen.at\/index.php?rest_route=\/wp\/v2\/users\/1"}],"replies":[{"embeddable":true,"href":"https:\/\/www.feuerwehr-aigen.at\/index.php?rest_route=%2Fwp%2Fv2%2Fcomments&post=248"}],"version-history":[{"count":5,"href":"https:\/\/www.feuerwehr-aigen.at\/index.php?rest_route=\/wp\/v2\/pages\/248\/revisions"}],"predecessor-version":[{"id":4194,"href":"https:\/\/www.feuerwehr-aigen.at\/index.php?rest_route=\/wp\/v2\/pages\/248\/revisions\/4194"}],"up":[{"embeddable":true,"href":"https:\/\/www.feuerwehr-aigen.at\/index.php?rest_route=\/wp\/v2\/pages\/242"}],"wp:attachment":[{"href":"https:\/\/www.feuerwehr-aigen.at\/index.php?rest_route=%2Fwp%2Fv2%2Fmedia&parent=248"}],"curies":[{"name":"wp","href":"https:\/\/api.w.org\/{rel}","templated":true}]}}