{"id":194,"date":"2009-04-06T19:07:38","date_gmt":"2009-04-06T19:07:38","guid":{"rendered":"http:\/\/feuerwehr-aigen.d2solution.net\/index.php\/chronik-1987-1996\/"},"modified":"2016-11-17T00:30:06","modified_gmt":"2016-11-16T23:30:06","slug":"chronik-1987-1996","status":"publish","type":"page","link":"https:\/\/www.feuerwehr-aigen.at\/?page_id=194","title":{"rendered":"Chronik 1987-1996"},"content":{"rendered":"<p><span style=\"color: #333333;\"><span style=\"font-family: helvetica;\"><br \/>\n<\/span><\/span><strong>1987:<\/strong><span style=\"color: #333333;\"><span style=\"font-family: helvetica;\"><br \/>\n<\/span><\/span><a title=\"100 Jahrfeier 1987\" href=\"http:\/\/feuerwehr-aigen.at\/wp-content\/uploads\/2009\/04\/wirueberuns_Chronik_100jahrfeier.jpg\"><img loading=\"lazy\" decoding=\"async\" class=\"alignleft wp-image-180 size-medium\" title=\"J00 Jahrfeier 1987\" src=\"http:\/\/www.feuerwehr-aigen.at\/wp-content\/uploads\/2009\/04\/wirueberuns_Chronik_100jahrfeier-300x293.jpg\" alt=\"100 Jahrfeier 1987\" width=\"300\" height=\"293\" align=\"left\" border=\"0\" hspace=\"5\" vspace=\"5\" srcset=\"https:\/\/www.feuerwehr-aigen.at\/wp-content\/uploads\/2009\/04\/wirueberuns_Chronik_100jahrfeier-300x293.jpg 300w, https:\/\/www.feuerwehr-aigen.at\/wp-content\/uploads\/2009\/04\/wirueberuns_Chronik_100jahrfeier-768x751.jpg 768w, https:\/\/www.feuerwehr-aigen.at\/wp-content\/uploads\/2009\/04\/wirueberuns_Chronik_100jahrfeier.jpg 800w\" sizes=\"auto, (max-width: 300px) 100vw, 300px\" \/><\/a>100 j\u00e4hriges Gr\u00fcndungsfest der Freiwilligen Feuerwehr Aigen<strong><a title=\"100 Jahrfeier 1987_02\" href=\"http:\/\/feuerwehr-aigen.at\/wp-content\/uploads\/2009\/04\/wirueberuns_Chronik_100jahrfeier01.jpg\"><img loading=\"lazy\" decoding=\"async\" class=\"wp-image-183 size-medium alignright\" title=\"100 Jahrfeier_02\" src=\"http:\/\/www.feuerwehr-aigen.at\/wp-content\/uploads\/2009\/04\/wirueberuns_Chronik_100jahrfeier01-300x199.jpg\" alt=\"100 Jahrfeier_02\" width=\"300\" height=\"199\" border=\"0\" hspace=\"5\" vspace=\"5\" srcset=\"https:\/\/www.feuerwehr-aigen.at\/wp-content\/uploads\/2009\/04\/wirueberuns_Chronik_100jahrfeier01-300x199.jpg 300w, https:\/\/www.feuerwehr-aigen.at\/wp-content\/uploads\/2009\/04\/wirueberuns_Chronik_100jahrfeier01-768x509.jpg 768w, https:\/\/www.feuerwehr-aigen.at\/wp-content\/uploads\/2009\/04\/wirueberuns_Chronik_100jahrfeier01.jpg 800w\" sizes=\"auto, (max-width: 300px) 100vw, 300px\" \/><\/a><\/strong><br \/>\nam 20. u. 21. Juni<br \/>\n10 Jahre Waldbrandst\u00fctzpunkt der Freiwilligen Feuerwehr Aigen.<br \/>\nDie Freiwillige Feuerwehr Aigen umfasst derzeit 46 Mitglieder<br \/>\n(40 Aktive und 6 Mitglieder der B-Mannschaft).<br \/>\nAusgezeichnet mit dem VZ I. Stufe wird HV <em>Robert Mengg<\/em>.<br \/>\nOBM <em>Herbert Mandlberger<\/em> erhielt das VZ LFV III. Stufe<br \/>\nFahnenmutter <em>Josefa Hager<\/em> erhielt die Ehrenplakette des Landesfeuerwehrverbandes.<br \/>\nEins\u00e4tze: Bezirksalarm \u2013 Gro\u00dfbrand in Rottenmann, Waldbrand in der Flei\u00df-S\u00f6lktal<\/p>\n<div style=\"text-align: center;\"><\/div>\n<p>&nbsp;<\/p>\n<p><strong>1989:<\/strong><br \/>\n<a title=\"FuB \u00dcbung 1989\" href=\"http:\/\/feuerwehr-aigen.at\/wp-content\/uploads\/2009\/04\/wirueberuns_Chronik_fub1989.jpg\"><img loading=\"lazy\" decoding=\"async\" class=\"alignright\" title=\"FuB \u00dcbung 1989\" src=\"http:\/\/www.feuerwehr-aigen.at\/wp-content\/uploads\/2009\/04\/wirueberuns_Chronik_fub1989-300x205.jpg\" alt=\"FuB \u00dcbung 1989\" width=\"300\" height=\"205\" align=\"right\" border=\"0\" hspace=\"5\" vspace=\"5\" \/><\/a>Eins\u00e4tze: Menschenrettung aus Jauchengrube bei Moar in Wayer in Gatschen, Autounfall in Schlattham, Verschiedene Hochwassereins\u00e4tze im Gemeindegebiet, K\u00fcchenbrand bei Fam. Amesbauer in Lantschern<br \/>\nHBI <em>Josef Schrempf<\/em> und OBM <em>Josef\u00a0 Steiner<\/em> erhielten das VZ LFV\u00a0 II. Stufe<br \/>\nHFM <em>Lemmerer Wenzel<\/em> und HFM <em>Karl Mehrl<\/em> sen. erhielten das VZ LFV\u00a0 III. Stufe<br \/>\nBegr\u00e4bnis <em>Peter Gra\u00dfl<\/em><br \/>\nSpatenstichfeier f\u00fcr die Florianikirche in Aigen<span style=\"color: #333333;\"><span style=\"font-family: helvetica;\"><br \/>\n<\/span><\/span><\/p>\n<p>&nbsp;<\/p>\n<p>&nbsp;<\/p>\n<p>&nbsp;<\/p>\n<p><strong>1990:<\/strong><span style=\"color: #333333;\"><span style=\"font-family: helvetica;\"><br \/>\n<\/span><\/span><a title=\"Feuerwehrleistungsabzeichen 1990\" href=\"http:\/\/feuerwehr-aigen.at\/wp-content\/uploads\/2009\/04\/wirueberuns_Chronik_bewerb1990.jpg\"><img loading=\"lazy\" decoding=\"async\" class=\"alignleft wp-image-187 size-medium\" title=\"Feuerwehrleistungsabzeichen 1990\" src=\"http:\/\/www.feuerwehr-aigen.at\/wp-content\/uploads\/2009\/04\/wirueberuns_Chronik_bewerb1990-300x201.jpg\" alt=\"Feuerwehrleistungsabzeichen 1990\" width=\"300\" height=\"201\" align=\"left\" border=\"0\" hspace=\"5\" vspace=\"5\" srcset=\"https:\/\/www.feuerwehr-aigen.at\/wp-content\/uploads\/2009\/04\/wirueberuns_Chronik_bewerb1990-300x201.jpg 300w, https:\/\/www.feuerwehr-aigen.at\/wp-content\/uploads\/2009\/04\/wirueberuns_Chronik_bewerb1990-768x515.jpg 768w, https:\/\/www.feuerwehr-aigen.at\/wp-content\/uploads\/2009\/04\/wirueberuns_Chronik_bewerb1990.jpg 800w\" sizes=\"auto, (max-width: 300px) 100vw, 300px\" \/><\/a>Hochwassereins\u00e4tze in der Gulling,<br \/>\nBezirksalarm &#8211; Brand beim Rigips Werk in Bad Aussee<br \/>\nAbschnitts\u00fcbung beim Puttererschl\u00f6\u00dfl in Aigen<br \/>\nBegr\u00e4bnis von\u00a0 LM <em>Franz Th\u00f6ringer<\/em><br \/>\nund HFM <em>Walter Plank<\/em><\/p>\n<p>&nbsp;<\/p>\n<p>&nbsp;<\/p>\n<p>&nbsp;<\/p>\n<p><span style=\"color: #333333;\"><span style=\"font-family: helvetica;\"><br \/>\n<\/span><\/span><strong>1991:<\/strong><br \/>\n90. Wehrversammlung ergab neue F\u00fchrung:<br \/>\nKommandant: \u00a0 \u00a0 \u00a0 \u00a0 \u00a0 \u00a0 \u00a0 \u00a0 \u00a0 \u00a0 \u00a0 \u00a0\u00a0 HBI <em>Peter Strobl<\/em><br \/>\nKommandant Stellvertreter:\u00a0 OBI <em>Josef Fritz sen.<\/em><br \/>\nErnannt wurden:<br \/>\nZugskommandant: \u00a0 \u00a0 \u00a0 \u00a0 \u00a0 \u00a0\u00a0 BM <em>Peter Schweiger<\/em><br \/>\nGruppenkommandanten:\u00a0 <em>Josef Muckenhofer<\/em>, <em>Manfred Tiefenbacher<\/em>, <em>Franz Gruber-Veit<\/em><br \/>\nVerwalter: \u00a0 \u00a0 \u00a0 \u00a0 \u00a0 \u00a0 \u00a0 \u00a0 \u00a0 \u00a0 \u00a0 \u00a0 \u00a0 \u00a0\u00a0 <em>Herbert Mandlberger<\/em><br \/>\nAtemschutz: \u00a0 \u00a0 \u00a0 \u00a0 \u00a0 \u00a0 \u00a0 \u00a0 \u00a0 \u00a0 \u00a0 \u00a0\u00a0 <em>Josef Fritz jun.<\/em><br \/>\nFunk: \u00a0 \u00a0 \u00a0 \u00a0 \u00a0 \u00a0 \u00a0 \u00a0 \u00a0 \u00a0 \u00a0 \u00a0 \u00a0 \u00a0 \u00a0 \u00a0 \u00a0 \u00a0\u00a0 <em>Engelbert Radlingmaier<\/em><br \/>\nGer\u00e4tewart: \u00a0 \u00a0 \u00a0 \u00a0 \u00a0 \u00a0 \u00a0 \u00a0 \u00a0 \u00a0 \u00a0 \u00a0 \u00a0 <em>Stefan Gr\u00fcnwald<\/em><br \/>\nSanit\u00e4t: \u00a0 \u00a0 \u00a0 \u00a0 \u00a0 \u00a0 \u00a0 \u00a0 \u00a0 \u00a0 \u00a0 \u00a0 \u00a0 \u00a0 \u00a0 \u00a0\u00a0 <em>Josef Greimel<\/em><br \/>\nPumpenwarte: \u00a0 \u00a0 \u00a0 \u00a0 \u00a0 \u00a0 \u00a0 \u00a0 \u00a0 \u00a0 <em>Bernhard L\u00e4mmerer<\/em>, <em>Josef Kerschhhaggl<\/em>, <em>August Waldmann<\/em><\/p>\n<p><a title=\"\u00d6leinsatz 1991\" href=\"http:\/\/feuerwehr-aigen.at\/wp-content\/uploads\/2009\/04\/wirueberuns_Chronik_oel1991.jpg\"><img loading=\"lazy\" decoding=\"async\" class=\"alignleft wp-image-189 size-medium\" title=\"\u00d6leinsatz Landesberufschule Aigen\" src=\"http:\/\/www.feuerwehr-aigen.at\/wp-content\/uploads\/2009\/04\/wirueberuns_Chronik_oel1991-300x205.jpg\" alt=\"\u00d6leinsatz Landesberufschule Aigen\" width=\"300\" height=\"205\" align=\"left\" border=\"0\" hspace=\"5\" vspace=\"5\" srcset=\"https:\/\/www.feuerwehr-aigen.at\/wp-content\/uploads\/2009\/04\/wirueberuns_Chronik_oel1991-300x205.jpg 300w, https:\/\/www.feuerwehr-aigen.at\/wp-content\/uploads\/2009\/04\/wirueberuns_Chronik_oel1991-768x525.jpg 768w, https:\/\/www.feuerwehr-aigen.at\/wp-content\/uploads\/2009\/04\/wirueberuns_Chronik_oel1991.jpg 800w\" sizes=\"auto, (max-width: 300px) 100vw, 300px\" \/><\/a>Eins\u00e4tze: Bergung eines PKW aus der Gulling, Wirtschaftsgeb\u00e4udebrand H\u00f6randl in Aich, Brand in Donnersbachwald bei Fam. Schaffer, Hochwassereinsatz in Ketten, \u00d6leinsatz Landesberufschule<br \/>\nGlockenweihe Florianikirche Aigen<br \/>\nOBI <em>Josef Fritz<\/em> erhielt das FLA-Steiermark in Bronze<span style=\"color: #333333;\"><span style=\"font-family: helvetica;\"><br \/>\n<\/span><\/span><\/p>\n<p>&nbsp;<\/p>\n<p>&nbsp;<\/p>\n<p>&nbsp;<\/p>\n<p><span style=\"color: #333333;\"><span style=\"font-family: helvetica;\"><strong><br \/>\n<\/strong><\/span><\/span><strong>1992:<\/strong><br \/>\nWeihe der Florianikriche in Aigen<br \/>\nEins\u00e4tze: Waldbrandeinsatz in Hieflau, Suchaktion in Trautenfels, KFZ Bergung mittels Borgwardwinde, <a title=\"Glockenweihe 1991\" href=\"http:\/\/feuerwehr-aigen.at\/wp-content\/uploads\/2009\/04\/wirueberuns_Chronik_glockenweihe1991.jpg\"><img loading=\"lazy\" decoding=\"async\" class=\"alignright wp-image-191 size-medium\" title=\"Glockenweihe 1991\" src=\"http:\/\/www.feuerwehr-aigen.at\/wp-content\/uploads\/2009\/04\/wirueberuns_Chronik_glockenweihe1991-300x201.jpg\" alt=\"Glockenweihe 1991\" width=\"300\" height=\"201\" border=\"0\" hspace=\"5\" vspace=\"5\" srcset=\"https:\/\/www.feuerwehr-aigen.at\/wp-content\/uploads\/2009\/04\/wirueberuns_Chronik_glockenweihe1991-300x201.jpg 300w, https:\/\/www.feuerwehr-aigen.at\/wp-content\/uploads\/2009\/04\/wirueberuns_Chronik_glockenweihe1991-768x514.jpg 768w, https:\/\/www.feuerwehr-aigen.at\/wp-content\/uploads\/2009\/04\/wirueberuns_Chronik_glockenweihe1991.jpg 800w\" sizes=\"auto, (max-width: 300px) 100vw, 300px\" \/><\/a>Hochwassereinsatz in Schlattham<br \/>\nOBI <em>Josef Fritz<\/em> und BM <em>Schweiger Peter<\/em> legten das FLA in Gold ab<br \/>\nLM <em>Manfred Tiefenbacher<\/em> errang das FULA in Gold<br \/>\nHBI <em>Peter Strobl<\/em> bekam das VZ LFV Stmk. II. Stufe<br \/>\nBegr\u00e4bnis EV <em>Robert Mengg<\/em> und EHBM <em>Josef Steiner<\/em><\/p>\n<p><strong>1993:<\/strong><br \/>\nEinsatz Verkehrsunfall Landesstra\u00dfe Aigen \u2013 Irdning, PKW-Bergung aus Mittereggbach<br \/>\nBegr\u00e4bnis HFM <em>Franz Seebacher<\/em> und Altb\u00fcrgermeister <em>Franz Pehab<\/em><\/p>\n<p><strong>1994:<\/strong><br \/>\nGro\u00dfbrand Wirtschafsgeb\u00e4ude bei Fam. Simonsbauer in Quilk, Schilfbrand Moarwiese Putterersee, Waldbrandeins\u00e4tze in Admont\/Buchau und St. Gallen, Traktorbergung aus der Enns welche t\u00f6dlich endete<\/p>\n<p><strong>1995:<\/strong><br \/>\n<a title=\"TLF-Segnung 1995\" href=\"http:\/\/feuerwehr-aigen.at\/wp-content\/uploads\/2009\/04\/wirueberuns_Chronik_tlf1995.jpg\"><img loading=\"lazy\" decoding=\"async\" class=\"alignright\" title=\"TLF Segnung 1995\" src=\"http:\/\/www.feuerwehr-aigen.at\/wp-content\/uploads\/2009\/04\/wirueberuns_Chronik_tlf1995-300x203.jpg\" alt=\"TLF Segnung 1995\" width=\"300\" height=\"203\" align=\"right\" border=\"0\" hspace=\"5\" vspace=\"5\" \/><\/a>Segnung des neuen Tankl\u00f6schfahrzeug TLF-A 2000 (Kosten: ATS 2.728.000,&#8211;).<br \/>\n1. Einsatz des neuen TLF am Tag nach der Segnung: Wirtschaftsgeb\u00e4udebrand Fink Hans in Oppenberg<br \/>\nWeiter Eins\u00e4tze: Kaminbrand bei Loresser in Aich, Waldbrandeinsatz Ges\u00e4useeingang, Wohnhausbrand bei Fam. Regensburger in der Gulling<br \/>\nOBI <em>Josef Fritz<\/em> und V <em>Herbert Mandlberger<\/em> erhielten das VZ LFV II. Stufe<br \/>\nLM\u00a0 <em>Manfred Tiefenbacher<\/em>, LM <em>Franz Gruber-Veit<\/em> und BM <em>Peter Schweiger<\/em> erhielten das VZ LFV III. Stufe<\/p>\n<p><strong>1996:<\/strong><br \/>\n95. Wehrversammlung ergab folgende \u00c4nderung:<br \/>\nKommandant: \u00a0 \u00a0 \u00a0 \u00a0 \u00a0 \u00a0 \u00a0 \u00a0 \u00a0 \u00a0 \u00a0 \u00a0\u00a0 HBI <em>Josef Fritz sen.<\/em><br \/>\nKommandant Stellvertreter:\u00a0 OBI <em>Peter Strobl<\/em><br \/>\nErnannt wurden:<br \/>\nZugskommandant: \u00a0 \u00a0 \u00a0 \u00a0 \u00a0 \u00a0 BM <em>Peter Schweiger<\/em><br \/>\nGruppenkommandanten:\u00a0 <em>Franz Gruber-Veit<\/em>, <em>Manfred Tiefenbacher<\/em>, <em>Josef Muckenhofer<\/em><br \/>\nFeuerwehrarzt: \u00a0 \u00a0 \u00a0 \u00a0 \u00a0 \u00a0 \u00a0 \u00a0 \u00a0 \u00a0 Dr. <em>Otmar Moser<\/em><br \/>\nVerwalter: \u00a0 \u00a0 \u00a0 \u00a0 \u00a0 \u00a0 \u00a0 \u00a0 \u00a0 \u00a0 \u00a0 \u00a0 \u00a0 \u00a0\u00a0 <em>Herbert Mandlberger<\/em><br \/>\nAtemschutz: \u00a0 \u00a0 \u00a0 \u00a0 \u00a0 \u00a0 \u00a0 \u00a0 \u00a0 \u00a0 \u00a0 \u00a0\u00a0 <em>Manfred Tiefenbacher<\/em><br \/>\nAtemschutzwart: \u00a0 \u00a0 \u00a0 \u00a0 \u00a0 \u00a0 \u00a0 \u00a0 <em>Josef Fritz jun.<\/em><br \/>\nFunk: \u00a0 \u00a0 \u00a0 \u00a0 \u00a0 \u00a0 \u00a0 \u00a0 \u00a0 \u00a0 \u00a0 \u00a0 \u00a0 \u00a0 \u00a0 \u00a0 \u00a0 \u00a0 <em>Dietmar Wundersamer<\/em><br \/>\nMaschinenmeister: \u00a0 \u00a0 \u00a0 \u00a0 \u00a0\u00a0 <em>Bernhard L\u00e4mmerer<\/em><br \/>\nZeugwart: \u00a0 \u00a0 \u00a0 \u00a0 \u00a0 \u00a0 \u00a0 \u00a0 \u00a0 \u00a0 \u00a0 \u00a0\u00a0 \u00a0\u00a0 <em>Stefan Gr\u00fcnwald<\/em><br \/>\nSanit\u00e4t: \u00a0 \u00a0 \u00a0 \u00a0 \u00a0 \u00a0 \u00a0 \u00a0 \u00a0 \u00a0 \u00a0 \u00a0 \u00a0\u00a0 \u00a0 \u00a0\u00a0 <em>Josef Greimel<\/em><\/p>\n<p>Eins\u00e4tze: LKW und PKW Bergung, Hochwassereins\u00e4tze im Gemeindegebiet, Bergung eines verungl\u00fcckten Schwimmers am Putterersee<br \/>\nBegr\u00e4bnis HFM <em>Georg Gehringer<\/em><br \/>\nFM <em>Roland Steindacher<\/em> erhielt das FULA-Bronze<\/p>\n","protected":false},"excerpt":{"rendered":"<p>1987: 100 j\u00e4hriges Gr\u00fcndungsfest der Freiwilligen Feuerwehr Aigen am 20. u. 21. Juni 10 Jahre Waldbrandst\u00fctzpunkt der Freiwilligen Feuerwehr Aigen. Die Freiwillige Feuerwehr Aigen umfasst derzeit 46 Mitglieder (40 Aktive und 6 Mitglieder der B-Mannschaft). Ausgezeichnet mit dem VZ I. Stufe wird HV Robert Mengg. OBM Herbert Mandlberger erhielt das VZ LFV III. Stufe Fahnenmutter [&hellip;]<\/p>\n","protected":false},"author":1,"featured_media":0,"parent":28,"menu_order":10,"comment_status":"closed","ping_status":"closed","template":"","meta":{"footnotes":""},"class_list":["post-194","page","type-page","status-publish","hentry"],"jetpack_sharing_enabled":true,"_links":{"self":[{"href":"https:\/\/www.feuerwehr-aigen.at\/index.php?rest_route=\/wp\/v2\/pages\/194","targetHints":{"allow":["GET"]}}],"collection":[{"href":"https:\/\/www.feuerwehr-aigen.at\/index.php?rest_route=\/wp\/v2\/pages"}],"about":[{"href":"https:\/\/www.feuerwehr-aigen.at\/index.php?rest_route=\/wp\/v2\/types\/page"}],"author":[{"embeddable":true,"href":"https:\/\/www.feuerwehr-aigen.at\/index.php?rest_route=\/wp\/v2\/users\/1"}],"replies":[{"embeddable":true,"href":"https:\/\/www.feuerwehr-aigen.at\/index.php?rest_route=%2Fwp%2Fv2%2Fcomments&post=194"}],"version-history":[{"count":4,"href":"https:\/\/www.feuerwehr-aigen.at\/index.php?rest_route=\/wp\/v2\/pages\/194\/revisions"}],"predecessor-version":[{"id":2040,"href":"https:\/\/www.feuerwehr-aigen.at\/index.php?rest_route=\/wp\/v2\/pages\/194\/revisions\/2040"}],"up":[{"embeddable":true,"href":"https:\/\/www.feuerwehr-aigen.at\/index.php?rest_route=\/wp\/v2\/pages\/28"}],"wp:attachment":[{"href":"https:\/\/www.feuerwehr-aigen.at\/index.php?rest_route=%2Fwp%2Fv2%2Fmedia&parent=194"}],"curies":[{"name":"wp","href":"https:\/\/api.w.org\/{rel}","templated":true}]}}