{"id":179,"date":"2009-04-06T19:07:16","date_gmt":"2009-04-06T19:07:16","guid":{"rendered":"http:\/\/feuerwehr-aigen.d2solution.net\/index.php\/chronik-1966-1986\/"},"modified":"2017-05-17T06:45:24","modified_gmt":"2017-05-17T05:45:24","slug":"chronik-1966-1986","status":"publish","type":"page","link":"https:\/\/www.feuerwehr-aigen.at\/?page_id=179","title":{"rendered":"Chronik 1966-1986"},"content":{"rendered":"<p><span style=\"color: #333333;\"><span style=\"font-family: helvetica;\"><br \/>\n<\/span><\/span><strong>1966:<\/strong><br \/>\n24 Kameraden erhielten die Hochwassermedaille in Bronze.<br \/>\nEins\u00e4tze: 5 Fahrzeugbergungen, Brand im W\u00f6rschacher Moos, 2x Hochwasser.<br \/>\nBeginn des geplanten Bauprojektes: Feuerwehr \u2013 Musikheim<\/p>\n<p><strong>1967:<\/strong><br \/>\nEins\u00e4tze: Br\u00e4nde in Altirdning, Aigen, Schlattham und Bleiberg.<br \/>\n3x Hochwasser, 3 sonstige Hilfeleistungen \u2013 104 Mann \u2013 1007 Stunden.<br \/>\n19. August: Einweihung des Feuerwehrdepotes und Musikheimes \u2013 geschaffen durch Gemeinschaftsarbeit.<br \/>\nDas Objekt beinhaltet f\u00fcr die Freiwillige Feuerwehr Aigen im Parterre 2 Garagen, Schlauchturm und Schulungsraum. F\u00fcr den Musikverein Aigen im 1. Stock einen Probenraum und einen Raum f\u00fcr die Musikschule.<br \/>\nHBI und ABI <em>Josef Strobl<\/em> erhielt das Verdienstzeichen der Steierm\u00e4rkischen Landesregierung III. Stufe.<\/p>\n<div style=\"text-align: center;\"><a href=\"http:\/\/www.feuerwehr-aigen.at\/wp-content\/uploads\/2009\/04\/wirueberuns_Chronik_ruesthaus1967.jpg\"><img loading=\"lazy\" decoding=\"async\" class=\"alignnone wp-image-22 size-medium\" src=\"http:\/\/www.feuerwehr-aigen.at\/wp-content\/uploads\/2009\/04\/wirueberuns_Chronik_ruesthaus1967-300x197.jpg\" alt=\"Chronik - 1966 - 1986\" width=\"300\" height=\"197\" srcset=\"https:\/\/www.feuerwehr-aigen.at\/wp-content\/uploads\/2009\/04\/wirueberuns_Chronik_ruesthaus1967-300x197.jpg 300w, https:\/\/www.feuerwehr-aigen.at\/wp-content\/uploads\/2009\/04\/wirueberuns_Chronik_ruesthaus1967-768x505.jpg 768w, https:\/\/www.feuerwehr-aigen.at\/wp-content\/uploads\/2009\/04\/wirueberuns_Chronik_ruesthaus1967.jpg 800w\" sizes=\"auto, (max-width: 300px) 100vw, 300px\" \/><\/a><a href=\"http:\/\/www.feuerwehr-aigen.at\/wp-content\/uploads\/2009\/04\/wirueberuns_Chronik_gruppenbild1967.jpg\"><img loading=\"lazy\" decoding=\"async\" class=\"alignnone wp-image-170 size-medium\" src=\"http:\/\/www.feuerwehr-aigen.at\/wp-content\/uploads\/2009\/04\/wirueberuns_Chronik_gruppenbild1967-300x197.jpg\" alt=\"Einweihung 1967\" width=\"300\" height=\"197\" srcset=\"https:\/\/www.feuerwehr-aigen.at\/wp-content\/uploads\/2009\/04\/wirueberuns_Chronik_gruppenbild1967-300x197.jpg 300w, https:\/\/www.feuerwehr-aigen.at\/wp-content\/uploads\/2009\/04\/wirueberuns_Chronik_gruppenbild1967-768x505.jpg 768w, https:\/\/www.feuerwehr-aigen.at\/wp-content\/uploads\/2009\/04\/wirueberuns_Chronik_gruppenbild1967.jpg 800w\" sizes=\"auto, (max-width: 300px) 100vw, 300px\" \/><\/a><\/div>\n<p><span style=\"color: #333333;\"><span style=\"font-family: helvetica;\"><strong><br \/>\n<\/strong><\/span><\/span><strong>1968:<\/strong><span style=\"color: #333333;\"><span style=\"font-family: helvetica;\"><br \/>\n<\/span><\/span><\/p>\n<div style=\"text-align: center;\"><\/div>\n<p><a href=\"http:\/\/www.feuerwehr-aigen.at\/wp-content\/uploads\/2009\/04\/wirueberuns_Chronik_eisstoss1968.jpg\"><img loading=\"lazy\" decoding=\"async\" class=\"alignleft wp-image-172 size-medium\" src=\"http:\/\/www.feuerwehr-aigen.at\/wp-content\/uploads\/2009\/04\/wirueberuns_Chronik_eisstoss1968-300x192.jpg\" alt=\"Eissto\u00df 1968\" width=\"300\" height=\"192\" srcset=\"https:\/\/www.feuerwehr-aigen.at\/wp-content\/uploads\/2009\/04\/wirueberuns_Chronik_eisstoss1968-300x192.jpg 300w, https:\/\/www.feuerwehr-aigen.at\/wp-content\/uploads\/2009\/04\/wirueberuns_Chronik_eisstoss1968-768x492.jpg 768w, https:\/\/www.feuerwehr-aigen.at\/wp-content\/uploads\/2009\/04\/wirueberuns_Chronik_eisstoss1968.jpg 800w\" sizes=\"auto, (max-width: 300px) 100vw, 300px\" \/><\/a>Die Neuwahl ergab fast keine \u00c4nderungen.<br \/>\nBgm. <em>Franz Pehab<\/em> und Schriftf\u00fchrer <em>Robert Mengg<\/em> erhielten das LVZ III. Stufe.<br \/>\nAnschaffung von Arbeitsuniformen und diversen Ausr\u00fcstungsgegenst\u00e4nden.<br \/>\nGewaltiger Eissto\u00df zwischen Aigen und Ketten. Pioniere des Fliegerhorstes Fiala Fernbrugg im gemeinsamen Einsatz mit der FF Aigen.<br \/>\nWeitere Eins\u00e4tze: Br\u00e4nde in Ritzmannsdorf und Donnersbach, eine Fahrzeugbergung.<\/p>\n<p>&nbsp;<\/p>\n<p>&nbsp;<\/p>\n<p>&nbsp;<\/p>\n<p><span style=\"color: #333333;\"><span style=\"font-family: helvetica;\"><br \/>\n<\/span><\/span><strong>1969:<\/strong><br \/>\nAnkauf von 14 St\u00fcck 12 kg Feuerl\u00f6cher.<br \/>\nH\u00fcttenbrand auf der Predl Alm, Brand eines Sommerh\u00e4uschens in Aigen.<\/p>\n<p><strong>1970:<\/strong><br \/>\nBrand im Puttererschlo\u00df, Auspumpen der Garage und des Heizraumes in Lantschern, Seilwindeneinsatz bei Bergung.<br \/>\n<span style=\"color: #333333;\"><span style=\"font-family: helvetica;\"><br \/>\n<\/span><\/span><strong>1971:<\/strong><br \/>\nGro\u00dfbrand in Hohenberg bei Prieler \u2013\u00a0<a href=\"http:\/\/www.feuerwehr-aigen.at\/wp-content\/uploads\/2009\/04\/wirueberuns_Chronik_brand_gruber.jpg\"><img loading=\"lazy\" decoding=\"async\" class=\"alignright wp-image-173 size-medium\" src=\"http:\/\/www.feuerwehr-aigen.at\/wp-content\/uploads\/2009\/04\/wirueberuns_Chronik_brand_gruber-300x197.jpg\" alt=\"wirueberuns_Chronik_brand_gruber\" width=\"300\" height=\"197\" srcset=\"https:\/\/www.feuerwehr-aigen.at\/wp-content\/uploads\/2009\/04\/wirueberuns_Chronik_brand_gruber-300x197.jpg 300w, https:\/\/www.feuerwehr-aigen.at\/wp-content\/uploads\/2009\/04\/wirueberuns_Chronik_brand_gruber-768x505.jpg 768w, https:\/\/www.feuerwehr-aigen.at\/wp-content\/uploads\/2009\/04\/wirueberuns_Chronik_brand_gruber.jpg 800w\" sizes=\"auto, (max-width: 300px) 100vw, 300px\" \/><\/a><br \/>\n5 Feuerwehren im Einsatz \u2013 geretteter Wert:<br \/>\nca. 2 Millionen Schilling.<br \/>\nBrand in der Grastrockenanlage in Aigen,<br \/>\n2 Autobergungen mit Seilwindeneinsatz. Installierung einer Sirene in Tachenberg.<br \/>\nAnkauf einer Tragkraftspritze VW 75<br \/>\nund Rauchmasken.<br \/>\nFertigstellung des L\u00f6schwasserbeh\u00e4lters in Sallaberg\/Kulm.<\/p>\n<p><strong>1972:<\/strong><br \/>\nBez. Fw. Kdt. <em>Hermann Kerschbaumer <\/em>verstarb \u2013 sein Nachfolger <em>Herbert Wieser<\/em>.<br \/>\nWaldbrand in Stainach, 3 Fahrzeugbergungen.<br \/>\nSchriftf\u00fchrer <em>Robert Mengg<\/em> erhielt Bundes Verdienstzeichen III. Stufe.<br \/>\n<span style=\"color: #333333;\"><span style=\"font-family: helvetica;\"><br \/>\n<\/span><\/span><strong>1973:<\/strong><br \/>\nWiesenbrand Kulm-Hohenberg, Brand in der Grastrockenanlage durch Hitzestau.<br \/>\nDem Kameraden HBM <em>Johann Neunteufel<\/em> wurde das LVZ III. Stufe verliehen.<\/p>\n<p><strong>1974:<\/strong><br \/>\nZwischendeckenbrand in Hohenberg, Brand am M\u00fcllplatz in der Gulling.<\/p>\n<p><strong>1975:<\/strong><br \/>\nHochwassereinsatz \u2013 Absichern der Br\u00fccke in Ketten \u2013 starke Verklausung.<br \/>\nEs verstarb Leitmann <em>Hermann Mayerhofer<\/em>.<br \/>\nEs wurde ein VW-Bus angeschafft.<br \/>\n<em>Franz Seebacher<\/em> und <em>Josef Steiner<\/em> erhielten das LVZ III. Stufe.<\/p>\n<p><strong>1976:<\/strong><br \/>\nHochwassereinsatz in Neulantschern, 3 Wiesenbr\u00e4nde, Waldbrand im Reittal\/Liezen,<br \/>\n2x M\u00fcllplatzbrand, 1 Traktorbergung, schwere Sturmsch\u00e4den \u2013 Aufstellen der umgest\u00fcrzten Badekabinen in der Badeanstalt am Putterersee mittels Seilwinde.<\/p>\n<p><strong>1977:<\/strong><br \/>\nKanal-Ausspritzen in Ketten, M\u00fcllplatzbrand.<br \/>\nKommandant Stellvertreter <em>Josef Schrempf<\/em> und OFM <em>Johann Mandlberger<\/em> erhielten das LVZ III. Stufe.<br \/>\n21. M\u00e4rz &#8211; \u00dcbernahme des Waldbrandst\u00fctzpunktes auf Grund zur N\u00e4he des Milit\u00e4rflugplatzes Fiala Fernbrugg.<br \/>\n<span style=\"color: #333333;\"><span style=\"font-family: helvetica;\"><br \/>\n<\/span><\/span><strong>1978:<\/strong><br \/>\n3x Brand am M\u00fcllplatz, Brand bei Bau Pilz in Ketten.<br \/>\nHBI <em>Josef Strobl<\/em> legt sein Amt nach 45 j\u00e4hriger T\u00e4tigkeit im Feuerwehrwesen zur\u00fcck. Zu seinem Nachfolger wurde einstimmig <em>Josef Schrempf <\/em>und zu dessen Stellvertreter OBI <em>Peter Strobl<\/em> gew\u00e4hlt.<br \/>\nKamerad <em>Josef Strobl<\/em> wurde einstimmig zum EHBI ernannt.<br \/>\nAnkauf eines KFZ Transportanh\u00e4ngers.<\/p>\n<p><strong>1979:<\/strong><br \/>\n3x Hochwassereinsatz in Ketten, Wiesenbrand in Hohenberg, Entfernung entwurzelter B\u00e4ume durch Sturm in Tachenberg, Heustadelbrand in W\u00f6rschach, Suchaktion auf der Reiteralm, Freimachung der Mitteregger Stra\u00dfe von Stein. Und Erdmassen nach einem Wolkenbruch,<br \/>\n2 Traktorbergungen, 1 \u00d6leinsatz.<br \/>\nAnschaffung von Funkger\u00e4ten.<br \/>\n<em>Robert Mengg<\/em> erhielt das VZ II. Stufe.<\/p>\n<p><strong>1980:<\/strong><br \/>\nGro\u00dfbrand im Nebengeb\u00e4ude der Gutspension Dornbusch in Aigen (Garage, Stall, Wohnung) \u2013 Gesamtschaden \u00fcberschreitet die Millionengrenze (Schilling).<\/p>\n<p><strong>1981:<\/strong><br \/>\n5 Waldbr\u00e4nde, 6x Hochwasser, 1 Suchaktion, Auspumpen von Kan\u00e4len.<br \/>\nDie Kameraden <em>Franz Th\u00f6ringer<\/em> und <em>Stefan Gr\u00fcnwald<\/em> erhielten das LVZ III. Stufe.<br \/>\nDie Neuwahl ergab keine \u00c4nderungen.<br \/>\n<span style=\"color: #333333;\"><span style=\"font-family: helvetica;\"><br \/>\n<\/span><\/span><strong>1982:<\/strong><br \/>\nAusr\u00fcckungen zu 3 Waldbr\u00e4nden, Felsabr\u00e4umung an der Kalkofenwand mit 3 Seilwinden.<br \/>\nEs wurde ein KLF-A Chevrolet bei Lohr angekauft \u2013 Preis S 655.476,00.<br \/>\nDurch Spenden und Beihilfen konnte ein Betrag von S 458.665,00 aufgebracht werden.<br \/>\nFolgende Kameraden erhielten das LVZ III. Stufe: OBI <em>Peter Strobl<\/em>, HFM <em>Josef Fritz sen.<\/em>, HFM <em>Stefan L\u00e4mmerer<\/em>.<\/p>\n<p><a href=\"http:\/\/www.feuerwehr-aigen.at\/wp-content\/uploads\/2009\/04\/wirueberuns_Chronik_chevi.jpg\"><img loading=\"lazy\" decoding=\"async\" class=\"aligncenter wp-image-175 size-medium\" src=\"http:\/\/www.feuerwehr-aigen.at\/wp-content\/uploads\/2009\/04\/wirueberuns_Chronik_chevi-300x202.jpg\" alt=\"wirueberuns_Chronik_chevi\" width=\"300\" height=\"202\" srcset=\"https:\/\/www.feuerwehr-aigen.at\/wp-content\/uploads\/2009\/04\/wirueberuns_Chronik_chevi-300x202.jpg 300w, https:\/\/www.feuerwehr-aigen.at\/wp-content\/uploads\/2009\/04\/wirueberuns_Chronik_chevi-768x516.jpg 768w, https:\/\/www.feuerwehr-aigen.at\/wp-content\/uploads\/2009\/04\/wirueberuns_Chronik_chevi.jpg 800w\" sizes=\"auto, (max-width: 300px) 100vw, 300px\" \/><\/a><\/p>\n<div style=\"text-align: center;\"><\/div>\n<p><span style=\"color: #333333;\"><span style=\"font-family: helvetica;\"><br \/>\n<\/span><\/span><strong>1983:<\/strong><br \/>\nWegen Erreichen der Altersgrenze musste Verwalter <em>Robert Mengg<\/em> seine \u00c4mter als Schriftf\u00fchrer und Kassier lt. Feuerwehrgesetz zur\u00fccklegen.<br \/>\nZum Nachfolger wurde HFM <em>Herbert Mandlberger<\/em> gew\u00e4hlt.<br \/>\nKamerad HFM <em>Stefan L\u00e4mmerer<\/em> wurde zu Grabe getragen.<br \/>\nEins\u00e4tze: 3 Waldbr\u00e4nde (Mitterndorf, 2x Wildalpen) und ein \u00d6leinsatz.<br \/>\n<em>Walter Stocker<\/em> erhielt das LVZ III. Stufe.<br \/>\n<span style=\"color: #333333;\"><span style=\"font-family: helvetica;\"><br \/>\n<\/span><\/span><strong>1984:<\/strong><br \/>\nEs verstarben die Kameraden HBM <em>Johann Neunteufel<\/em> und HFM <em>Otmar Dam<\/em>.<br \/>\nDas LVZ erhielten folgende Kameraden:<br \/>\nII. Stufe: BM <em>August Waldmann<\/em><br \/>\nIII. Stufe: HFM <em>Josef Reiter<\/em>, HFM <em>Franz K\u00f6berl<\/em>, HFM <em>Ernst Hummerlechner<\/em> und HFM <em>Karl Fuchs<\/em>.<br \/>\nDa die FF Aigen ein St\u00fctzpunkt der Waldbrandbek\u00e4mpfung ist, entstand durch den Mehraufwand an Brandbek\u00e4mpfungsmaterial ein akuter Platzmangel im R\u00fcsthaus. Aus diesem Grund wurde das R\u00fcsthaus um eine Garage erweitert. Der Kostenaufwand: ca. S 153.066,00 \u2013 trotz freiwilliger Arbeits- und Traktorstunden. Der Trachtenverein erbaute \u00fcber der Garage ein Vereinslokal.<br \/>\nAusr\u00fcckungen zu 2 Hochwassereins\u00e4tze, einem Wiesenbrand und zur Entfernung eines Riesenwespennestes.<br \/>\n7-Tage-Einsatz \u2013 Kalkofenwand musste von Lockergestein befreit werden, da eine Stra\u00dfe vorbeif\u00fchrt.<br \/>\nBeim Funkbewerb konnten die Pl\u00e4tze 2, 3 und 11 errungen werden.<br \/>\n<span style=\"color: #333333;\"><span style=\"font-family: helvetica;\"><br \/>\n<\/span><\/span><strong>1985:<\/strong><span style=\"color: #333333;\"><span style=\"font-family: helvetica;\"><br \/>\n<\/span><\/span><span style=\"color: #333333;\"><span style=\"font-family: helvetica;\"><a href=\"http:\/\/www.feuerwehr-aigen.at\/wp-content\/uploads\/2009\/04\/wirueberuns_Chronik_waldbrand1985.jpg\"><img loading=\"lazy\" decoding=\"async\" class=\"alignleft wp-image-177 size-medium\" src=\"http:\/\/www.feuerwehr-aigen.at\/wp-content\/uploads\/2009\/04\/wirueberuns_Chronik_waldbrand1985-218x300.jpg\" alt=\"wirueberuns_Chronik_waldbrand1985\" width=\"218\" height=\"300\" srcset=\"https:\/\/www.feuerwehr-aigen.at\/wp-content\/uploads\/2009\/04\/wirueberuns_Chronik_waldbrand1985-218x300.jpg 218w, https:\/\/www.feuerwehr-aigen.at\/wp-content\/uploads\/2009\/04\/wirueberuns_Chronik_waldbrand1985-768x1059.jpg 768w, https:\/\/www.feuerwehr-aigen.at\/wp-content\/uploads\/2009\/04\/wirueberuns_Chronik_waldbrand1985-743x1024.jpg 743w, https:\/\/www.feuerwehr-aigen.at\/wp-content\/uploads\/2009\/04\/wirueberuns_Chronik_waldbrand1985.jpg 800w\" sizes=\"auto, (max-width: 218px) 100vw, 218px\" \/><\/a><\/span><\/span>Einsatz mit Hubschrauber der HS-Staffel des Fliegerhorstes Fiala Fernbrugg\/Aigen zum Wassertransport mit Containern zur Pistenvereisung in Tauplitz f\u00fcr die Ski Meisterschaften des Bundesheeres und der Bundesgenarmarie.<br \/>\nDr. <em>Othmar Moser<\/em> (Aigen) wurde zum Abschnittsarzt des Abschnittes Irdning ernannt.<br \/>\n2 Hochwassereins\u00e4tze \u2013 Auspumpen von Kellern undAuspumpen des Kanals.<br \/>\n2 Brandeins\u00e4tze: Kamin- und Zwischendeckenbrand bei vlg. Brentlbauer in Ritzmannsdorf.<br \/>\nGro\u00dfeinsatz in Klein-St\u00fcbing \u2013 Waldbrand am Pfaffenkogel \u2013 Bedrohung der alten H\u00e4user im Freilichtmuseum St\u00fcbing \u2013 11 Feuerwehren mit rund 3 Dutzend Fahrzeugen und \u00fcber 200 Mann waren im Einsatz. Mit Hubschraubern des Innenministerium und der HS-Staffel Aigen musste das L\u00f6schwasser in Spezialcontainer transportiert werden.<br \/>\nTotenbergung: Paddelbootfahrer in der hochwasserf\u00fchrenden Gulling gekentert und ertrunken.<\/p>\n<p><span style=\"color: #333333;\"><span style=\"font-family: helvetica;\"><br \/>\n<\/span><\/span><\/p>\n<p>&nbsp;<\/p>\n<p>&nbsp;<\/p>\n<p><strong>1986:<\/strong><br \/>\n85. Bzw. 99. Jahreshauptversammlung \u2013 Die Neuwahl ergab keine \u00c4nderung.<br \/>\nKamerad <em>Peter Segl<\/em> erhielt das LVZ II. Stufe.<br \/>\nZu Grabe getragen wurden HFM <em>Josef Ebner<\/em> und HFM <em>Josef Steiner<\/em> \u2013 Kulmervater.<br \/>\nHochwassereinsatz in Ketten.<br \/>\nEinsatz in Kapfenberg \u2013 D\u00e4cher von gewaltigen Schneemassen befreit.<br \/>\n5 Waldbrandeins\u00e4tze \u2013 Brandanschlag Oppenberg, 2x W\u00f6rschach, M\u00f6\u00dfna-Berneck, Mattkogel-Bad Aussee.<\/p>\n<div align=\"center\"><\/div>\n","protected":false},"excerpt":{"rendered":"<p>1966: 24 Kameraden erhielten die Hochwassermedaille in Bronze. Eins\u00e4tze: 5 Fahrzeugbergungen, Brand im W\u00f6rschacher Moos, 2x Hochwasser. Beginn des geplanten Bauprojektes: Feuerwehr \u2013 Musikheim 1967: Eins\u00e4tze: Br\u00e4nde in Altirdning, Aigen, Schlattham und Bleiberg. 3x Hochwasser, 3 sonstige Hilfeleistungen \u2013 104 Mann \u2013 1007 Stunden. 19. August: Einweihung des Feuerwehrdepotes und Musikheimes \u2013 geschaffen durch Gemeinschaftsarbeit. [&hellip;]<\/p>\n","protected":false},"author":1,"featured_media":0,"parent":28,"menu_order":9,"comment_status":"closed","ping_status":"closed","template":"","meta":{"footnotes":""},"class_list":["post-179","page","type-page","status-publish","hentry"],"jetpack_sharing_enabled":true,"_links":{"self":[{"href":"https:\/\/www.feuerwehr-aigen.at\/index.php?rest_route=\/wp\/v2\/pages\/179","targetHints":{"allow":["GET"]}}],"collection":[{"href":"https:\/\/www.feuerwehr-aigen.at\/index.php?rest_route=\/wp\/v2\/pages"}],"about":[{"href":"https:\/\/www.feuerwehr-aigen.at\/index.php?rest_route=\/wp\/v2\/types\/page"}],"author":[{"embeddable":true,"href":"https:\/\/www.feuerwehr-aigen.at\/index.php?rest_route=\/wp\/v2\/users\/1"}],"replies":[{"embeddable":true,"href":"https:\/\/www.feuerwehr-aigen.at\/index.php?rest_route=%2Fwp%2Fv2%2Fcomments&post=179"}],"version-history":[{"count":4,"href":"https:\/\/www.feuerwehr-aigen.at\/index.php?rest_route=\/wp\/v2\/pages\/179\/revisions"}],"predecessor-version":[{"id":2039,"href":"https:\/\/www.feuerwehr-aigen.at\/index.php?rest_route=\/wp\/v2\/pages\/179\/revisions\/2039"}],"up":[{"embeddable":true,"href":"https:\/\/www.feuerwehr-aigen.at\/index.php?rest_route=\/wp\/v2\/pages\/28"}],"wp:attachment":[{"href":"https:\/\/www.feuerwehr-aigen.at\/index.php?rest_route=%2Fwp%2Fv2%2Fmedia&parent=179"}],"curies":[{"name":"wp","href":"https:\/\/api.w.org\/{rel}","templated":true}]}}